INSERT INTO `form_template_versions` (`id`, `form_template_id`, `version`, `schema_json`, `created_by`, `created_at`) VALUES
(58, 1, 56, '{\"components\":[{\"label\":\"Columns\",\"columns\":[{\"components\":[{\"html\":\"<figure class=\\\"image image-style-align-left image_resized\\\" style=\\\"width:28.29%;\\\"><img src=\\\"data:image/jpeg;base64,[encoded data, 72004 characters]\\\"></figure>\",\"label\":\"Logo\",\"refreshOnChange\":false,\"key\":\"logo_block\",\"type\":\"content\",\"input\":false,\"tableView\":false}],\"width\":6,\"offset\":0,\"push\":0,\"pull\":0,\"size\":\"md\",\"currentWidth\":6},{\"components\":[{\"html\":\"<h4 style=\\\"text-align:center;\\\"><span class=\\\"text-huge\\\"><strong>GÖREV VE ÜCRET DEĞİŞİKLİK TALEP FORMU</strong></span></h4>\",\"label\":\"Label\",\"refreshOnChange\":true,\"key\":\"label_block2\",\"type\":\"content\",\"input\":false,\"tableView\":false}],\"width\":50,\"offset\":0,\"push\":0,\"pull\":0,\"size\":\"md\",\"currentWidth\":50}],\"key\":\"columns\",\"type\":\"columns\",\"input\":false,\"tableView\":false},{\"html\":\"<p style=\\\"text-align:center;\\\"><span class=\\\"text-big\\\"><strong>PERSONELİN</strong></span></p>\",\"label\":\"Label\",\"refreshOnChange\":false,\"key\":\"label_block\",\"type\":\"content\",\"input\":false,\"tableView\":false},{\"label\":\"Adı Soyadı\",\"labelPosition\":\"left-left\",\"widget\":\"choicesjs\",\"placeholder\":\"Personel Seçiniz\",\"tableView\":false,\"dataSrc\":\"url\",\"data\":{\"url\":\"http://192.168.1.200/admin/assignments/employees\",\"headers\":[{\"key\":\"\",\"value\":\"\"}]},\"valueProperty\":\"id\",\"template\":\"{{ item.name }} ({{ item.dept_name || \\\"-\\\" }})\",\"validate\":{\"required\":true},\"validateWhenHidden\":false,\"key\":\"employee_id\",\"type\":\"select\",\"labelWidth\":10,\"labelMargin\":1,\"selectValues\":\"data\",\"disableLimit\":false,\"noRefreshOnScroll\":false,\"input\":true},{\"html\":\"<p style=\\\"text-align:center;\\\"><span class=\\\"text-big\\\"><strong>GÖREV ve ÜCRET BİLGİLERİ</strong></span></p>\",\"label\":\"Label\",\"refreshOnChange\":true,\"key\":\"label_block1\",\"type\":\"content\",\"input\":false,\"tableView\":false},{\"label\":\"Table\",\"cellAlignment\":\"left\",\"striped\":true,\"bordered\":true,\"condensed\":true,\"key\":\"table\",\"conditional\":{\"show\":true},\"cellSizes\":[{\"row\":1,\"col\":2,\"width\":300,\"height\":60},{\"row\":2,\"col\":1,\"width\":300,\"height\":60},{\"row\":2,\"col\":2,\"width\":300,\"height\":60},{\"row\":3,\"col\":1,\"width\":300,\"height\":60},{\"row\":3,\"col\":2,\"width\":300,\"height\":60},{\"row\":1,\"col\":1,\"width\":300,\"height\":60}],\"type\":\"table\",\"numCols\":2,\"input\":false,\"tableView\":false,\"rows\":[[{\"components\":[{\"label\":\"Önceki Birimi\",\"labelPosition\":\"left-left\",\"widget\":\"choicesjs\",\"customClass\":\".rc-wide {   width: 600px !important; }\",\"tableView\":true,\"dataSrc\":\"url\",\"data\":{\"url\":\"http://192.168.1.200/admin/assignments/responsibility-centers\",\"headers\":[[]]},\"valueProperty\":\"value\",\"template\":\"{{ item.label }}\",\"validate\":{\"required\":true},\"validateWhenHidden\":false,\"key\":\"responsibility_center_id\",\"type\":\"select\",\"labelWidth\":14,\"labelMargin\":1,\"lazyLoad\":false,\"selectValues\":\"data\",\"disableLimit\":false,\"noRefreshOnScroll\":false,\"input\":true}]},{\"components\":[{\"label\":\"Yeni Birimi\",\"labelPosition\":\"left-left\",\"widget\":\"choicesjs\",\"tableView\":true,\"dataSrc\":\"url\",\"data\":{\"url\":\"http://192.168.1.200/admin/assignments/responsibility-centers\",\"headers\":[[]]},\"valueProperty\":\"value\",\"template\":\"{{ item.label }}\",\"validate\":{\"required\":true},\"validateWhenHidden\":false,\"key\":\"responsibility_center_id1\",\"type\":\"select\",\"selectValues\":\"data\",\"disableLimit\":false,\"noRefreshOnScroll\":false,\"input\":true,\"labelWidth\":14,\"labelMargin\":1}]}],[{\"components\":[{\"label\":\"Önceki Ünvanı\",\"labelPosition\":\"left-left\",\"widget\":\"choicesjs\",\"tableView\":true,\"dataSrc\":\"url\",\"data\":{\"url\":\"http://192.168.1.200/admin/assignments/employee-titles\",\"headers\":[[]]},\"valueProperty\":\"value\",\"template\":\"{{ item.label }}\",\"validate\":{\"required\":true},\"validateWhenHidden\":false,\"key\":\"title_name\",\"type\":\"select\",\"selectValues\":\"data\",\"disableLimit\":false,\"noRefreshOnScroll\":false,\"input\":true,\"labelWidth\":14,\"labelMargin\":1}]},{\"components\":[{\"label\":\"Yeni Ünvanı\",\"labelPosition\":\"left-left\",\"widget\":\"choicesjs\",\"tableView\":true,\"dataSrc\":\"url\",\"data\":{\"url\":\"http://192.168.1.200/admin/assignments/employee-titles\",\"headers\":[[]]},\"valueProperty\":\"value\",\"template\":\"{{ item.label }}\",\"validate\":{\"required\":true},\"validateWhenHidden\":false,\"key\":\"title_name1\",\"type\":\"select\",\"selectValues\":\"data\",\"disableLimit\":false,\"noRefreshOnScroll\":false,\"input\":true,\"labelWidth\":10,\"labelMargin\":1}]}],[{\"components\":[{\"label\":\"Önceki Ücret\",\"labelPosition\":\"left-left\",\"suffix\":\"TL\",\"applyMaskOn\":\"change\",\"mask\":false,\"tableView\":false,\"delimiter\":false,\"requireDecimal\":false,\"inputFormat\":\"plain\",\"truncateMultipleSpaces\":false,\"validate\":{\"required\":true},\"validateWhenHidden\":false,\"key\":\"oncekiUcret\",\"type\":\"number\",\"input\":true,\"labelWidth\":14,\"labelMargin\":1}]},{\"components\":[{\"label\":\"Yeni Ücreti(Net)\",\"labelPosition\":\"left-left\",\"suffix\":\"TL\",\"displayMask\":\"Yeni Ücret Yazınız.\",\"applyMaskOn\":\"change\",\"mask\":false,\"tableView\":false,\"delimiter\":false,\"requireDecimal\":false,\"inputFormat\":\"plain\",\"truncateMultipleSpaces\":false,\"validate\":{\"required\":true},\"validateWhenHidden\":false,\"key\":\"number1\",\"type\":\"number\",\"input\":true,\"labelWidth\":14,\"labelMargin\":1}]}]]},{\"label\":\"Columns\",\"columns\":[{\"components\":[{\"label\":\"Birim Değişiklik Nedeni\",\"labelPosition\":\"left-left\",\"applyMaskOn\":\"change\",\"tableView\":true,\"validate\":{\"required\":true},\"validateWhenHidden\":false,\"key\":\"birimDegisiklikNedeni\",\"type\":\"textfield\",\"labelWidth\":20,\"labelMargin\":1,\"input\":true}],\"width\":50,\"offset\":0,\"push\":0,\"pull\":0,\"size\":\"md\",\"currentWidth\":50},{\"components\":[{\"label\":\"Ünvan Değişiklik Nedeni\",\"labelPosition\":\"left-left\",\"applyMaskOn\":\"change\",\"tableView\":true,\"validate\":{\"required\":true},\"validateWhenHidden\":false,\"key\":\"unvanDegisiklikNedeni\",\"type\":\"textfield\",\"labelWidth\":20,\"labelMargin\":1,\"input\":true}],\"width\":50,\"offset\":0,\"push\":0,\"pull\":0,\"size\":\"md\",\"currentWidth\":50},{\"components\":[{\"label\":\"Ücret Değişiklik Nedeni\",\"labelPosition\":\"left-left\",\"applyMaskOn\":\"change\",\"tableView\":true,\"validate\":{\"required\":true},\"validateWhenHidden\":false,\"key\":\"ucretDegisiklikNedeni\",\"type\":\"textfield\",\"labelWidth\":19,\"labelMargin\":1,\"input\":true}],\"size\":\"md\",\"width\":50,\"currentWidth\":50},{\"components\":[{\"label\":\"Geçerlilik Tarihi\",\"labelPosition\":\"left-left\",\"format\":\"dd-MM-yyyy hh:mm a\",\"tableView\":false,\"datePicker\":{\"disableWeekends\":false,\"disableWeekdays\":false},\"validate\":{\"required\":true},\"enableMinDateInput\":false,\"enableMaxDateInput\":false,\"validateWhenHidden\":false,\"key\":\"gecerlilikTarihi\",\"type\":\"datetime\",\"labelWidth\":20,\"labelMargin\":1,\"input\":true,\"widget\":{\"type\":\"calendar\",\"displayInTimezone\":\"viewer\",\"locale\":\"en\",\"useLocaleSettings\":false,\"allowInput\":true,\"mode\":\"single\",\"enableTime\":true,\"noCalendar\":false,\"format\":\"dd-MM-yyyy hh:mm a\",\"hourIncrement\":1,\"minuteIncrement\":1,\"time_24hr\":false,\"minDate\":null,\"disableWeekends\":false,\"disableWeekdays\":false,\"maxDate\":null}}],\"size\":\"md\",\"width\":50,\"currentWidth\":50}],\"key\":\"columns1\",\"type\":\"columns\",\"input\":false,\"tableView\":false}]}', 464, '2026-02-11 15:17:33');
INSERT INTO `form_template_versions` (`id`, `form_template_id`, `version`, `schema_json`, `created_by`, `created_at`) VALUES
(59, 1, 57, '{\"components\":[{\"label\":\"Columns\",\"columns\":[{\"components\":[{\"html\":\"<figure class=\\\"image image-style-align-left image_resized\\\" style=\\\"width:28.29%;\\\"><img src=\\\"data:image/jpeg;base64,[encoded data, 72004 characters]\\\"></figure>\",\"label\":\"Logo\",\"refreshOnChange\":false,\"key\":\"logo_block\",\"type\":\"content\",\"input\":false,\"tableView\":false}],\"width\":6,\"offset\":0,\"push\":0,\"pull\":0,\"size\":\"md\",\"currentWidth\":6},{\"components\":[{\"html\":\"<h4 style=\\\"text-align:center;\\\"><span class=\\\"text-huge\\\"><strong>GÖREV VE ÜCRET DEĞİŞİKLİK TALEP FORMU</strong></span></h4>\",\"label\":\"Label\",\"refreshOnChange\":true,\"key\":\"label_block2\",\"type\":\"content\",\"input\":false,\"tableView\":false}],\"width\":50,\"offset\":0,\"push\":0,\"pull\":0,\"size\":\"md\",\"currentWidth\":50}],\"key\":\"columns\",\"type\":\"columns\",\"input\":false,\"tableView\":false},{\"html\":\"<p style=\\\"text-align:center;\\\"><span class=\\\"text-big\\\"><strong>PERSONELİN</strong></span></p>\",\"label\":\"Label\",\"refreshOnChange\":false,\"key\":\"label_block\",\"type\":\"content\",\"input\":false,\"tableView\":false},{\"label\":\"Adı Soyadı\",\"labelPosition\":\"left-left\",\"widget\":\"choicesjs\",\"placeholder\":\"Personel Seçiniz\",\"tableView\":false,\"dataSrc\":\"url\",\"data\":{\"url\":\"http://192.168.1.200/admin/assignments/employees\",\"headers\":[{\"key\":\"\",\"value\":\"\"}]},\"valueProperty\":\"id\",\"template\":\"{{ item.name }} ({{ item.dept_name || \\\"-\\\" }})\",\"validate\":{\"required\":true},\"validateWhenHidden\":false,\"key\":\"employee_id\",\"type\":\"select\",\"labelWidth\":10,\"labelMargin\":1,\"selectValues\":\"data\",\"disableLimit\":false,\"noRefreshOnScroll\":false,\"input\":true},{\"html\":\"<p style=\\\"text-align:center;\\\"><span class=\\\"text-big\\\"><strong>GÖREV ve ÜCRET BİLGİLERİ</strong></span></p>\",\"label\":\"Label\",\"refreshOnChange\":true,\"key\":\"label_block1\",\"type\":\"content\",\"input\":false,\"tableView\":false},{\"label\":\"Table\",\"cellAlignment\":\"left\",\"striped\":true,\"bordered\":true,\"condensed\":true,\"key\":\"table\",\"conditional\":{\"show\":true},\"cellSizes\":[{\"row\":1,\"col\":2,\"width\":300,\"height\":60},{\"row\":2,\"col\":1,\"width\":300,\"height\":60},{\"row\":2,\"col\":2,\"width\":300,\"height\":60},{\"row\":3,\"col\":1,\"width\":300,\"height\":60},{\"row\":3,\"col\":2,\"width\":300,\"height\":60},{\"row\":1,\"col\":1,\"width\":300,\"height\":60}],\"type\":\"table\",\"numCols\":2,\"input\":false,\"tableView\":false,\"rows\":[[{\"components\":[{\"label\":\"Önceki Birimi\",\"labelPosition\":\"left-left\",\"widget\":\"choicesjs\",\"customClass\":\".rc-wide {   width: 600px !important; }\",\"tableView\":true,\"dataSrc\":\"url\",\"data\":{\"url\":\"http://192.168.1.200/admin/assignments/responsibility-centers\",\"headers\":[[]]},\"valueProperty\":\"value\",\"template\":\"{{ item.label }}\",\"validate\":{\"required\":true},\"validateWhenHidden\":false,\"key\":\"responsibility_center_id\",\"type\":\"select\",\"labelWidth\":14,\"labelMargin\":1,\"lazyLoad\":false,\"selectValues\":\"data\",\"disableLimit\":false,\"noRefreshOnScroll\":false,\"input\":true}]},{\"components\":[{\"label\":\"Yeni Birimi\",\"labelPosition\":\"left-left\",\"widget\":\"choicesjs\",\"tableView\":true,\"dataSrc\":\"url\",\"data\":{\"url\":\"http://192.168.1.200/admin/assignments/responsibility-centers\",\"headers\":[[]]},\"valueProperty\":\"value\",\"template\":\"{{ item.label }}\",\"validate\":{\"required\":true},\"validateWhenHidden\":false,\"key\":\"responsibility_center_id1\",\"type\":\"select\",\"selectValues\":\"data\",\"disableLimit\":false,\"noRefreshOnScroll\":false,\"input\":true,\"labelWidth\":14,\"labelMargin\":1}]}],[{\"components\":[{\"label\":\"Önceki Ünvanı\",\"labelPosition\":\"left-left\",\"widget\":\"choicesjs\",\"tableView\":true,\"dataSrc\":\"url\",\"data\":{\"url\":\"http://192.168.1.200/admin/assignments/employee-titles\",\"headers\":[[]]},\"valueProperty\":\"value\",\"template\":\"{{ item.label }}\",\"validate\":{\"required\":true},\"validateWhenHidden\":false,\"key\":\"title_name\",\"type\":\"select\",\"selectValues\":\"data\",\"disableLimit\":false,\"noRefreshOnScroll\":false,\"input\":true,\"labelWidth\":14,\"labelMargin\":1}]},{\"components\":[{\"label\":\"Yeni Ünvanı\",\"labelPosition\":\"left-left\",\"widget\":\"choicesjs\",\"tableView\":true,\"dataSrc\":\"url\",\"data\":{\"url\":\"http://192.168.1.200/admin/assignments/employee-titles\",\"headers\":[[]]},\"valueProperty\":\"value\",\"template\":\"{{ item.label }}\",\"validate\":{\"required\":true},\"validateWhenHidden\":false,\"key\":\"title_name1\",\"type\":\"select\",\"selectValues\":\"data\",\"disableLimit\":false,\"noRefreshOnScroll\":false,\"input\":true,\"labelWidth\":10,\"labelMargin\":1}]}],[{\"components\":[{\"label\":\"Önceki Ücret\",\"labelPosition\":\"left-left\",\"suffix\":\"TL\",\"applyMaskOn\":\"change\",\"mask\":false,\"tableView\":false,\"delimiter\":false,\"requireDecimal\":false,\"inputFormat\":\"plain\",\"truncateMultipleSpaces\":false,\"validate\":{\"required\":true},\"validateWhenHidden\":false,\"key\":\"oncekiUcret\",\"type\":\"number\",\"input\":true,\"labelWidth\":14,\"labelMargin\":1}]},{\"components\":[{\"label\":\"Yeni Ücreti(Net)\",\"labelPosition\":\"left-left\",\"suffix\":\"TL\",\"displayMask\":\"Yeni Ücret Yazınız.\",\"applyMaskOn\":\"change\",\"mask\":false,\"tableView\":false,\"delimiter\":false,\"requireDecimal\":false,\"inputFormat\":\"plain\",\"truncateMultipleSpaces\":false,\"validate\":{\"required\":true},\"validateWhenHidden\":false,\"key\":\"number1\",\"type\":\"number\",\"input\":true,\"labelWidth\":14,\"labelMargin\":1}]}]]},{\"label\":\"Columns\",\"columns\":[{\"components\":[{\"label\":\"Birim Değişiklik Nedeni\",\"labelPosition\":\"left-left\",\"applyMaskOn\":\"change\",\"tableView\":true,\"validate\":{\"required\":true},\"validateWhenHidden\":false,\"key\":\"birimDegisiklikNedeni\",\"type\":\"textfield\",\"labelWidth\":20,\"labelMargin\":1,\"input\":true}],\"width\":50,\"offset\":0,\"push\":0,\"pull\":0,\"size\":\"md\",\"currentWidth\":50},{\"components\":[{\"label\":\"Ünvan Değişiklik Nedeni\",\"labelPosition\":\"left-left\",\"applyMaskOn\":\"change\",\"tableView\":true,\"validate\":{\"required\":true},\"validateWhenHidden\":false,\"key\":\"unvanDegisiklikNedeni\",\"type\":\"textfield\",\"labelWidth\":20,\"labelMargin\":1,\"input\":true}],\"width\":50,\"offset\":0,\"push\":0,\"pull\":0,\"size\":\"md\",\"currentWidth\":50},{\"components\":[{\"label\":\"Ücret Değişiklik Nedeni\",\"labelPosition\":\"left-left\",\"applyMaskOn\":\"change\",\"tableView\":true,\"validate\":{\"required\":true},\"validateWhenHidden\":false,\"key\":\"ucretDegisiklikNedeni\",\"type\":\"textfield\",\"labelWidth\":19,\"labelMargin\":1,\"input\":true}],\"size\":\"md\",\"width\":50,\"currentWidth\":50},{\"components\":[{\"label\":\"Geçerlilik Tarihi\",\"labelPosition\":\"left-left\",\"format\":\"dd-MM-yyyy hh:mm a\",\"tableView\":false,\"datePicker\":{\"disableWeekends\":false,\"disableWeekdays\":false},\"validate\":{\"required\":true},\"enableMinDateInput\":false,\"enableMaxDateInput\":false,\"validateWhenHidden\":false,\"key\":\"gecerlilikTarihi\",\"type\":\"datetime\",\"labelWidth\":20,\"labelMargin\":1,\"input\":true,\"widget\":{\"type\":\"calendar\",\"displayInTimezone\":\"viewer\",\"locale\":\"en\",\"useLocaleSettings\":false,\"allowInput\":true,\"mode\":\"single\",\"enableTime\":true,\"noCalendar\":false,\"format\":\"dd-MM-yyyy hh:mm a\",\"hourIncrement\":1,\"minuteIncrement\":1,\"time_24hr\":false,\"minDate\":null,\"disableWeekends\":false,\"disableWeekdays\":false,\"maxDate\":null}}],\"size\":\"md\",\"width\":50,\"currentWidth\":50}],\"key\":\"columns1\",\"type\":\"columns\",\"input\":false,\"tableView\":false}]}', 464, '2026-02-12 10:22:15');
INSERT INTO `form_template_versions` (`id`, `form_template_id`, `version`, `schema_json`, `created_by`, `created_at`) VALUES
(60, 1, 58, '{\"components\":[{\"label\":\"Columns\",\"columns\":[{\"components\":[{\"html\":\"<figure class=\\\"image image-style-align-left image_resized\\\" style=\\\"width:28.29%;\\\"><img src=\\\"data:image/jpeg;base64,[encoded data, 72004 characters]\\\"></figure>\",\"label\":\"Logo\",\"refreshOnChange\":false,\"key\":\"logo_block\",\"type\":\"content\",\"input\":false,\"tableView\":false}],\"width\":6,\"offset\":0,\"push\":0,\"pull\":0,\"size\":\"md\",\"currentWidth\":6},{\"components\":[{\"html\":\"<h4 style=\\\"text-align:center;\\\"><span class=\\\"text-huge\\\"><strong>GÖREV VE ÜCRET DEĞİŞİKLİK TALEP FORMU</strong></span></h4>\",\"label\":\"Label\",\"refreshOnChange\":true,\"key\":\"label_block2\",\"type\":\"content\",\"input\":false,\"tableView\":false}],\"width\":50,\"offset\":0,\"push\":0,\"pull\":0,\"size\":\"md\",\"currentWidth\":50}],\"key\":\"columns\",\"type\":\"columns\",\"input\":false,\"tableView\":false},{\"html\":\"<p style=\\\"text-align:center;\\\"><span class=\\\"text-big\\\"><strong>PERSONELİN</strong></span></p>\",\"label\":\"Label\",\"refreshOnChange\":false,\"key\":\"label_block\",\"type\":\"content\",\"input\":false,\"tableView\":false},{\"label\":\"Adı Soyadı\",\"labelPosition\":\"left-left\",\"widget\":\"choicesjs\",\"placeholder\":\"Personel Seçiniz\",\"tableView\":false,\"dataSrc\":\"url\",\"data\":{\"url\":\"http://192.168.1.200/admin/assignments/employees\",\"headers\":[{\"key\":\"\",\"value\":\"\"}]},\"valueProperty\":\"id\",\"template\":\"{{ item.name }} ({{ item.dept_name || \\\"-\\\" }})\",\"validate\":{\"required\":true},\"validateWhenHidden\":false,\"key\":\"employee_id\",\"type\":\"select\",\"labelWidth\":10,\"labelMargin\":1,\"selectValues\":\"data\",\"disableLimit\":false,\"noRefreshOnScroll\":false,\"input\":true},{\"html\":\"<p style=\\\"text-align:center;\\\"><span class=\\\"text-big\\\"><strong>GÖREV ve ÜCRET BİLGİLERİ</strong></span></p>\",\"label\":\"Label\",\"refreshOnChange\":true,\"key\":\"label_block1\",\"type\":\"content\",\"input\":false,\"tableView\":false},{\"label\":\"Table\",\"cellAlignment\":\"left\",\"striped\":true,\"bordered\":true,\"condensed\":true,\"key\":\"table\",\"conditional\":{\"show\":true},\"cellSizes\":[{\"row\":1,\"col\":2,\"width\":300,\"height\":60},{\"row\":2,\"col\":1,\"width\":300,\"height\":60},{\"row\":2,\"col\":2,\"width\":300,\"height\":60},{\"row\":3,\"col\":1,\"width\":300,\"height\":60},{\"row\":3,\"col\":2,\"width\":300,\"height\":60},{\"row\":1,\"col\":1,\"width\":300,\"height\":60}],\"type\":\"table\",\"numCols\":2,\"input\":false,\"tableView\":false,\"rows\":[[{\"components\":[{\"label\":\"Önceki Birimi\",\"labelPosition\":\"left-left\",\"widget\":\"choicesjs\",\"customClass\":\".rc-wide {   width: 600px !important; }\",\"tableView\":true,\"dataSrc\":\"url\",\"data\":{\"url\":\"http://192.168.1.200/admin/assignments/responsibility-centers\",\"headers\":[[]]},\"valueProperty\":\"value\",\"template\":\"{{ item.label }}\",\"validate\":{\"required\":true},\"validateWhenHidden\":false,\"key\":\"responsibility_center_id\",\"type\":\"select\",\"labelWidth\":14,\"labelMargin\":1,\"lazyLoad\":false,\"selectValues\":\"data\",\"disableLimit\":false,\"noRefreshOnScroll\":false,\"input\":true}]},{\"components\":[{\"label\":\"Yeni Birimi\",\"labelPosition\":\"left-left\",\"widget\":\"choicesjs\",\"tableView\":true,\"dataSrc\":\"url\",\"data\":{\"url\":\"http://192.168.1.200/admin/assignments/responsibility-centers\",\"headers\":[[]]},\"valueProperty\":\"value\",\"template\":\"{{ item.label }}\",\"validate\":{\"required\":true},\"validateWhenHidden\":false,\"key\":\"responsibility_center_id1\",\"type\":\"select\",\"selectValues\":\"data\",\"disableLimit\":false,\"noRefreshOnScroll\":false,\"input\":true,\"labelWidth\":14,\"labelMargin\":1}]}],[{\"components\":[{\"label\":\"Önceki Ünvanı\",\"labelPosition\":\"left-left\",\"widget\":\"choicesjs\",\"tableView\":true,\"dataSrc\":\"url\",\"data\":{\"url\":\"http://192.168.1.200/admin/assignments/employee-titles\",\"headers\":[[]]},\"valueProperty\":\"value\",\"template\":\"{{ item.label }}\",\"validate\":{\"required\":true},\"validateWhenHidden\":false,\"key\":\"title_name\",\"type\":\"select\",\"selectValues\":\"data\",\"disableLimit\":false,\"noRefreshOnScroll\":false,\"input\":true,\"labelWidth\":14,\"labelMargin\":1}]},{\"components\":[{\"label\":\"Yeni Ünvanı\",\"labelPosition\":\"left-left\",\"widget\":\"choicesjs\",\"tableView\":true,\"dataSrc\":\"url\",\"data\":{\"url\":\"http://192.168.1.200/admin/assignments/employee-titles\",\"headers\":[[]]},\"valueProperty\":\"value\",\"template\":\"{{ item.label }}\",\"validate\":{\"required\":true},\"validateWhenHidden\":false,\"key\":\"title_name1\",\"type\":\"select\",\"selectValues\":\"data\",\"disableLimit\":false,\"noRefreshOnScroll\":false,\"input\":true,\"labelWidth\":10,\"labelMargin\":1}]}],[{\"components\":[{\"label\":\"Önceki Ücret\",\"labelPosition\":\"left-left\",\"suffix\":\"TL\",\"applyMaskOn\":\"change\",\"mask\":false,\"tableView\":false,\"delimiter\":false,\"requireDecimal\":false,\"inputFormat\":\"plain\",\"truncateMultipleSpaces\":false,\"validate\":{\"required\":true},\"validateWhenHidden\":false,\"key\":\"oncekiUcret\",\"type\":\"number\",\"input\":true,\"labelWidth\":14,\"labelMargin\":1}]},{\"components\":[{\"label\":\"Yeni Ücreti(Net)\",\"labelPosition\":\"left-left\",\"suffix\":\"TL\",\"displayMask\":\"Yeni Ücret Yazınız.\",\"applyMaskOn\":\"change\",\"mask\":false,\"tableView\":false,\"delimiter\":false,\"requireDecimal\":false,\"inputFormat\":\"plain\",\"truncateMultipleSpaces\":false,\"validate\":{\"required\":true},\"validateWhenHidden\":false,\"key\":\"number1\",\"type\":\"number\",\"input\":true,\"labelWidth\":14,\"labelMargin\":1}]}]]},{\"label\":\"Columns\",\"columns\":[{\"components\":[{\"label\":\"Birim Değişiklik Nedeni\",\"labelPosition\":\"left-left\",\"applyMaskOn\":\"change\",\"tableView\":true,\"validate\":{\"required\":true},\"validateWhenHidden\":false,\"key\":\"birimDegisiklikNedeni\",\"type\":\"textfield\",\"labelWidth\":20,\"labelMargin\":1,\"input\":true}],\"width\":50,\"offset\":0,\"push\":0,\"pull\":0,\"size\":\"md\",\"currentWidth\":50},{\"components\":[{\"label\":\"Ünvan Değişiklik Nedeni\",\"labelPosition\":\"left-left\",\"applyMaskOn\":\"change\",\"tableView\":true,\"validate\":{\"required\":true},\"validateWhenHidden\":false,\"key\":\"unvanDegisiklikNedeni\",\"type\":\"textfield\",\"labelWidth\":20,\"labelMargin\":1,\"input\":true}],\"width\":50,\"offset\":0,\"push\":0,\"pull\":0,\"size\":\"md\",\"currentWidth\":50},{\"components\":[{\"label\":\"Ücret Değişiklik Nedeni\",\"labelPosition\":\"left-left\",\"applyMaskOn\":\"change\",\"tableView\":true,\"validate\":{\"required\":true},\"validateWhenHidden\":false,\"key\":\"ucretDegisiklikNedeni\",\"type\":\"textfield\",\"labelWidth\":19,\"labelMargin\":1,\"input\":true}],\"size\":\"md\",\"width\":50,\"currentWidth\":50},{\"components\":[{\"label\":\"Geçerlilik Tarihi\",\"labelPosition\":\"left-left\",\"format\":\"dd-MM-yyyy hh:mm a\",\"tableView\":false,\"datePicker\":{\"disableWeekends\":false,\"disableWeekdays\":false},\"validate\":{\"required\":true},\"enableMinDateInput\":false,\"enableMaxDateInput\":false,\"validateWhenHidden\":false,\"key\":\"gecerlilikTarihi\",\"type\":\"datetime\",\"labelWidth\":20,\"labelMargin\":1,\"input\":true,\"widget\":{\"type\":\"calendar\",\"displayInTimezone\":\"viewer\",\"locale\":\"en\",\"useLocaleSettings\":false,\"allowInput\":true,\"mode\":\"single\",\"enableTime\":true,\"noCalendar\":false,\"format\":\"dd-MM-yyyy hh:mm a\",\"hourIncrement\":1,\"minuteIncrement\":1,\"time_24hr\":false,\"minDate\":null,\"disableWeekends\":false,\"disableWeekdays\":false,\"maxDate\":null}}],\"size\":\"md\",\"width\":50,\"currentWidth\":50}],\"key\":\"columns1\",\"type\":\"columns\",\"input\":false,\"tableView\":false}]}', 464, '2026-02-12 11:44:55');
INSERT INTO `form_template_versions` (`id`, `form_template_id`, `version`, `schema_json`, `created_by`, `created_at`) VALUES
(61, 2, 1, '{\"components\":[{\"label\":\"Text Field\",\"placeholder\":\"test\",\"applyMaskOn\":\"change\",\"tableView\":true,\"validateWhenHidden\":false,\"key\":\"textField\",\"type\":\"textfield\",\"input\":true},{\"type\":\"button\",\"label\":\"Submit\",\"key\":\"submit\",\"disableOnInvalid\":true,\"input\":true,\"tableView\":false}]}', 464, '2026-02-13 06:32:59'),
(62, 2, 2, '{\"components\":[{\"label\":\"Text Field\",\"placeholder\":\"test\",\"applyMaskOn\":\"change\",\"tableView\":true,\"validateWhenHidden\":false,\"key\":\"textField\",\"type\":\"textfield\",\"input\":true},{\"type\":\"button\",\"label\":\"Submit\",\"key\":\"submit\",\"disableOnInvalid\":true,\"input\":true,\"tableView\":false}]}', 464, '2026-02-13 06:37:04'),
(63, 2, 3, '{\"components\":[{\"label\":\"Text Field\",\"placeholder\":\"test\",\"applyMaskOn\":\"change\",\"tableView\":true,\"validateWhenHidden\":false,\"key\":\"textField\",\"type\":\"textfield\",\"input\":true},{\"type\":\"button\",\"label\":\"Submit\",\"key\":\"submit\",\"disableOnInvalid\":true,\"input\":true,\"tableView\":false}]}', 464, '2026-02-13 06:38:18'),
(64, 2, 4, '{\"components\":[{\"label\":\"Text Field\",\"placeholder\":\"test\",\"applyMaskOn\":\"change\",\"tableView\":true,\"validateWhenHidden\":false,\"key\":\"textField\",\"type\":\"textfield\",\"input\":true},{\"type\":\"button\",\"label\":\"Submit\",\"key\":\"submit\",\"disableOnInvalid\":true,\"input\":true,\"tableView\":false}]}', 464, '2026-02-13 06:43:23'),
(65, 2, 5, '{\"components\":[{\"label\":\"Text Field\",\"placeholder\":\"test\",\"applyMaskOn\":\"change\",\"tableView\":true,\"validateWhenHidden\":false,\"key\":\"textField\",\"type\":\"textfield\",\"input\":true},{\"type\":\"button\",\"label\":\"Submit\",\"key\":\"submit\",\"disableOnInvalid\":true,\"input\":true,\"tableView\":false}]}', 464, '2026-02-13 07:22:27'),
(66, 4, 1, '{\"components\":[{\"label\":\"Text Field\",\"placeholder\":\"test\",\"applyMaskOn\":\"change\",\"tableView\":true,\"validateWhenHidden\":false,\"key\":\"textField\",\"type\":\"textfield\",\"input\":true},{\"type\":\"button\",\"label\":\"Submit\",\"key\":\"submit\",\"disableOnInvalid\":true,\"input\":true,\"tableView\":false}]}', 464, '2026-02-13 07:34:44'),
(67, 5, 1, '{\"components\":[{\"label\":\"Text Field\",\"placeholder\":\"test\",\"applyMaskOn\":\"change\",\"tableView\":true,\"validateWhenHidden\":false,\"key\":\"textField\",\"type\":\"textfield\",\"input\":true},{\"type\":\"button\",\"label\":\"Submit\",\"key\":\"submit\",\"disableOnInvalid\":true,\"input\":true,\"tableView\":false}]}', 464, '2026-02-13 07:35:43'),
(68, 5, 2, '{\"components\":[{\"label\":\"Text Field\",\"placeholder\":\"test\",\"applyMaskOn\":\"change\",\"tableView\":true,\"validateWhenHidden\":false,\"key\":\"textField\",\"type\":\"textfield\",\"input\":true},{\"type\":\"button\",\"label\":\"Submit\",\"key\":\"submit\",\"disableOnInvalid\":true,\"input\":true,\"tableView\":false}]}', 464, '2026-02-13 07:40:42'),
(69, 4, 2, '{\"components\":[{\"label\":\"Text Field\",\"placeholder\":\"test\",\"applyMaskOn\":\"change\",\"tableView\":true,\"validateWhenHidden\":false,\"key\":\"textField\",\"type\":\"textfield\",\"input\":true},{\"type\":\"button\",\"label\":\"Submit\",\"key\":\"submit\",\"disableOnInvalid\":true,\"input\":true,\"tableView\":false}]}', 464, '2026-02-13 08:01:21'),
(70, 2, 6, '{\"components\":[{\"label\":\"Text Field\",\"placeholder\":\"test\",\"applyMaskOn\":\"change\",\"tableView\":true,\"validateWhenHidden\":false,\"key\":\"textField\",\"type\":\"textfield\",\"input\":true},{\"type\":\"button\",\"label\":\"Submit\",\"key\":\"submit\",\"disableOnInvalid\":true,\"input\":true,\"tableView\":false}]}', 464, '2026-02-13 10:44:10'),
(71, 2, 7, '{\"components\":[{\"label\":\"Text Field\",\"placeholder\":\"test\",\"applyMaskOn\":\"change\",\"tableView\":true,\"validateWhenHidden\":false,\"key\":\"textField\",\"type\":\"textfield\",\"input\":true},{\"type\":\"button\",\"label\":\"Submit\",\"key\":\"submit\",\"disableOnInvalid\":true,\"input\":true,\"tableView\":false}]}', 464, '2026-02-13 11:32:26');

-- --------------------------------------------------------

--
-- Tablo için tablo yapısı `marketing_projects`
--

CREATE TABLE `marketing_projects` (
  `id` bigint(20) UNSIGNED NOT NULL,
  `name` varchar(150) NOT NULL,
  `description` text DEFAULT NULL,
  `color` varchar(10) DEFAULT NULL,
  `sort_order` int(11) NOT NULL DEFAULT 0,
  `is_active` tinyint(3) UNSIGNED NOT NULL DEFAULT 1,
  `created_by_user_id` bigint(20) UNSIGNED DEFAULT NULL,
  `created_at` timestamp NULL DEFAULT NULL,
  `updated_at` timestamp NULL DEFAULT NULL
) ENGINE=InnoDB DEFAULT CHARSET=utf8mb4 COLLATE=utf8mb4_unicode_ci;

--
-- Tablo döküm verisi `marketing_projects`
--

INSERT INTO `marketing_projects` (`id`, `name`, `description`, `color`, `sort_order`, `is_active`, `created_by_user_id`, `created_at`, `updated_at`) VALUES
(1, 'Genel Pazarlama', 'Varsayilan kanban projesi', '#16A34A', 0, 1, NULL, '2026-02-18 13:57:08', '2026-02-18 13:57:08'),
(2, 'test', 'test', NULL, 0, 1, 464, '2026-02-18 14:13:30', '2026-02-18 14:13:30');

-- --------------------------------------------------------

--
-- Tablo için tablo yapısı `marketing_tasks`
--

CREATE TABLE `marketing_tasks` (
  `id` bigint(20) UNSIGNED NOT NULL,
  `project_id` bigint(20) UNSIGNED NOT NULL,
  `title` varchar(180) NOT NULL,
  `description` text DEFAULT NULL,
  `status` varchar(20) NOT NULL DEFAULT 'todo',
  `priority` varchar(20) NOT NULL DEFAULT 'normal',
  `due_date` date DEFAULT NULL,
  `detail_json` longtext CHARACTER SET utf8mb4 COLLATE utf8mb4_bin DEFAULT NULL CHECK (json_valid(`detail_json`)),
  `owner_user_id` bigint(20) UNSIGNED DEFAULT NULL,
  `created_by_user_id` bigint(20) UNSIGNED DEFAULT NULL,
  `sort_order` int(11) NOT NULL DEFAULT 0,
  `is_active` tinyint(3) UNSIGNED NOT NULL DEFAULT 1,
  `created_at` timestamp NULL DEFAULT NULL,
  `updated_at` timestamp NULL DEFAULT NULL
) ENGINE=InnoDB DEFAULT CHARSET=utf8mb4 COLLATE=utf8mb4_unicode_ci;

--
-- Tablo döküm verisi `marketing_tasks`
--

INSERT INTO `marketing_tasks` (`id`, `project_id`, `title`, `description`, `status`, `priority`, `due_date`, `detail_json`, `owner_user_id`, `created_by_user_id`, `sort_order`, `is_active`, `created_at`, `updated_at`) VALUES
(1, 1, 'test', NULL, 'todo', 'normal', '2026-02-19', NULL, 727, 464, 0, 0, '2026-02-18 14:11:31', '2026-02-18 14:17:43'),
(2, 2, 'test', NULL, 'todo', 'low', '2026-02-19', NULL, 727, 464, 0, 0, '2026-02-18 14:14:02', '2026-02-18 14:18:42'),
(3, 2, 'tes', 'test', 'todo', 'normal', '2026-02-19', NULL, 727, 464, 0, 0, '2026-02-18 14:18:27', '2026-02-18 14:18:50'),
(4, 2, 'TES', NULL, 'done', 'normal', '2026-02-19', NULL, 727, 464, 0, 1, '2026-02-18 14:29:08', '2026-03-10 13:29:45'),
(5, 2, '1', NULL, 'todo', 'normal', NULL, NULL, NULL, 464, 0, 1, '2026-03-04 09:25:47', '2026-03-10 06:33:11');

-- --------------------------------------------------------

--
-- Tablo için tablo yapısı `marketing_task_activities`
--

CREATE TABLE `marketing_task_activities` (
  `id` bigint(20) UNSIGNED NOT NULL,
  `task_id` bigint(20) UNSIGNED NOT NULL,
  `user_id` bigint(20) UNSIGNED DEFAULT NULL,
  `activity_type` varchar(40) NOT NULL DEFAULT 'note',
  `title` varchar(180) DEFAULT NULL,
  `message` text DEFAULT NULL,
  `attachment_path` varchar(255) DEFAULT NULL,
  `attachment_name` varchar(255) DEFAULT NULL,
  `attachment_size` bigint(20) UNSIGNED DEFAULT NULL,
  `attachment_mime` varchar(150) DEFAULT NULL,
  `meta_json` longtext CHARACTER SET utf8mb4 COLLATE utf8mb4_bin DEFAULT NULL CHECK (json_valid(`meta_json`)),
  `created_at` timestamp NULL DEFAULT NULL,
  `updated_at` timestamp NULL DEFAULT NULL
) ENGINE=InnoDB DEFAULT CHARSET=utf8mb4 COLLATE=utf8mb4_unicode_ci;

--
-- Tablo döküm verisi `marketing_task_activities`
--

INSERT INTO `marketing_task_activities` (`id`, `task_id`, `user_id`, `activity_type`, `title`, `message`, `attachment_path`, `attachment_name`, `attachment_size`, `attachment_mime`, `meta_json`, `created_at`, `updated_at`) VALUES
(1, 4, 464, 'created', 'Kart olusturuldu', 'Yeni pazarlama karti olusturuldu.', NULL, NULL, NULL, NULL, NULL, '2026-02-18 14:29:08', '2026-02-18 14:29:08'),
(2, 4, 464, 'status_change', 'Durum guncellendi', 'Durum: To Do -> In Progress', NULL, NULL, NULL, NULL, '{\"old_status\":\"todo\",\"new_status\":\"active\"}', '2026-02-18 14:46:15', '2026-02-18 14:46:15'),
(3, 4, 464, 'status_change', 'Durum guncellendi', 'Durum: In Progress -> To Do', NULL, NULL, NULL, NULL, '{\"old_status\":\"active\",\"new_status\":\"todo\"}', '2026-02-18 14:50:29', '2026-02-18 14:50:29'),
(4, 4, 464, 'status_change', 'Durum guncellendi', 'Durum: To Do -> Done', NULL, NULL, NULL, NULL, '{\"old_status\":\"todo\",\"new_status\":\"done\"}', '2026-02-18 14:50:32', '2026-02-18 14:50:32'),
(5, 4, 464, 'status_change', 'Durum guncellendi', 'Durum: Done -> To Do', NULL, NULL, NULL, NULL, '{\"old_status\":\"done\",\"new_status\":\"todo\"}', '2026-02-18 14:50:34', '2026-02-18 14:50:34'),
(6, 4, 464, 'status_change', 'Durum guncellendi', 'Durum: To Do -> In Progress', NULL, NULL, NULL, NULL, '{\"old_status\":\"todo\",\"new_status\":\"active\"}', '2026-02-18 14:50:35', '2026-02-18 14:50:35'),
(7, 4, 464, 'status_change', 'Durum guncellendi', 'Durum: In Progress -> Done', NULL, NULL, NULL, NULL, '{\"old_status\":\"active\",\"new_status\":\"done\"}', '2026-02-18 14:50:36', '2026-02-18 14:50:36'),
(8, 4, 464, 'status_change', 'Durum guncellendi', 'Durum: Done -> To Do', NULL, NULL, NULL, NULL, '{\"old_status\":\"done\",\"new_status\":\"todo\"}', '2026-02-18 14:50:37', '2026-02-18 14:50:37'),
(9, 4, 464, 'status_change', 'Durum guncellendi', 'Durum: To Do -> In Progress', NULL, NULL, NULL, NULL, '{\"old_status\":\"todo\",\"new_status\":\"active\"}', '2026-02-18 14:50:40', '2026-02-18 14:50:40'),
(10, 4, 464, 'status_change', 'Durum guncellendi', 'Durum: In Progress -> Done', NULL, NULL, NULL, NULL, '{\"old_status\":\"active\",\"new_status\":\"done\"}', '2026-02-18 14:50:41', '2026-02-18 14:50:41'),
(11, 4, 464, 'status_change', 'Durum guncellendi', 'Durum: Done -> In Progress', NULL, NULL, NULL, NULL, '{\"old_status\":\"done\",\"new_status\":\"active\"}', '2026-02-18 14:50:42', '2026-02-18 14:50:42'),
(12, 4, 464, 'status_change', 'Durum guncellendi', 'Durum: In Progress -> To Do', NULL, NULL, NULL, NULL, '{\"old_status\":\"active\",\"new_status\":\"todo\"}', '2026-02-18 14:52:49', '2026-02-18 14:52:49'),
(13, 4, 464, 'status_change', 'Durum guncellendi', 'Durum: To Do -> Done', NULL, NULL, NULL, NULL, '{\"old_status\":\"todo\",\"new_status\":\"done\"}', '2026-02-18 14:52:50', '2026-02-18 14:52:50'),
(14, 4, 464, 'status_change', 'Durum guncellendi', 'Durum: Done -> In Progress', NULL, NULL, NULL, NULL, '{\"old_status\":\"done\",\"new_status\":\"active\"}', '2026-02-18 14:52:51', '2026-02-18 14:52:51'),
(15, 4, 464, 'status_change', 'Durum guncellendi', 'Durum: In Progress -> To Do', NULL, NULL, NULL, NULL, '{\"old_status\":\"active\",\"new_status\":\"todo\"}', '2026-02-18 14:52:52', '2026-02-18 14:52:52'),
(16, 4, 464, 'status_change', 'Durum guncellendi', 'Durum: To Do -> In Progress', NULL, NULL, NULL, NULL, '{\"old_status\":\"todo\",\"new_status\":\"active\"}', '2026-02-18 14:52:52', '2026-02-18 14:52:52'),
(17, 4, 464, 'status_change', 'Durum guncellendi', 'Durum: In Progress -> Done', NULL, NULL, NULL, NULL, '{\"old_status\":\"active\",\"new_status\":\"done\"}', '2026-02-18 14:52:56', '2026-02-18 14:52:56'),
(18, 4, 464, 'status_change', 'Durum guncellendi', 'Durum: Done -> In Progress', NULL, NULL, NULL, NULL, '{\"old_status\":\"done\",\"new_status\":\"active\"}', '2026-02-18 14:52:58', '2026-02-18 14:52:58'),
(19, 4, 464, 'status_change', 'Durum guncellendi', 'Durum: In Progress -> To Do', NULL, NULL, NULL, NULL, '{\"old_status\":\"active\",\"new_status\":\"todo\"}', '2026-02-18 14:52:58', '2026-02-18 14:52:58'),
(20, 4, 464, 'status_change', 'Durum guncellendi', 'Durum: To Do -> In Progress', NULL, NULL, NULL, NULL, '{\"old_status\":\"todo\",\"new_status\":\"active\"}', '2026-02-18 14:52:59', '2026-02-18 14:52:59'),
(21, 4, 464, 'status_change', 'Durum guncellendi', 'Durum: In Progress -> Done', NULL, NULL, NULL, NULL, '{\"old_status\":\"active\",\"new_status\":\"done\"}', '2026-02-18 14:53:00', '2026-02-18 14:53:00'),
(22, 4, 464, 'status_change', 'Durum guncellendi', 'Durum: Done -> In Progress', NULL, NULL, NULL, NULL, '{\"old_status\":\"done\",\"new_status\":\"active\"}', '2026-02-18 14:53:10', '2026-02-18 14:53:10'),
(23, 4, 464, 'status_change', 'Durum guncellendi', 'Durum: In Progress -> To Do', NULL, NULL, NULL, NULL, '{\"old_status\":\"active\",\"new_status\":\"todo\"}', '2026-02-18 14:53:11', '2026-02-18 14:53:11'),
(24, 4, 464, 'status_change', 'Durum guncellendi', 'Durum: To Do -> In Progress', NULL, NULL, NULL, NULL, '{\"old_status\":\"todo\",\"new_status\":\"active\"}', '2026-02-18 14:53:17', '2026-02-18 14:53:17'),
(25, 4, 464, 'status_change', 'Durum guncellendi', 'Durum: In Progress -> Done', NULL, NULL, NULL, NULL, '{\"old_status\":\"active\",\"new_status\":\"done\"}', '2026-02-18 14:53:18', '2026-02-18 14:53:18'),
(26, 4, 464, 'status_change', 'Durum guncellendi', 'Durum: Done -> In Progress', NULL, NULL, NULL, NULL, '{\"old_status\":\"done\",\"new_status\":\"active\"}', '2026-02-18 14:53:19', '2026-02-18 14:53:19'),
(27, 4, 464, 'status_change', 'Durum guncellendi', 'Durum: In Progress -> Done', NULL, NULL, NULL, NULL, '{\"old_status\":\"active\",\"new_status\":\"done\"}', '2026-02-18 14:53:19', '2026-02-18 14:53:19'),
(28, 4, 464, 'status_change', 'Durum guncellendi', 'Durum: Done -> To Do', NULL, NULL, NULL, NULL, '{\"old_status\":\"done\",\"new_status\":\"todo\"}', '2026-02-18 14:53:20', '2026-02-18 14:53:20'),
(29, 4, 464, 'status_change', 'Durum guncellendi', 'Durum: To Do -> Done', NULL, NULL, NULL, NULL, '{\"old_status\":\"todo\",\"new_status\":\"done\"}', '2026-02-18 14:53:22', '2026-02-18 14:53:22'),
(30, 4, 464, 'status_change', 'Durum guncellendi', 'Durum: Done -> In Progress', NULL, NULL, NULL, NULL, '{\"old_status\":\"done\",\"new_status\":\"active\"}', '2026-02-18 14:53:25', '2026-02-18 14:53:25'),
(31, 4, 464, 'status_change', 'Durum guncellendi', 'Durum: In Progress -> To Do', NULL, NULL, NULL, NULL, '{\"old_status\":\"active\",\"new_status\":\"todo\"}', '2026-02-18 14:53:26', '2026-02-18 14:53:26'),
(32, 4, 464, 'status_change', 'Durum guncellendi', 'Durum: To Do -> Done', NULL, NULL, NULL, NULL, '{\"old_status\":\"todo\",\"new_status\":\"done\"}', '2026-02-18 14:53:27', '2026-02-18 14:53:27'),
(33, 4, 464, 'status_change', 'Durum guncellendi', 'Durum: Done -> In Progress', NULL, NULL, NULL, NULL, '{\"old_status\":\"done\",\"new_status\":\"active\"}', '2026-02-18 14:53:27', '2026-02-18 14:53:27'),
(34, 4, 464, 'status_change', 'Durum guncellendi', 'Durum: In Progress -> Done', NULL, NULL, NULL, NULL, '{\"old_status\":\"active\",\"new_status\":\"done\"}', '2026-02-18 14:53:32', '2026-02-18 14:53:32'),
(35, 4, 464, 'status_change', 'Durum guncellendi', 'Durum: Done -> In Progress', NULL, NULL, NULL, NULL, '{\"old_status\":\"done\",\"new_status\":\"active\"}', '2026-02-18 14:53:33', '2026-02-18 14:53:33'),
(36, 4, 464, 'status_change', 'Durum guncellendi', 'Durum: In Progress -> Done', NULL, NULL, NULL, NULL, '{\"old_status\":\"active\",\"new_status\":\"done\"}', '2026-02-18 14:53:36', '2026-02-18 14:53:36'),
(37, 4, 464, 'status_change', 'Durum guncellendi', 'Durum: Done -> To Do', NULL, NULL, NULL, NULL, '{\"old_status\":\"done\",\"new_status\":\"todo\"}', '2026-02-18 14:53:37', '2026-02-18 14:53:37'),
(38, 4, 464, 'status_change', 'Durum guncellendi', 'Durum: To Do -> In Progress', NULL, NULL, NULL, NULL, '{\"old_status\":\"todo\",\"new_status\":\"active\"}', '2026-02-18 14:53:48', '2026-02-18 14:53:48'),
(39, 4, 464, 'status_change', 'Durum guncellendi', 'Durum: In Progress -> Done', NULL, NULL, NULL, NULL, '{\"old_status\":\"active\",\"new_status\":\"done\"}', '2026-02-18 14:53:50', '2026-02-18 14:53:50'),
(40, 4, 464, 'status_change', 'Durum guncellendi', 'Durum: Done -> In Progress', NULL, NULL, NULL, NULL, '{\"old_status\":\"done\",\"new_status\":\"active\"}', '2026-02-18 14:55:52', '2026-02-18 14:55:52'),
(41, 4, 464, 'status_change', 'Durum guncellendi', 'Durum: In Progress -> To Do', NULL, NULL, NULL, NULL, '{\"old_status\":\"active\",\"new_status\":\"todo\"}', '2026-02-18 14:55:53', '2026-02-18 14:55:53'),
(42, 4, 464, 'status_change', 'Durum guncellendi', 'Durum: To Do -> Done', NULL, NULL, NULL, NULL, '{\"old_status\":\"todo\",\"new_status\":\"done\"}', '2026-02-18 14:55:54', '2026-02-18 14:55:54'),
(43, 4, 464, 'status_change', 'Durum guncellendi', 'Durum: Done -> In Progress', NULL, NULL, NULL, NULL, '{\"old_status\":\"done\",\"new_status\":\"active\"}', '2026-02-18 14:55:55', '2026-02-18 14:55:55'),
(44, 4, 464, 'status_change', 'Durum guncellendi', 'Durum: In Progress -> To Do', NULL, NULL, NULL, NULL, '{\"old_status\":\"active\",\"new_status\":\"todo\"}', '2026-02-19 04:59:19', '2026-02-19 04:59:19'),
(45, 4, 464, 'status_change', 'Durum guncellendi', 'Durum: To Do -> Done', NULL, NULL, NULL, NULL, '{\"old_status\":\"todo\",\"new_status\":\"done\"}', '2026-02-19 04:59:20', '2026-02-19 04:59:20'),
(46, 4, 464, 'status_change', 'Durum guncellendi', 'Durum: Done -> In Progress', NULL, NULL, NULL, NULL, '{\"old_status\":\"done\",\"new_status\":\"active\"}', '2026-02-19 04:59:21', '2026-02-19 04:59:21'),
(47, 4, 464, 'status_change', 'Durum guncellendi', 'Durum: In Progress -> To Do', NULL, NULL, NULL, NULL, '{\"old_status\":\"active\",\"new_status\":\"todo\"}', '2026-02-23 06:26:00', '2026-02-23 06:26:00'),
(48, 4, 464, 'status_change', 'Durum guncellendi', 'Durum: To Do -> In Progress', NULL, NULL, NULL, NULL, '{\"old_status\":\"todo\",\"new_status\":\"active\"}', '2026-02-23 06:26:00', '2026-02-23 06:26:00'),
(49, 4, 464, 'status_change', 'Durum guncellendi', 'Durum: In Progress -> Done', NULL, NULL, NULL, NULL, '{\"old_status\":\"active\",\"new_status\":\"done\"}', '2026-02-23 06:26:02', '2026-02-23 06:26:02'),
(50, 4, 464, 'status_change', 'Durum guncellendi', 'Durum: Done -> In Progress', NULL, NULL, NULL, NULL, '{\"old_status\":\"done\",\"new_status\":\"active\"}', '2026-02-23 06:26:03', '2026-02-23 06:26:03'),
(51, 4, 464, 'status_change', 'Durum guncellendi', 'Durum: In Progress -> To Do', NULL, NULL, NULL, NULL, '{\"old_status\":\"active\",\"new_status\":\"todo\"}', '2026-02-23 06:26:04', '2026-02-23 06:26:04'),
(52, 4, 464, 'status_change', 'Durum guncellendi', 'Durum: To Do -> In Progress', NULL, NULL, NULL, NULL, '{\"old_status\":\"todo\",\"new_status\":\"active\"}', '2026-02-23 06:26:05', '2026-02-23 06:26:05'),
(53, 4, 464, 'status_change', 'Durum guncellendi', 'Durum: In Progress -> Done', NULL, NULL, NULL, NULL, '{\"old_status\":\"active\",\"new_status\":\"done\"}', '2026-02-23 06:26:06', '2026-02-23 06:26:06'),
(54, 4, 464, 'status_change', 'Durum guncellendi', 'Durum: Done -> In Progress', NULL, NULL, NULL, NULL, '{\"old_status\":\"done\",\"new_status\":\"active\"}', '2026-02-23 06:26:07', '2026-02-23 06:26:07'),
(55, 4, 464, 'status_change', 'Durum guncellendi', 'Durum: In Progress -> To Do', NULL, NULL, NULL, NULL, '{\"old_status\":\"active\",\"new_status\":\"todo\"}', '2026-02-23 06:26:39', '2026-02-23 06:26:39'),
(56, 4, 464, 'status_change', 'Durum guncellendi', 'Durum: To Do -> In Progress', NULL, NULL, NULL, NULL, '{\"old_status\":\"todo\",\"new_status\":\"active\"}', '2026-02-23 06:26:42', '2026-02-23 06:26:42'),
(57, 4, 464, 'status_change', 'Durum guncellendi', 'Durum: In Progress -> Done', NULL, NULL, NULL, NULL, '{\"old_status\":\"active\",\"new_status\":\"done\"}', '2026-02-23 06:26:42', '2026-02-23 06:26:42'),
(58, 4, 464, 'status_change', 'Durum guncellendi', 'Durum: Done -> In Progress', NULL, NULL, NULL, NULL, '{\"old_status\":\"done\",\"new_status\":\"active\"}', '2026-02-23 06:26:43', '2026-02-23 06:26:43'),
(59, 4, 464, 'status_change', 'Durum guncellendi', 'Durum: In Progress -> To Do', NULL, NULL, NULL, NULL, '{\"old_status\":\"active\",\"new_status\":\"todo\"}', '2026-02-23 06:26:44', '2026-02-23 06:26:44'),
(60, 4, 464, 'status_change', 'Durum guncellendi', 'Durum: To Do -> In Progress', NULL, NULL, NULL, NULL, '{\"old_status\":\"todo\",\"new_status\":\"active\"}', '2026-02-23 06:26:44', '2026-02-23 06:26:44'),
(61, 4, 464, 'status_change', 'Durum guncellendi', 'Durum: In Progress -> Done', NULL, NULL, NULL, NULL, '{\"old_status\":\"active\",\"new_status\":\"done\"}', '2026-02-23 06:26:47', '2026-02-23 06:26:47'),
(62, 4, 464, 'status_change', 'Durum guncellendi', 'Durum: Done -> In Progress', NULL, NULL, NULL, NULL, '{\"old_status\":\"done\",\"new_status\":\"active\"}', '2026-02-23 06:26:49', '2026-02-23 06:26:49'),
(63, 4, 464, 'status_change', 'Durum guncellendi', 'Durum: In Progress -> To Do', NULL, NULL, NULL, NULL, '{\"old_status\":\"active\",\"new_status\":\"todo\"}', '2026-02-23 06:26:50', '2026-02-23 06:26:50'),
(64, 4, 464, 'status_change', 'Durum guncellendi', 'Durum: To Do -> In Progress', NULL, NULL, NULL, NULL, '{\"old_status\":\"todo\",\"new_status\":\"active\"}', '2026-02-23 06:26:51', '2026-02-23 06:26:51'),
(65, 4, 464, 'status_change', 'Durum guncellendi', 'Durum: In Progress -> To Do', NULL, NULL, NULL, NULL, '{\"old_status\":\"active\",\"new_status\":\"todo\"}', '2026-02-24 05:19:57', '2026-02-24 05:19:57'),
(66, 4, 464, 'status_change', 'Durum guncellendi', 'Durum: To Do -> In Progress', NULL, NULL, NULL, NULL, '{\"old_status\":\"todo\",\"new_status\":\"active\"}', '2026-02-24 05:19:58', '2026-02-24 05:19:58'),
(67, 4, 464, 'status_change', 'Durum guncellendi', 'Durum: In Progress -> Done', NULL, NULL, NULL, NULL, '{\"old_status\":\"active\",\"new_status\":\"done\"}', '2026-02-24 05:19:59', '2026-02-24 05:19:59'),
(68, 4, 464, 'status_change', 'Durum guncellendi', 'Durum: Done -> In Progress', NULL, NULL, NULL, NULL, '{\"old_status\":\"done\",\"new_status\":\"active\"}', '2026-02-24 05:20:00', '2026-02-24 05:20:00'),
(69, 4, 464, 'status_change', 'Durum guncellendi', 'Durum: In Progress -> To Do', NULL, NULL, NULL, NULL, '{\"old_status\":\"active\",\"new_status\":\"todo\"}', '2026-02-24 05:20:00', '2026-02-24 05:20:00'),
(70, 4, 464, 'status_change', 'Durum guncellendi', 'Durum: To Do -> In Progress', NULL, NULL, NULL, NULL, '{\"old_status\":\"todo\",\"new_status\":\"active\"}', '2026-02-24 05:20:01', '2026-02-24 05:20:01'),
(71, 4, 464, 'status_change', 'Durum guncellendi', 'Durum: In Progress -> Done', NULL, NULL, NULL, NULL, '{\"old_status\":\"active\",\"new_status\":\"done\"}', '2026-02-24 05:20:01', '2026-02-24 05:20:01'),
(72, 4, 464, 'status_change', 'Durum guncellendi', 'Durum: Done -> In Progress', NULL, NULL, NULL, NULL, '{\"old_status\":\"done\",\"new_status\":\"active\"}', '2026-02-24 05:20:02', '2026-02-24 05:20:02'),
(73, 4, 464, 'status_change', 'Durum guncellendi', 'Durum: In Progress -> To Do', NULL, NULL, NULL, NULL, '{\"old_status\":\"active\",\"new_status\":\"todo\"}', '2026-02-24 05:20:07', '2026-02-24 05:20:07'),
(74, 4, 464, 'status_change', 'Durum guncellendi', 'Durum: To Do -> In Progress', NULL, NULL, NULL, NULL, '{\"old_status\":\"todo\",\"new_status\":\"active\"}', '2026-02-24 05:20:08', '2026-02-24 05:20:08'),
(75, 4, 464, 'status_change', 'Durum guncellendi', 'Durum: In Progress -> To Do', NULL, NULL, NULL, NULL, '{\"old_status\":\"active\",\"new_status\":\"todo\"}', '2026-02-24 09:08:27', '2026-02-24 09:08:27'),
(76, 4, 464, 'status_change', 'Durum guncellendi', 'Durum: To Do -> In Progress', NULL, NULL, NULL, NULL, '{\"old_status\":\"todo\",\"new_status\":\"active\"}', '2026-02-24 09:08:28', '2026-02-24 09:08:28'),
(77, 4, 464, 'status_change', 'Durum guncellendi', 'Durum: In Progress -> To Do', NULL, NULL, NULL, NULL, '{\"old_status\":\"active\",\"new_status\":\"todo\"}', '2026-02-25 10:08:20', '2026-02-25 10:08:20'),
(78, 4, 464, 'status_change', 'Durum guncellendi', 'Durum: To Do -> Done', NULL, NULL, NULL, NULL, '{\"old_status\":\"todo\",\"new_status\":\"done\"}', '2026-02-25 10:08:21', '2026-02-25 10:08:21'),
(79, 4, 464, 'status_change', 'Durum guncellendi', 'Durum: Done -> In Progress', NULL, NULL, NULL, NULL, '{\"old_status\":\"done\",\"new_status\":\"active\"}', '2026-02-25 10:08:21', '2026-02-25 10:08:21'),
(80, 4, 464, 'status_change', 'Durum guncellendi', 'Durum: In Progress -> To Do', NULL, NULL, NULL, NULL, '{\"old_status\":\"active\",\"new_status\":\"todo\"}', '2026-02-25 10:08:22', '2026-02-25 10:08:22'),
(81, 4, 464, 'status_change', 'Durum guncellendi', 'Durum: To Do -> In Progress', NULL, NULL, NULL, NULL, '{\"old_status\":\"todo\",\"new_status\":\"active\"}', '2026-02-25 10:08:24', '2026-02-25 10:08:24'),
(82, 4, 464, 'status_change', 'Durum guncellendi', 'Durum: In Progress -> To Do', NULL, NULL, NULL, NULL, '{\"old_status\":\"active\",\"new_status\":\"todo\"}', '2026-02-25 10:08:24', '2026-02-25 10:08:24'),
(83, 4, 464, 'status_change', 'Durum guncellendi', 'Durum: To Do -> In Progress', NULL, NULL, NULL, NULL, '{\"old_status\":\"todo\",\"new_status\":\"active\"}', '2026-02-26 07:45:24', '2026-02-26 07:45:24'),
(84, 4, 464, 'status_change', 'Durum guncellendi', 'Durum: In Progress -> Done', NULL, NULL, NULL, NULL, '{\"old_status\":\"active\",\"new_status\":\"done\"}', '2026-02-26 07:45:25', '2026-02-26 07:45:25'),
(85, 4, 464, 'status_change', 'Durum guncellendi', 'Durum: Done -> In Progress', NULL, NULL, NULL, NULL, '{\"old_status\":\"done\",\"new_status\":\"active\"}', '2026-02-26 07:45:26', '2026-02-26 07:45:26'),
(86, 4, 464, 'status_change', 'Durum guncellendi', 'Durum: In Progress -> To Do', NULL, NULL, NULL, NULL, '{\"old_status\":\"active\",\"new_status\":\"todo\"}', '2026-02-26 07:45:26', '2026-02-26 07:45:26'),
(87, 4, 464, 'status_change', 'Durum guncellendi', 'Durum: To Do -> In Progress', NULL, NULL, NULL, NULL, '{\"old_status\":\"todo\",\"new_status\":\"active\"}', '2026-02-26 07:45:30', '2026-02-26 07:45:30'),
(88, 4, 464, 'status_change', 'Durum guncellendi', 'Durum: In Progress -> To Do', NULL, NULL, NULL, NULL, '{\"old_status\":\"active\",\"new_status\":\"todo\"}', '2026-02-26 07:45:32', '2026-02-26 07:45:32'),
(89, 4, 464, 'status_change', 'Durum guncellendi', 'Durum: To Do -> In Progress', NULL, NULL, NULL, NULL, '{\"old_status\":\"todo\",\"new_status\":\"active\"}', '2026-02-26 07:45:36', '2026-02-26 07:45:36'),
(90, 4, 464, 'status_change', 'Durum guncellendi', 'Durum: In Progress -> Done', NULL, NULL, NULL, NULL, '{\"old_status\":\"active\",\"new_status\":\"done\"}', '2026-02-26 07:45:44', '2026-02-26 07:45:44'),
(91, 4, 464, 'status_change', 'Durum guncellendi', 'Durum: Done -> To Do', NULL, NULL, NULL, NULL, '{\"old_status\":\"done\",\"new_status\":\"todo\"}', '2026-02-26 07:45:50', '2026-02-26 07:45:50'),
(92, 4, 464, 'status_change', 'Durum guncellendi', 'Durum: To Do -> In Progress', NULL, NULL, NULL, NULL, '{\"old_status\":\"todo\",\"new_status\":\"active\"}', '2026-03-04 09:25:18', '2026-03-04 09:25:18'),
(93, 4, 464, 'status_change', 'Durum guncellendi', 'Durum: In Progress -> Done', NULL, NULL, NULL, NULL, '{\"old_status\":\"active\",\"new_status\":\"done\"}', '2026-03-04 09:25:19', '2026-03-04 09:25:19'),
(94, 4, 464, 'status_change', 'Durum guncellendi', 'Durum: Done -> In Progress', NULL, NULL, NULL, NULL, '{\"old_status\":\"done\",\"new_status\":\"active\"}', '2026-03-04 09:25:20', '2026-03-04 09:25:20'),
(95, 4, 464, 'status_change', 'Durum guncellendi', 'Durum: In Progress -> To Do', NULL, NULL, NULL, NULL, '{\"old_status\":\"active\",\"new_status\":\"todo\"}', '2026-03-04 09:25:20', '2026-03-04 09:25:20'),
(96, 4, 464, 'status_change', 'Durum guncellendi', 'Durum: To Do -> In Progress', NULL, NULL, NULL, NULL, '{\"old_status\":\"todo\",\"new_status\":\"active\"}', '2026-03-04 09:25:21', '2026-03-04 09:25:21'),
(97, 4, 464, 'status_change', 'Durum guncellendi', 'Durum: In Progress -> Done', NULL, NULL, NULL, NULL, '{\"old_status\":\"active\",\"new_status\":\"done\"}', '2026-03-04 09:25:22', '2026-03-04 09:25:22'),
(98, 4, 464, 'status_change', 'Durum guncellendi', 'Durum: Done -> In Progress', NULL, NULL, NULL, NULL, '{\"old_status\":\"done\",\"new_status\":\"active\"}', '2026-03-04 09:25:22', '2026-03-04 09:25:22'),
(99, 4, 464, 'status_change', 'Durum guncellendi', 'Durum: In Progress -> To Do', NULL, NULL, NULL, NULL, '{\"old_status\":\"active\",\"new_status\":\"todo\"}', '2026-03-04 09:25:23', '2026-03-04 09:25:23'),
(100, 4, 464, 'status_change', 'Durum guncellendi', 'Durum: To Do -> In Progress', NULL, NULL, NULL, NULL, '{\"old_status\":\"todo\",\"new_status\":\"active\"}', '2026-03-04 09:25:24', '2026-03-04 09:25:24'),
(101, 4, 464, 'status_change', 'Durum guncellendi', 'Durum: In Progress -> Done', NULL, NULL, NULL, NULL, '{\"old_status\":\"active\",\"new_status\":\"done\"}', '2026-03-04 09:25:25', '2026-03-04 09:25:25'),
(102, 4, 464, 'status_change', 'Durum guncellendi', 'Durum: Done -> In Progress', NULL, NULL, NULL, NULL, '{\"old_status\":\"done\",\"new_status\":\"active\"}', '2026-03-04 09:25:25', '2026-03-04 09:25:25'),
(103, 4, 464, 'status_change', 'Durum guncellendi', 'Durum: In Progress -> To Do', NULL, NULL, NULL, NULL, '{\"old_status\":\"active\",\"new_status\":\"todo\"}', '2026-03-04 09:25:27', '2026-03-04 09:25:27'),
(104, 4, 464, 'status_change', 'Durum guncellendi', 'Durum: To Do -> In Progress', NULL, NULL, NULL, NULL, '{\"old_status\":\"todo\",\"new_status\":\"active\"}', '2026-03-04 09:25:29', '2026-03-04 09:25:29'),
(105, 5, 464, 'created', 'Kart olusturuldu', 'Yeni pazarlama karti olusturuldu.', NULL, NULL, NULL, NULL, NULL, '2026-03-04 09:25:47', '2026-03-04 09:25:47'),
(106, 5, 464, 'status_change', 'Durum guncellendi', 'Durum: To Do -> Done', NULL, NULL, NULL, NULL, '{\"old_status\":\"todo\",\"new_status\":\"done\"}', '2026-03-04 09:25:52', '2026-03-04 09:25:52'),
(107, 5, 464, 'status_change', 'Durum guncellendi', 'Durum: Done -> To Do', NULL, NULL, NULL, NULL, '{\"old_status\":\"done\",\"new_status\":\"todo\"}', '2026-03-04 09:25:53', '2026-03-04 09:25:53'),
(108, 5, 464, 'status_change', 'Durum guncellendi', 'Durum: To Do -> Done', NULL, NULL, NULL, NULL, '{\"old_status\":\"todo\",\"new_status\":\"done\"}', '2026-03-04 09:25:54', '2026-03-04 09:25:54'),
(109, 5, 464, 'status_change', 'Durum guncellendi', 'Durum: Done -> To Do', NULL, NULL, NULL, NULL, '{\"old_status\":\"done\",\"new_status\":\"todo\"}', '2026-03-04 09:25:55', '2026-03-04 09:25:55'),
(110, 4, 464, 'status_change', 'Durum guncellendi', 'Durum: In Progress -> Done', NULL, NULL, NULL, NULL, '{\"old_status\":\"active\",\"new_status\":\"done\"}', '2026-03-04 12:20:40', '2026-03-04 12:20:40'),
(111, 5, 464, 'status_change', 'Durum guncellendi', 'Durum: To Do -> In Progress', NULL, NULL, NULL, NULL, '{\"old_status\":\"todo\",\"new_status\":\"active\"}', '2026-03-04 12:20:41', '2026-03-04 12:20:41'),
(112, 4, 464, 'status_change', 'Durum guncellendi', 'Durum: Done -> In Progress', NULL, NULL, NULL, NULL, '{\"old_status\":\"done\",\"new_status\":\"active\"}', '2026-03-04 12:20:42', '2026-03-04 12:20:42'),
(113, 5, 464, 'status_change', 'Durum guncellendi', 'Durum: In Progress -> To Do', NULL, NULL, NULL, NULL, '{\"old_status\":\"active\",\"new_status\":\"todo\"}', '2026-03-04 12:20:46', '2026-03-04 12:20:46'),
(114, 4, 464, 'status_change', 'Durum guncellendi', 'Durum: In Progress -> To Do', NULL, NULL, NULL, NULL, '{\"old_status\":\"active\",\"new_status\":\"todo\"}', '2026-03-04 12:20:47', '2026-03-04 12:20:47'),
(115, 4, 464, 'status_change', 'Durum guncellendi', 'Durum: To Do -> In Progress', NULL, NULL, NULL, NULL, '{\"old_status\":\"todo\",\"new_status\":\"active\"}', '2026-03-04 12:20:47', '2026-03-04 12:20:47'),
(116, 5, 464, 'status_change', 'Durum guncellendi', 'Durum: To Do -> In Progress', NULL, NULL, NULL, NULL, '{\"old_status\":\"todo\",\"new_status\":\"active\"}', '2026-03-04 12:20:48', '2026-03-04 12:20:48'),
(117, 5, 464, 'status_change', 'Durum guncellendi', 'Durum: In Progress -> Done', NULL, NULL, NULL, NULL, '{\"old_status\":\"active\",\"new_status\":\"done\"}', '2026-03-04 12:20:49', '2026-03-04 12:20:49'),
(118, 4, 464, 'status_change', 'Durum guncellendi', 'Durum: In Progress -> To Do', NULL, NULL, NULL, NULL, '{\"old_status\":\"active\",\"new_status\":\"todo\"}', '2026-03-04 12:20:50', '2026-03-04 12:20:50'),
(119, 4, 464, 'status_change', 'Durum guncellendi', 'Durum: To Do -> In Progress', NULL, NULL, NULL, NULL, '{\"old_status\":\"todo\",\"new_status\":\"active\"}', '2026-03-04 12:20:50', '2026-03-04 12:20:50'),
(120, 5, 464, 'status_change', 'Durum guncellendi', 'Durum: Done -> In Progress', NULL, NULL, NULL, NULL, '{\"old_status\":\"done\",\"new_status\":\"active\"}', '2026-03-04 12:20:51', '2026-03-04 12:20:51'),
(121, 5, 464, 'status_change', 'Durum guncellendi', 'Durum: In Progress -> To Do', NULL, NULL, NULL, NULL, '{\"old_status\":\"active\",\"new_status\":\"todo\"}', '2026-03-04 12:20:52', '2026-03-04 12:20:52'),
(122, 4, 464, 'status_change', 'Durum guncellendi', 'Durum: In Progress -> To Do', NULL, NULL, NULL, NULL, '{\"old_status\":\"active\",\"new_status\":\"todo\"}', '2026-03-04 12:20:52', '2026-03-04 12:20:52'),
(123, 4, 464, 'status_change', 'Durum guncellendi', 'Durum: To Do -> In Progress', NULL, NULL, NULL, NULL, '{\"old_status\":\"todo\",\"new_status\":\"active\"}', '2026-03-04 12:20:53', '2026-03-04 12:20:53'),
(124, 4, 464, 'status_change', 'Durum guncellendi', 'Durum: In Progress -> Done', NULL, NULL, NULL, NULL, '{\"old_status\":\"active\",\"new_status\":\"done\"}', '2026-03-04 12:20:54', '2026-03-04 12:20:54'),
(125, 5, 464, 'status_change', 'Durum guncellendi', 'Durum: To Do -> In Progress', NULL, NULL, NULL, NULL, '{\"old_status\":\"todo\",\"new_status\":\"active\"}', '2026-03-04 12:20:54', '2026-03-04 12:20:54'),
(126, 4, 464, 'status_change', 'Durum guncellendi', 'Durum: Done -> To Do', NULL, NULL, NULL, NULL, '{\"old_status\":\"done\",\"new_status\":\"todo\"}', '2026-03-04 12:20:55', '2026-03-04 12:20:55'),
(127, 5, 464, 'status_change', 'Durum guncellendi', 'Durum: In Progress -> To Do', NULL, NULL, NULL, NULL, '{\"old_status\":\"active\",\"new_status\":\"todo\"}', '2026-03-04 12:20:57', '2026-03-04 12:20:57'),
(128, 5, 464, 'status_change', 'Durum guncellendi', 'Durum: To Do -> In Progress', NULL, NULL, NULL, NULL, '{\"old_status\":\"todo\",\"new_status\":\"active\"}', '2026-03-04 12:21:00', '2026-03-04 12:21:00'),
(129, 5, 464, 'status_change', 'Durum guncellendi', 'Durum: In Progress -> To Do', NULL, NULL, NULL, NULL, '{\"old_status\":\"active\",\"new_status\":\"todo\"}', '2026-03-04 12:21:01', '2026-03-04 12:21:01'),
(130, 4, 464, 'status_change', 'Durum guncellendi', 'Durum: To Do -> In Progress', NULL, NULL, NULL, NULL, '{\"old_status\":\"todo\",\"new_status\":\"active\"}', '2026-03-04 12:21:02', '2026-03-04 12:21:02'),
(131, 4, 464, 'status_change', 'Durum guncellendi', 'Durum: In Progress -> To Do', NULL, NULL, NULL, NULL, '{\"old_status\":\"active\",\"new_status\":\"todo\"}', '2026-03-04 12:21:03', '2026-03-04 12:21:03'),
(132, 5, 464, 'status_change', 'Durum guncellendi', 'Durum: To Do -> In Progress', NULL, NULL, NULL, NULL, '{\"old_status\":\"todo\",\"new_status\":\"active\"}', '2026-03-04 12:21:04', '2026-03-04 12:21:04'),
(133, 5, 464, 'status_change', 'Durum guncellendi', 'Durum: In Progress -> To Do', NULL, NULL, NULL, NULL, '{\"old_status\":\"active\",\"new_status\":\"todo\"}', '2026-03-04 12:21:05', '2026-03-04 12:21:05'),
(134, 4, 464, 'status_change', 'Durum guncellendi', 'Durum: To Do -> In Progress', NULL, NULL, NULL, NULL, '{\"old_status\":\"todo\",\"new_status\":\"active\"}', '2026-03-04 12:21:06', '2026-03-04 12:21:06'),
(135, 4, 464, 'status_change', 'Durum guncellendi', 'Durum: In Progress -> To Do', NULL, NULL, NULL, NULL, '{\"old_status\":\"active\",\"new_status\":\"todo\"}', '2026-03-04 12:21:07', '2026-03-04 12:21:07'),
(136, 4, 464, 'status_change', 'Durum guncellendi', 'Durum: To Do -> Done', NULL, NULL, NULL, NULL, '{\"old_status\":\"todo\",\"new_status\":\"done\"}', '2026-03-04 12:21:07', '2026-03-04 12:21:07'),
(137, 5, 464, 'status_change', 'Durum guncellendi', 'Durum: To Do -> In Progress', NULL, NULL, NULL, NULL, '{\"old_status\":\"todo\",\"new_status\":\"active\"}', '2026-03-05 11:35:34', '2026-03-05 11:35:34'),
(138, 5, 464, 'status_change', 'Durum guncellendi', 'Durum: In Progress -> To Do', NULL, NULL, NULL, NULL, '{\"old_status\":\"active\",\"new_status\":\"todo\"}', '2026-03-06 05:44:57', '2026-03-06 05:44:57'),
(139, 4, 464, 'status_change', 'Durum guncellendi', 'Durum: Done -> In Progress', NULL, NULL, NULL, NULL, '{\"old_status\":\"done\",\"new_status\":\"active\"}', '2026-03-06 05:44:58', '2026-03-06 05:44:58'),
(140, 5, 464, 'status_change', 'Durum guncellendi', 'Durum: To Do -> Done', NULL, NULL, NULL, NULL, '{\"old_status\":\"todo\",\"new_status\":\"done\"}', '2026-03-06 05:44:59', '2026-03-06 05:44:59'),
(141, 4, 464, 'status_change', 'Durum guncellendi', 'Durum: In Progress -> To Do', NULL, NULL, NULL, NULL, '{\"old_status\":\"active\",\"new_status\":\"todo\"}', '2026-03-06 05:45:00', '2026-03-06 05:45:00'),
(142, 5, 464, 'status_change', 'Durum guncellendi', 'Durum: Done -> In Progress', NULL, NULL, NULL, NULL, '{\"old_status\":\"done\",\"new_status\":\"active\"}', '2026-03-06 05:45:01', '2026-03-06 05:45:01'),
(143, 4, 464, 'status_change', 'Durum guncellendi', 'Durum: To Do -> Done', NULL, NULL, NULL, NULL, '{\"old_status\":\"todo\",\"new_status\":\"done\"}', '2026-03-06 05:45:02', '2026-03-06 05:45:02'),
(144, 5, 464, 'status_change', 'Durum güncellendi', 'Durum: In Progress -> To Do', NULL, NULL, NULL, NULL, '{\"old_status\":\"active\",\"new_status\":\"todo\"}', '2026-03-06 07:23:26', '2026-03-06 07:23:26'),
(145, 5, 464, 'status_change', 'Durum güncellendi', 'Durum: To Do -> In Progress', NULL, NULL, NULL, NULL, '{\"old_status\":\"todo\",\"new_status\":\"active\"}', '2026-03-06 07:23:26', '2026-03-06 07:23:26'),
(146, 5, 464, 'status_change', 'Durum güncellendi', 'Durum: In Progress -> To Do', NULL, NULL, NULL, NULL, '{\"old_status\":\"active\",\"new_status\":\"todo\"}', '2026-03-06 07:23:27', '2026-03-06 07:23:27'),
(147, 5, 464, 'status_change', 'Durum güncellendi', 'Durum: To Do -> In Progress', NULL, NULL, NULL, NULL, '{\"old_status\":\"todo\",\"new_status\":\"active\"}', '2026-03-06 07:23:28', '2026-03-06 07:23:28'),
(148, 5, 464, 'status_change', 'Durum güncellendi', 'Durum: In Progress -> To Do', NULL, NULL, NULL, NULL, '{\"old_status\":\"active\",\"new_status\":\"todo\"}', '2026-03-10 06:33:11', '2026-03-10 06:33:11'),
(149, 4, 464, 'status_change', 'Durum güncellendi', 'Durum: Done -> In Progress', NULL, NULL, NULL, NULL, '{\"old_status\":\"done\",\"new_status\":\"active\"}', '2026-03-10 13:29:45', '2026-03-10 13:29:45'),
(150, 4, 464, 'status_change', 'Durum güncellendi', 'Durum: In Progress -> Done', NULL, NULL, NULL, NULL, '{\"old_status\":\"active\",\"new_status\":\"done\"}', '2026-03-10 13:29:45', '2026-03-10 13:29:45');

-- --------------------------------------------------------

--
-- Tablo için tablo yapısı `menu_permissions`
--

