CREATE TABLE `erp_sync_logs` (
  `id` int(11) NOT NULL,
  `created_at` datetime NOT NULL,
  `is_auto` tinyint(1) NOT NULL DEFAULT 0,
  `status` varchar(20) NOT NULL,
  `summary_json` mediumtext NOT NULL
) ENGINE=InnoDB DEFAULT CHARSET=utf8mb4 COLLATE=utf8mb4_general_ci;

--
-- Tablo döküm verisi `erp_sync_logs`
--

INSERT INTO `erp_sync_logs` (`id`, `created_at`, `is_auto`, `status`, `summary_json`) VALUES
(54, '2026-01-08 14:31:35', 0, 'error', '{\"auto\":false,\"responsibility_centers\":{\"inserted\":0,\"updated\":0,\"skipped\":0,\"errors\":[],\"warnings\":[]},\"employees\":{\"inserted\":0,\"updated\":0,\"skipped\":0,\"errors\":[],\"warnings\":[]},\"users\":{\"inserted\":0,\"updated\":0,\"skipped\":0,\"errors\":[],\"warnings\":[]},\"errors\":[\"SQLSRV sürücüsü bulunamadı.\"]}'),
(55, '2026-01-08 14:50:55', 0, 'error', '{\"auto\":false,\"responsibility_centers\":{\"inserted\":0,\"updated\":0,\"skipped\":0,\"errors\":[],\"warnings\":[]},\"employees\":{\"inserted\":0,\"updated\":0,\"skipped\":0,\"errors\":[],\"warnings\":[]},\"users\":{\"inserted\":0,\"updated\":0,\"skipped\":0,\"errors\":[],\"warnings\":[]},\"errors\":[\"SQLSRV sürücüsü bulunamadı.\"]}'),
(56, '2026-01-08 14:51:05', 0, 'error', '{\"auto\":false,\"responsibility_centers\":{\"inserted\":0,\"updated\":0,\"skipped\":0,\"errors\":[],\"warnings\":[]},\"employees\":{\"inserted\":0,\"updated\":0,\"skipped\":0,\"errors\":[],\"warnings\":[]},\"users\":{\"inserted\":0,\"updated\":0,\"skipped\":0,\"errors\":[],\"warnings\":[]},\"errors\":[\"SQLSRV sürücüsü bulunamadı.\"]}'),
(57, '2026-01-08 14:52:38', 0, 'ok', '{\"auto\":false,\"responsibility_centers\":{\"inserted\":133,\"updated\":0,\"skipped\":0,\"errors\":[],\"warnings\":[]},\"employees\":{\"inserted\":1469,\"updated\":0,\"skipped\":3,\"errors\":[],\"warnings\":[\"Sorumluluk merkezi bulunamadı: KODU - BSR, KODU - GMS, 100.020 - PB\"]},\"users\":{\"inserted\":0,\"updated\":129,\"skipped\":1,\"errors\":[],\"warnings\":[\"Atlanan kayıtlar: M188 - Eksik veya geçersiz veri\"]},\"errors\":[]}'),
(58, '2026-01-09 05:22:17', 1, 'ok', '{\"auto\":true,\"responsibility_centers\":{\"inserted\":0,\"updated\":0,\"skipped\":0,\"errors\":[],\"warnings\":[]},\"employees\":{\"inserted\":4,\"updated\":1469,\"skipped\":3,\"errors\":[],\"warnings\":[\"Sorumluluk merkezi bulunamadı: KODU - BSR, KODU - GMS, 100.020 - PB\"]},\"users\":{\"inserted\":0,\"updated\":129,\"skipped\":1,\"errors\":[],\"warnings\":[\"Atlanan kayıtlar: M188 - Eksik veya geçersiz veri\"]},\"errors\":[]}'),
(59, '2026-01-09 05:27:34', 0, 'ok', '{\"auto\":false,\"responsibility_centers\":{\"inserted\":0,\"updated\":0,\"skipped\":0,\"errors\":[],\"warnings\":[]},\"employees\":{\"inserted\":0,\"updated\":1473,\"skipped\":3,\"errors\":[],\"warnings\":[\"Sorumluluk merkezi bulunamadı: KODU - BSR, KODU - GMS, 100.020 - PB\"]},\"users\":{\"inserted\":0,\"updated\":129,\"skipped\":1,\"errors\":[],\"warnings\":[\"Atlanan kayıtlar: M188 - Eksik veya geçersiz veri\"]},\"errors\":[]}'),
(60, '2026-01-09 08:47:29', 0, 'ok', '{\"auto\":false,\"responsibility_centers\":{\"inserted\":0,\"updated\":0,\"skipped\":0,\"errors\":[],\"warnings\":[]},\"employees\":{\"inserted\":0,\"updated\":1473,\"skipped\":3,\"errors\":[],\"warnings\":[\"Sorumluluk merkezi bulunamadı: KODU - BSR, KODU - GMS, 100.020 - PB\"]},\"users\":{\"inserted\":0,\"updated\":129,\"skipped\":1,\"errors\":[],\"warnings\":[\"Atlanan kayıtlar: M188 - Eksik veya geçersiz veri\"]},\"errors\":[]}'),
(61, '2026-01-09 09:24:06', 1, 'ok', '{\"auto\":true,\"responsibility_centers\":{\"inserted\":0,\"updated\":0,\"skipped\":0,\"errors\":[],\"warnings\":[]},\"employees\":{\"inserted\":0,\"updated\":1473,\"skipped\":3,\"errors\":[],\"warnings\":[\"Sorumluluk merkezi bulunamadı: KODU - BSR, KODU - GMS, 100.020 - PB\"]},\"users\":{\"inserted\":0,\"updated\":129,\"skipped\":1,\"errors\":[],\"warnings\":[\"Atlanan kayıtlar: M188 - Eksik veya geçersiz veri\"]},\"errors\":[]}'),
(62, '2026-01-09 13:22:53', 0, 'ok', '{\"auto\":false,\"responsibility_centers\":{\"inserted\":0,\"updated\":0,\"skipped\":0,\"errors\":[],\"warnings\":[]},\"employees\":{\"inserted\":0,\"updated\":1473,\"skipped\":3,\"errors\":[],\"warnings\":[\"Sorumluluk merkezi bulunamadı: KODU - BSR, KODU - GMS, 100.020 - PB\"]},\"users\":{\"inserted\":0,\"updated\":129,\"skipped\":1,\"errors\":[],\"warnings\":[\"Atlanan kayıtlar: M188 - Eksik veya geçersiz veri\"]},\"errors\":[]}'),
(63, '2026-01-12 13:24:09', 1, 'ok', '{\"auto\":true,\"responsibility_centers\":{\"inserted\":0,\"updated\":0,\"skipped\":0,\"errors\":[],\"warnings\":[]},\"employees\":{\"inserted\":4,\"updated\":1473,\"skipped\":3,\"errors\":[],\"warnings\":[\"Sorumluluk merkezi bulunamadı: KODU - BSR, KODU - GMS, 100.020 - PB\"]},\"users\":{\"inserted\":0,\"updated\":129,\"skipped\":1,\"errors\":[],\"warnings\":[\"Atlanan kayıtlar: M188 - Eksik veya geçersiz veri\"]},\"errors\":[]}'),
(64, '2026-01-13 13:41:15', 1, 'ok', '{\"auto\":true,\"responsibility_centers\":{\"inserted\":0,\"updated\":0,\"skipped\":0,\"errors\":[],\"warnings\":[]},\"employees\":{\"inserted\":9,\"updated\":1477,\"skipped\":3,\"errors\":[],\"warnings\":[\"Sorumluluk merkezi bulunamadı: KODU - BSR, KODU - GMS, 100.020 - PB\"]},\"users\":{\"inserted\":0,\"updated\":129,\"skipped\":1,\"errors\":[],\"warnings\":[\"Atlanan kayıtlar: M188 - Eksik veya geçersiz veri\"]},\"errors\":[]}'),
(65, '2026-01-14 09:29:54', 0, 'ok', '{\"auto\":false,\"responsibility_centers\":{\"inserted\":0,\"updated\":0,\"skipped\":0,\"errors\":[],\"warnings\":[]},\"employees\":{\"inserted\":2,\"updated\":1486,\"skipped\":3,\"errors\":[],\"warnings\":[\"Sorumluluk merkezi bulunamadı: KODU - BSR, KODU - GMS, 100.020 - PB\"]},\"users\":{\"inserted\":0,\"updated\":129,\"skipped\":1,\"errors\":[],\"warnings\":[\"Atlanan kayıtlar: M188 - Eksik veya geçersiz veri\"]},\"errors\":[]}'),
(66, '2026-01-14 09:30:07', 0, 'ok', '{\"auto\":false,\"responsibility_centers\":{\"inserted\":0,\"updated\":0,\"skipped\":0,\"errors\":[],\"warnings\":[]},\"employees\":{\"inserted\":0,\"updated\":1488,\"skipped\":3,\"errors\":[],\"warnings\":[\"Sorumluluk merkezi bulunamadı: KODU - BSR, KODU - GMS, 100.020 - PB\"]},\"users\":{\"inserted\":0,\"updated\":129,\"skipped\":1,\"errors\":[],\"warnings\":[\"Atlanan kayıtlar: M188 - Eksik veya geçersiz veri\"]},\"errors\":[]}'),
(67, '2026-01-14 09:30:08', 1, 'ok', '{\"auto\":true,\"responsibility_centers\":{\"inserted\":0,\"updated\":0,\"skipped\":0,\"errors\":[],\"warnings\":[]},\"employees\":{\"inserted\":0,\"updated\":1488,\"skipped\":3,\"errors\":[],\"warnings\":[\"Sorumluluk merkezi bulunamadı: KODU - BSR, KODU - GMS, 100.020 - PB\"]},\"users\":{\"inserted\":0,\"updated\":129,\"skipped\":1,\"errors\":[],\"warnings\":[\"Atlanan kayıtlar: M188 - Eksik veya geçersiz veri\"]},\"errors\":[]}'),
(68, '2026-01-14 09:31:41', 0, 'ok', '{\"auto\":false,\"responsibility_centers\":{\"inserted\":0,\"updated\":0,\"skipped\":0,\"errors\":[],\"warnings\":[]},\"employees\":{\"inserted\":0,\"updated\":1488,\"skipped\":3,\"errors\":[],\"warnings\":[\"Sorumluluk merkezi bulunamadı: KODU - BSR, KODU - GMS, 100.020 - PB\"]},\"users\":{\"inserted\":0,\"updated\":129,\"skipped\":1,\"errors\":[],\"warnings\":[\"Atlanan kayıtlar: M188 - Eksik veya geçersiz veri\"]},\"errors\":[]}'),
(69, '2026-01-14 09:32:00', 0, 'ok', '{\"auto\":false,\"responsibility_centers\":{\"inserted\":0,\"updated\":0,\"skipped\":0,\"errors\":[],\"warnings\":[]},\"employees\":{\"inserted\":0,\"updated\":1488,\"skipped\":3,\"errors\":[],\"warnings\":[\"Sorumluluk merkezi bulunamadı: KODU - BSR, KODU - GMS, 100.020 - PB\"]},\"users\":{\"inserted\":0,\"updated\":129,\"skipped\":1,\"errors\":[],\"warnings\":[\"Atlanan kayıtlar: M188 - Eksik veya geçersiz veri\"]},\"errors\":[]}'),
(70, '2026-01-14 09:37:45', 0, 'ok', '{\"auto\":false,\"responsibility_centers\":{\"inserted\":0,\"updated\":0,\"skipped\":0,\"errors\":[],\"warnings\":[]},\"employees\":{\"inserted\":0,\"updated\":1488,\"skipped\":3,\"errors\":[],\"warnings\":[\"Sorumluluk merkezi bulunamadı: KODU - BSR, KODU - GMS, 100.020 - PB\"]},\"users\":{\"inserted\":0,\"updated\":129,\"skipped\":1,\"errors\":[],\"warnings\":[\"Atlanan kayıtlar: M188 - Eksik veya geçersiz veri\"]},\"errors\":[]}'),
(71, '2026-01-14 09:41:04', 0, 'ok', '{\"auto\":false,\"responsibility_centers\":{\"inserted\":0,\"updated\":0,\"skipped\":0,\"errors\":[],\"warnings\":[]},\"employees\":{\"inserted\":0,\"updated\":1488,\"skipped\":3,\"errors\":[],\"warnings\":[\"Sorumluluk merkezi bulunamadı: KODU - BSR, KODU - GMS, 100.020 - PB\"]},\"users\":{\"inserted\":0,\"updated\":129,\"skipped\":1,\"errors\":[],\"warnings\":[\"Atlanan kayıtlar: M188 - Eksik veya geçersiz veri\"]},\"errors\":[]}'),
(72, '2026-01-14 09:50:11', 0, 'ok', '{\"auto\":false,\"responsibility_centers\":{\"inserted\":0,\"updated\":0,\"skipped\":0,\"errors\":[],\"warnings\":[]},\"employees\":{\"inserted\":0,\"updated\":1488,\"skipped\":3,\"errors\":[],\"warnings\":[\"Sorumluluk merkezi bulunamadı: KODU - BSR, KODU - GMS, 100.020 - PB\"]},\"users\":{\"inserted\":0,\"updated\":129,\"skipped\":1,\"errors\":[],\"warnings\":[\"Atlanan kayıtlar: M188 - Eksik veya geçersiz veri\"]},\"errors\":[]}'),
(73, '2026-01-14 09:53:32', 0, 'ok', '{\"auto\":false,\"responsibility_centers\":{\"inserted\":0,\"updated\":0,\"skipped\":0,\"errors\":[],\"warnings\":[]},\"employees\":{\"inserted\":0,\"updated\":1488,\"skipped\":3,\"errors\":[],\"warnings\":[\"Sorumluluk merkezi bulunamadı: KODU - BSR, KODU - GMS, 100.020 - PB\"]},\"users\":{\"inserted\":0,\"updated\":129,\"skipped\":1,\"errors\":[],\"warnings\":[\"Atlanan kayıtlar: M188 - Eksik veya geçersiz veri\"]},\"errors\":[]}'),
(74, '2026-01-14 09:58:50', 0, 'ok', '{\"auto\":false,\"responsibility_centers\":{\"inserted\":0,\"updated\":0,\"skipped\":0,\"errors\":[],\"warnings\":[]},\"employees\":{\"inserted\":0,\"updated\":1488,\"skipped\":3,\"errors\":[],\"warnings\":[\"Sorumluluk merkezi bulunamadı: KODU - BSR, KODU - GMS, 100.020 - PB\"]},\"users\":{\"inserted\":0,\"updated\":129,\"skipped\":1,\"errors\":[],\"warnings\":[\"Atlanan kayıtlar: M188 - Eksik veya geçersiz veri\"]},\"errors\":[]}'),
(75, '2026-01-14 10:01:37', 0, 'ok', '{\"auto\":false,\"responsibility_centers\":{\"inserted\":0,\"updated\":0,\"skipped\":0,\"errors\":[],\"warnings\":[]},\"employees\":{\"inserted\":0,\"updated\":1488,\"skipped\":3,\"errors\":[],\"warnings\":[\"Sorumluluk merkezi bulunamadı: KODU - BSR, KODU - GMS, 100.020 - PB\"]},\"users\":{\"inserted\":0,\"updated\":129,\"skipped\":1,\"errors\":[],\"warnings\":[\"Atlanan kayıtlar: M188 - Eksik veya geçersiz veri\"]},\"errors\":[]}'),
(76, '2026-01-15 09:51:36', 1, 'ok', '{\"auto\":true,\"responsibility_centers\":{\"inserted\":0,\"updated\":0,\"skipped\":0,\"errors\":[],\"warnings\":[]},\"employees\":{\"inserted\":2,\"updated\":1488,\"skipped\":3,\"errors\":[],\"warnings\":[\"Sorumluluk merkezi bulunamadı: KODU - BSR, KODU - GMS, 100.020 - PB\"]},\"users\":{\"inserted\":3,\"updated\":126,\"skipped\":1,\"errors\":[],\"warnings\":[\"Atlanan kayıtlar: M188 - Eksik veya geçersiz veri\"]},\"errors\":[]}'),
(77, '2026-01-15 16:16:23', 0, 'ok', '{\"auto\":false,\"responsibility_centers\":{\"inserted\":0,\"updated\":0,\"skipped\":0,\"errors\":[],\"warnings\":[]},\"employees\":{\"inserted\":2,\"updated\":1490,\"skipped\":3,\"errors\":[],\"warnings\":[\"Sorumluluk merkezi bulunamadı: KODU - BSR, KODU - GMS, 100.020 - PB\"]},\"users\":{\"inserted\":0,\"updated\":129,\"skipped\":1,\"errors\":[],\"warnings\":[\"Atlanan kayıtlar: M188 - Eksik veya geçersiz veri\"]},\"errors\":[]}'),
(78, '2026-01-16 08:23:00', 1, 'ok', '{\"auto\":true,\"responsibility_centers\":{\"inserted\":0,\"updated\":0,\"skipped\":0,\"errors\":[],\"warnings\":[]},\"employees\":{\"inserted\":0,\"updated\":1492,\"skipped\":3,\"errors\":[],\"warnings\":[\"Sorumluluk merkezi bulunamadı: KODU - BSR, KODU - GMS, 100.020 - PB\"]},\"users\":{\"inserted\":0,\"updated\":129,\"skipped\":1,\"errors\":[],\"warnings\":[\"Atlanan kayıtlar: M188 - Eksik veya geçersiz veri\"]},\"errors\":[]}'),
(79, '2026-01-19 11:08:38', 0, 'ok', '{\"auto\":false,\"responsibility_centers\":{\"inserted\":0,\"updated\":1,\"skipped\":0,\"errors\":[],\"warnings\":[]},\"employees\":{\"inserted\":9,\"updated\":1492,\"skipped\":3,\"errors\":[],\"warnings\":[\"Sorumluluk merkezi bulunamadı: KODU - BSR, KODU - GMS, 100.020 - PB\"]},\"users\":{\"inserted\":0,\"updated\":129,\"skipped\":1,\"errors\":[],\"warnings\":[\"Atlanan kayıtlar: M188 - Eksik veya geçersiz veri\"]},\"errors\":[]}'),
(80, '2026-01-19 11:08:39', 1, 'ok', '{\"auto\":true,\"responsibility_centers\":{\"inserted\":0,\"updated\":0,\"skipped\":0,\"errors\":[],\"warnings\":[]},\"employees\":{\"inserted\":0,\"updated\":1501,\"skipped\":3,\"errors\":[],\"warnings\":[\"Sorumluluk merkezi bulunamadı: KODU - BSR, KODU - GMS, 100.020 - PB\"]},\"users\":{\"inserted\":0,\"updated\":129,\"skipped\":1,\"errors\":[],\"warnings\":[\"Atlanan kayıtlar: M188 - Eksik veya geçersiz veri\"]},\"errors\":[]}'),
(81, '2026-01-23 14:21:56', 0, 'ok', '{\"auto\":false,\"responsibility_centers\":{\"inserted\":0,\"updated\":0,\"skipped\":0,\"errors\":[],\"warnings\":[]},\"employees\":{\"inserted\":23,\"updated\":1500,\"skipped\":3,\"errors\":[],\"warnings\":[\"Sorumluluk merkezi bulunamadı: KODU - BSR, KODU - GMS, 100.020 - PB\"]},\"users\":{\"inserted\":0,\"updated\":129,\"skipped\":1,\"errors\":[],\"warnings\":[\"Atlanan kayıtlar: M188 - Eksik veya geçersiz veri\"]},\"errors\":[]}'),
(82, '2026-01-23 14:21:57', 1, 'ok', '{\"auto\":true,\"responsibility_centers\":{\"inserted\":0,\"updated\":0,\"skipped\":0,\"errors\":[],\"warnings\":[]},\"employees\":{\"inserted\":0,\"updated\":1523,\"skipped\":3,\"errors\":[],\"warnings\":[\"Sorumluluk merkezi bulunamadı: KODU - BSR, KODU - GMS, 100.020 - PB\"]},\"users\":{\"inserted\":0,\"updated\":129,\"skipped\":1,\"errors\":[],\"warnings\":[\"Atlanan kayıtlar: M188 - Eksik veya geçersiz veri\"]},\"errors\":[]}'),
(83, '2026-01-26 08:57:52', 0, 'ok', '{\"auto\":false,\"responsibility_centers\":{\"inserted\":0,\"updated\":0,\"skipped\":0,\"errors\":[],\"warnings\":[]},\"employees\":{\"inserted\":2,\"updated\":1523,\"skipped\":3,\"errors\":[],\"warnings\":[\"Sorumluluk merkezi bulunamadı: KODU - BSR, KODU - GMS, 100.020 - PB\"]},\"users\":{\"inserted\":0,\"updated\":129,\"skipped\":1,\"errors\":[],\"warnings\":[\"Atlanan kayıtlar: M188 - Eksik veya geçersiz veri\"]},\"errors\":[]}'),
(84, '2026-01-26 08:57:53', 1, 'ok', '{\"auto\":true,\"responsibility_centers\":{\"inserted\":0,\"updated\":0,\"skipped\":0,\"errors\":[],\"warnings\":[]},\"employees\":{\"inserted\":0,\"updated\":1525,\"skipped\":3,\"errors\":[],\"warnings\":[\"Sorumluluk merkezi bulunamadı: KODU - BSR, KODU - GMS, 100.020 - PB\"]},\"users\":{\"inserted\":0,\"updated\":129,\"skipped\":1,\"errors\":[],\"warnings\":[\"Atlanan kayıtlar: M188 - Eksik veya geçersiz veri\"]},\"errors\":[]}'),
(85, '2026-02-02 12:44:08', 1, 'ok', '{\"auto\":true,\"responsibility_centers\":{\"inserted\":0,\"updated\":0,\"skipped\":0,\"errors\":[],\"warnings\":[]},\"employees\":{\"inserted\":9,\"updated\":1525,\"skipped\":3,\"errors\":[],\"warnings\":[\"Sorumluluk merkezi bulunamadı: KODU - BSR, KODU - GMS, 100.020 - PB\"]},\"users\":{\"inserted\":0,\"updated\":129,\"skipped\":1,\"errors\":[],\"warnings\":[\"Atlanan kayıtlar: M188 - Eksik veya geçersiz veri\"]},\"errors\":[]}'),
(86, '2026-02-04 15:46:26', 1, 'error', '{\"auto\":true,\"responsibility_centers\":{\"inserted\":0,\"updated\":0,\"skipped\":0,\"errors\":[],\"warnings\":[]},\"employees\":{\"inserted\":10,\"updated\":1512,\"skipped\":3,\"errors\":[\"SQLSTATE[23000]: Integrity constraint violation: 1048 Column \'name\' cannot be null\"],\"warnings\":[\"Sorumluluk merkezi bulunamadı: KODU - BSR, KODU - GMS, 100.020 - PB\"]},\"users\":{\"inserted\":0,\"updated\":129,\"skipped\":1,\"errors\":[],\"warnings\":[\"Atlanan kayıtlar: M188 - Eksik veya geçersiz veri\"]},\"errors\":[]}'),
(87, '2026-02-11 09:52:13', 1, 'error', '{\"auto\":true,\"responsibility_centers\":{\"inserted\":0,\"updated\":0,\"skipped\":0,\"errors\":[],\"warnings\":[]},\"employees\":{\"inserted\":24,\"updated\":1532,\"skipped\":3,\"errors\":[],\"warnings\":[\"Sorumluluk merkezi bulunamadı: KODU - BSR, KODU - GMS, 100.020 - PB\"]},\"users\":{\"inserted\":20,\"updated\":37,\"skipped\":1,\"errors\":[\"SQLSTATE[23000]: Integrity constraint violation: 1062 Duplicate entry \'gorukle@peynircibaba.com.tr\' for key \'email\'\"],\"warnings\":[\"Atlanan kayıtlar: BAYI.164 - E-posta başka bir koda bağlı (cinaronu@peynircibaba.com.tr)\"]},\"errors\":[]}'),
(88, '2026-02-11 09:52:13', 1, 'error', '{\"auto\":true,\"responsibility_centers\":{\"inserted\":0,\"updated\":0,\"skipped\":0,\"errors\":[],\"warnings\":[]},\"employees\":{\"inserted\":0,\"updated\":167,\"skipped\":2,\"errors\":[\"SQLSTATE[23000]: Integrity constraint violation: 1062 Duplicate entry \'00084-PEYBA\' for key \'uniq_employee_code_company\'\"],\"warnings\":[\"Sorumluluk merkezi bulunamadı: KODU - BSR, KODU - GMS\"]},\"users\":{\"inserted\":52,\"updated\":146,\"skipped\":13,\"errors\":[],\"warnings\":[\"Atlanan kayıtlar: BAYI.164 - E-posta başka bir koda bağlı (cinaronu@peynircibaba.com.tr), BAYI.40 - E-posta başka bir koda bağlı (akpinar@peynircibaba.com.tr), BAYI.127 - E-posta başka bir koda bağlı (erenkoy@peynircibaba.com.tr), BAYI.152 - E-posta başka bir koda bağlı (esenyali@peynircibaba.com.tr), BAYI.155 - E-posta başka bir koda bağlı (karacabey@peynircibaba.com.tr), BAYI.151 - E-posta başka bir koda bağlı (kemalpasa@peynircibaba.com.tr), BAYI.128 - E-posta başka bir koda bağlı (maltepe2@peynircibaba.com.tr), BAYI.150 - E-posta başka bir koda bağlı (milletmahallesi2@peynircibaba.com.tr), BAYI.62 - E-posta başka bir koda bağlı (tuzla2@peynircibaba.com.tr), BAYI.82 - E-posta başka bir koda bağlı (yuvacik@peynircibaba.com.tr), BAYI.180 - E-posta başka bir koda bağlı (ordusahincili@peynircibaba.com.tr), BAYI.177 - E-posta başka bir koda bağlı (eregli@peynircibaba.com.tr), BAYI.204 - E-posta başka bir koda bağlı (eskisehir.asarcikli@peynircibaba.com.tr)\"]},\"errors\":[]}'),
(89, '2026-02-17 14:20:28', 0, 'error', '{\"auto\":false,\"responsibility_centers\":{\"inserted\":0,\"updated\":0,\"skipped\":0,\"errors\":[],\"warnings\":[]},\"employees\":{\"inserted\":0,\"updated\":0,\"skipped\":0,\"errors\":[\"[Microsoft][ODBC Driver 18 for SQL Server][SQL Server]The server principal \\\"ebauser\\\" is not able to access the database \\\"MikroDB_V16_NETBA\\\" under the current security context.\"],\"warnings\":[]},\"users\":{\"inserted\":1,\"updated\":197,\"skipped\":14,\"errors\":[],\"warnings\":[\"Atlanan kayıtlar: BAYI.20 - E-posta başka bir koda bağlı (boluborazanlar@peynircibaba.com.tr), BAYI.164 - E-posta başka bir koda bağlı (cinaronu@peynircibaba.com.tr), BAYI.40 - E-posta başka bir koda bağlı (akpinar@peynircibaba.com.tr), BAYI.127 - E-posta başka bir koda bağlı (erenkoy@peynircibaba.com.tr), BAYI.152 - E-posta başka bir koda bağlı (esenyali@peynircibaba.com.tr), BAYI.155 - E-posta başka bir koda bağlı (karacabey@peynircibaba.com.tr), BAYI.151 - E-posta başka bir koda bağlı (kemalpasa@peynircibaba.com.tr), BAYI.128 - E-posta başka bir koda bağlı (maltepe2@peynircibaba.com.tr), BAYI.150 - E-posta başka bir koda bağlı (milletmahallesi2@peynircibaba.com.tr), BAYI.62 - E-posta başka bir koda bağlı (tuzla2@peynircibaba.com.tr), BAYI.82 - E-posta başka bir koda bağlı (yuvacik@peynircibaba.com.tr), BAYI.180 - E-posta başka bir koda bağlı (ordusahincili@peynircibaba.com.tr), BAYI.177 - E-posta başka bir koda bağlı (eregli@peynircibaba.com.tr), BAYI.204 - E-posta başka bir koda bağlı (eskisehir.asarcikli@peynircibaba.com.tr)\"]},\"errors\":[]}'),
(90, '2026-02-17 14:20:28', 1, 'error', '{\"auto\":true,\"responsibility_centers\":{\"inserted\":0,\"updated\":0,\"skipped\":0,\"errors\":[],\"warnings\":[]},\"employees\":{\"inserted\":0,\"updated\":0,\"skipped\":0,\"errors\":[\"[Microsoft][ODBC Driver 18 for SQL Server][SQL Server]The server principal \\\"ebauser\\\" is not able to access the database \\\"MikroDB_V16_NETBA\\\" under the current security context.\"],\"warnings\":[]},\"users\":{\"inserted\":0,\"updated\":198,\"skipped\":14,\"errors\":[],\"warnings\":[\"Atlanan kayıtlar: BAYI.20 - E-posta başka bir koda bağlı (boluborazanlar@peynircibaba.com.tr), BAYI.164 - E-posta başka bir koda bağlı (cinaronu@peynircibaba.com.tr), BAYI.40 - E-posta başka bir koda bağlı (akpinar@peynircibaba.com.tr), BAYI.127 - E-posta başka bir koda bağlı (erenkoy@peynircibaba.com.tr), BAYI.152 - E-posta başka bir koda bağlı (esenyali@peynircibaba.com.tr), BAYI.155 - E-posta başka bir koda bağlı (karacabey@peynircibaba.com.tr), BAYI.151 - E-posta başka bir koda bağlı (kemalpasa@peynircibaba.com.tr), BAYI.128 - E-posta başka bir koda bağlı (maltepe2@peynircibaba.com.tr), BAYI.150 - E-posta başka bir koda bağlı (milletmahallesi2@peynircibaba.com.tr), BAYI.62 - E-posta başka bir koda bağlı (tuzla2@peynircibaba.com.tr), BAYI.82 - E-posta başka bir koda bağlı (yuvacik@peynircibaba.com.tr), BAYI.180 - E-posta başka bir koda bağlı (ordusahincili@peynircibaba.com.tr), BAYI.177 - E-posta başka bir koda bağlı (eregli@peynircibaba.com.tr), BAYI.204 - E-posta başka bir koda bağlı (eskisehir.asarcikli@peynircibaba.com.tr)\"]},\"errors\":[]}'),
(91, '2026-02-17 14:20:45', 0, 'error', '{\"auto\":false,\"responsibility_centers\":{\"inserted\":0,\"updated\":0,\"skipped\":0,\"errors\":[],\"warnings\":[]},\"employees\":{\"inserted\":0,\"updated\":0,\"skipped\":0,\"errors\":[\"[Microsoft][ODBC Driver 18 for SQL Server][SQL Server]The server principal \\\"ebauser\\\" is not able to access the database \\\"MikroDB_V16_NETBA\\\" under the current security context.\"],\"warnings\":[]},\"users\":{\"inserted\":0,\"updated\":198,\"skipped\":14,\"errors\":[],\"warnings\":[\"Atlanan kayıtlar: BAYI.20 - E-posta başka bir koda bağlı (boluborazanlar@peynircibaba.com.tr), BAYI.164 - E-posta başka bir koda bağlı (cinaronu@peynircibaba.com.tr), BAYI.40 - E-posta başka bir koda bağlı (akpinar@peynircibaba.com.tr), BAYI.127 - E-posta başka bir koda bağlı (erenkoy@peynircibaba.com.tr), BAYI.152 - E-posta başka bir koda bağlı (esenyali@peynircibaba.com.tr), BAYI.155 - E-posta başka bir koda bağlı (karacabey@peynircibaba.com.tr), BAYI.151 - E-posta başka bir koda bağlı (kemalpasa@peynircibaba.com.tr), BAYI.128 - E-posta başka bir koda bağlı (maltepe2@peynircibaba.com.tr), BAYI.150 - E-posta başka bir koda bağlı (milletmahallesi2@peynircibaba.com.tr), BAYI.62 - E-posta başka bir koda bağlı (tuzla2@peynircibaba.com.tr), BAYI.82 - E-posta başka bir koda bağlı (yuvacik@peynircibaba.com.tr), BAYI.180 - E-posta başka bir koda bağlı (ordusahincili@peynircibaba.com.tr), BAYI.177 - E-posta başka bir koda bağlı (eregli@peynircibaba.com.tr), BAYI.204 - E-posta başka bir koda bağlı (eskisehir.asarcikli@peynircibaba.com.tr)\"]},\"errors\":[]}'),
(92, '2026-02-17 14:25:48', 0, 'ok', '{\"auto\":false,\"responsibility_centers\":{\"inserted\":0,\"updated\":0,\"skipped\":0,\"errors\":[],\"warnings\":[]},\"employees\":{\"inserted\":233,\"updated\":3,\"skipped\":0,\"errors\":[],\"warnings\":[\"nt_PERSONEL erisimi basarisiz; eba_PERSONEL kullanildi: [Microsoft][ODBC Driver 18 for SQL Server][SQL Server]The server principal \\\"ebauser\\\" is not able to access the database \\\"MikroDB_V16_NETBA\\\" under the current security context.\",\"Sorumluluk merkezi bulunamadı: 131.K01 - 01.01, A01 - 314, S02 - 304, 131.A01 - 01.01, 131.M01 - 01.01, H12 - 304, B13 - 304, E41 - 304, T25 - 304, S69 - 304, M120 - 304, G40 - 304, B37 - 304, I51 - 304, A123 - 304, O85 - 314, M225 - 305, E159 - 304, S291 - 304, D67 - 304\"]},\"users\":{\"inserted\":0,\"updated\":198,\"skipped\":14,\"errors\":[],\"warnings\":[\"Atlanan kayıtlar: BAYI.20 - E-posta başka bir koda bağlı (boluborazanlar@peynircibaba.com.tr), BAYI.164 - E-posta başka bir koda bağlı (cinaronu@peynircibaba.com.tr), BAYI.40 - E-posta başka bir koda bağlı (akpinar@peynircibaba.com.tr), BAYI.127 - E-posta başka bir koda bağlı (erenkoy@peynircibaba.com.tr), BAYI.152 - E-posta başka bir koda bağlı (esenyali@peynircibaba.com.tr), BAYI.155 - E-posta başka bir koda bağlı (karacabey@peynircibaba.com.tr), BAYI.151 - E-posta başka bir koda bağlı (kemalpasa@peynircibaba.com.tr), BAYI.128 - E-posta başka bir koda bağlı (maltepe2@peynircibaba.com.tr), BAYI.150 - E-posta başka bir koda bağlı (milletmahallesi2@peynircibaba.com.tr), BAYI.62 - E-posta başka bir koda bağlı (tuzla2@peynircibaba.com.tr), BAYI.82 - E-posta başka bir koda bağlı (yuvacik@peynircibaba.com.tr), BAYI.180 - E-posta başka bir koda bağlı (ordusahincili@peynircibaba.com.tr), BAYI.177 - E-posta başka bir koda bağlı (eregli@peynircibaba.com.tr), BAYI.204 - E-posta başka bir koda bağlı (eskisehir.asarcikli@peynircibaba.com.tr)\"]},\"errors\":[]}'),
(93, '2026-02-17 14:42:11', 0, 'ok', '{\"auto\":false,\"responsibility_centers\":{\"inserted\":0,\"updated\":0,\"skipped\":0,\"errors\":[],\"warnings\":[]},\"employees\":{\"inserted\":39,\"updated\":1556,\"skipped\":19,\"errors\":[],\"warnings\":[\"Sorumluluk merkezi bulunamadı: KODU - BSR, KODU - GMS, A040 - 05, D017 - 05, D026 - 02, D027 - 02, F014 - 05, F017 - 05, H026 - 05, I09 - 05, M071 - 05, M103 - 05, N024 - 02, S085 - 02, S087 - 05, S702 - 05, S713 - 02, Z083 - 02, 100.020 - PB\"]},\"users\":{\"inserted\":0,\"updated\":198,\"skipped\":14,\"errors\":[],\"warnings\":[\"Atlanan kayıtlar: BAYI.20 - E-posta başka bir koda bağlı (boluborazanlar@peynircibaba.com.tr), BAYI.164 - E-posta başka bir koda bağlı (cinaronu@peynircibaba.com.tr), BAYI.40 - E-posta başka bir koda bağlı (akpinar@peynircibaba.com.tr), BAYI.127 - E-posta başka bir koda bağlı (erenkoy@peynircibaba.com.tr), BAYI.152 - E-posta başka bir koda bağlı (esenyali@peynircibaba.com.tr), BAYI.155 - E-posta başka bir koda bağlı (karacabey@peynircibaba.com.tr), BAYI.151 - E-posta başka bir koda bağlı (kemalpasa@peynircibaba.com.tr), BAYI.128 - E-posta başka bir koda bağlı (maltepe2@peynircibaba.com.tr), BAYI.150 - E-posta başka bir koda bağlı (milletmahallesi2@peynircibaba.com.tr), BAYI.62 - E-posta başka bir koda bağlı (tuzla2@peynircibaba.com.tr), BAYI.82 - E-posta başka bir koda bağlı (yuvacik@peynircibaba.com.tr), BAYI.180 - E-posta başka bir koda bağlı (ordusahincili@peynircibaba.com.tr), BAYI.177 - E-posta başka bir koda bağlı (eregli@peynircibaba.com.tr), BAYI.204 - E-posta başka bir koda bağlı (eskisehir.asarcikli@peynircibaba.com.tr)\"]},\"errors\":[]}'),
(94, '2026-02-17 14:48:12', 0, 'ok', '{\"auto\":false,\"responsibility_centers\":{\"inserted\":0,\"updated\":0,\"skipped\":0,\"errors\":[],\"warnings\":[]},\"employees\":{\"inserted\":0,\"updated\":1595,\"skipped\":19,\"errors\":[],\"warnings\":[\"Sorumluluk merkezi bulunamadı: KODU - BSR, KODU - GMS, A040 - 05, D017 - 05, D026 - 02, D027 - 02, F014 - 05, F017 - 05, H026 - 05, I09 - 05, M071 - 05, M103 - 05, N024 - 02, S085 - 02, S087 - 05, S702 - 05, S713 - 02, Z083 - 02, 100.020 - PB\"]},\"users\":{\"inserted\":0,\"updated\":198,\"skipped\":14,\"errors\":[],\"warnings\":[\"Atlanan kayıtlar: BAYI.20 - E-posta başka bir koda bağlı (boluborazanlar@peynircibaba.com.tr), BAYI.164 - E-posta başka bir koda bağlı (cinaronu@peynircibaba.com.tr), BAYI.40 - E-posta başka bir koda bağlı (akpinar@peynircibaba.com.tr), BAYI.127 - E-posta başka bir koda bağlı (erenkoy@peynircibaba.com.tr), BAYI.152 - E-posta başka bir koda bağlı (esenyali@peynircibaba.com.tr), BAYI.155 - E-posta başka bir koda bağlı (karacabey@peynircibaba.com.tr), BAYI.151 - E-posta başka bir koda bağlı (kemalpasa@peynircibaba.com.tr), BAYI.128 - E-posta başka bir koda bağlı (maltepe2@peynircibaba.com.tr), BAYI.150 - E-posta başka bir koda bağlı (milletmahallesi2@peynircibaba.com.tr), BAYI.62 - E-posta başka bir koda bağlı (tuzla2@peynircibaba.com.tr), BAYI.82 - E-posta başka bir koda bağlı (yuvacik@peynircibaba.com.tr), BAYI.180 - E-posta başka bir koda bağlı (ordusahincili@peynircibaba.com.tr), BAYI.177 - E-posta başka bir koda bağlı (eregli@peynircibaba.com.tr), BAYI.204 - E-posta başka bir koda bağlı (eskisehir.asarcikli@peynircibaba.com.tr)\"]},\"errors\":[]}'),
(95, '2026-02-17 14:49:00', 0, 'ok', '{\"auto\":false,\"responsibility_centers\":{\"inserted\":0,\"updated\":0,\"skipped\":0,\"errors\":[],\"warnings\":[]},\"employees\":{\"inserted\":0,\"updated\":1595,\"skipped\":19,\"errors\":[],\"warnings\":[\"Sorumluluk merkezi bulunamadı: KODU - BSR, KODU - GMS, A040 - 05, D017 - 05, D026 - 02, D027 - 02, F014 - 05, F017 - 05, H026 - 05, I09 - 05, M071 - 05, M103 - 05, N024 - 02, S085 - 02, S087 - 05, S702 - 05, S713 - 02, Z083 - 02, 100.020 - PB\"]},\"users\":{\"inserted\":0,\"updated\":198,\"skipped\":14,\"errors\":[],\"warnings\":[\"Atlanan kayıtlar: BAYI.20 - E-posta başka bir koda bağlı (boluborazanlar@peynircibaba.com.tr), BAYI.164 - E-posta başka bir koda bağlı (cinaronu@peynircibaba.com.tr), BAYI.40 - E-posta başka bir koda bağlı (akpinar@peynircibaba.com.tr), BAYI.127 - E-posta başka bir koda bağlı (erenkoy@peynircibaba.com.tr), BAYI.152 - E-posta başka bir koda bağlı (esenyali@peynircibaba.com.tr), BAYI.155 - E-posta başka bir koda bağlı (karacabey@peynircibaba.com.tr), BAYI.151 - E-posta başka bir koda bağlı (kemalpasa@peynircibaba.com.tr), BAYI.128 - E-posta başka bir koda bağlı (maltepe2@peynircibaba.com.tr), BAYI.150 - E-posta başka bir koda bağlı (milletmahallesi2@peynircibaba.com.tr), BAYI.62 - E-posta başka bir koda bağlı (tuzla2@peynircibaba.com.tr), BAYI.82 - E-posta başka bir koda bağlı (yuvacik@peynircibaba.com.tr), BAYI.180 - E-posta başka bir koda bağlı (ordusahincili@peynircibaba.com.tr), BAYI.177 - E-posta başka bir koda bağlı (eregli@peynircibaba.com.tr), BAYI.204 - E-posta başka bir koda bağlı (eskisehir.asarcikli@peynircibaba.com.tr)\"]},\"errors\":[]}'),
(96, '2026-02-17 14:58:50', 0, 'ok', '{\"auto\":false,\"responsibility_centers\":{\"inserted\":0,\"updated\":0,\"skipped\":0,\"errors\":[],\"warnings\":[]},\"employees\":{\"inserted\":19,\"updated\":1595,\"skipped\":0,\"errors\":[],\"warnings\":[]},\"users\":{\"inserted\":0,\"updated\":198,\"skipped\":14,\"errors\":[],\"warnings\":[\"Atlanan kayıtlar: BAYI.20 - E-posta başka bir koda bağlı (boluborazanlar@peynircibaba.com.tr), BAYI.164 - E-posta başka bir koda bağlı (cinaronu@peynircibaba.com.tr), BAYI.40 - E-posta başka bir koda bağlı (akpinar@peynircibaba.com.tr), BAYI.127 - E-posta başka bir koda bağlı (erenkoy@peynircibaba.com.tr), BAYI.152 - E-posta başka bir koda bağlı (esenyali@peynircibaba.com.tr), BAYI.155 - E-posta başka bir koda bağlı (karacabey@peynircibaba.com.tr), BAYI.151 - E-posta başka bir koda bağlı (kemalpasa@peynircibaba.com.tr), BAYI.128 - E-posta başka bir koda bağlı (maltepe2@peynircibaba.com.tr), BAYI.150 - E-posta başka bir koda bağlı (milletmahallesi2@peynircibaba.com.tr), BAYI.62 - E-posta başka bir koda bağlı (tuzla2@peynircibaba.com.tr), BAYI.82 - E-posta başka bir koda bağlı (yuvacik@peynircibaba.com.tr), BAYI.180 - E-posta başka bir koda bağlı (ordusahincili@peynircibaba.com.tr), BAYI.177 - E-posta başka bir koda bağlı (eregli@peynircibaba.com.tr), BAYI.204 - E-posta başka bir koda bağlı (eskisehir.asarcikli@peynircibaba.com.tr)\"]},\"errors\":[]}'),
(97, '2026-02-18 09:20:43', 1, 'error', '{\"auto\":true,\"responsibility_centers\":{\"inserted\":0,\"updated\":0,\"skipped\":0,\"errors\":[],\"warnings\":[]},\"employees\":{\"inserted\":0,\"updated\":18,\"skipped\":0,\"errors\":[\"SQLSTATE[23000]: Integrity constraint violation: 1048 Column \'name\' cannot be null\"],\"warnings\":[]},\"users\":{\"inserted\":0,\"updated\":198,\"skipped\":14,\"errors\":[],\"warnings\":[\"Atlanan kayıtlar: BAYI.20 - E-posta başka bir koda bağlı (boluborazanlar@peynircibaba.com.tr), BAYI.164 - E-posta başka bir koda bağlı (cinaronu@peynircibaba.com.tr), BAYI.40 - E-posta başka bir koda bağlı (akpinar@peynircibaba.com.tr), BAYI.127 - E-posta başka bir koda bağlı (erenkoy@peynircibaba.com.tr), BAYI.152 - E-posta başka bir koda bağlı (esenyali@peynircibaba.com.tr), BAYI.155 - E-posta başka bir koda bağlı (karacabey@peynircibaba.com.tr), BAYI.151 - E-posta başka bir koda bağlı (kemalpasa@peynircibaba.com.tr), BAYI.128 - E-posta başka bir koda bağlı (maltepe2@peynircibaba.com.tr), BAYI.150 - E-posta başka bir koda bağlı (milletmahallesi2@peynircibaba.com.tr), BAYI.62 - E-posta başka bir koda bağlı (tuzla2@peynircibaba.com.tr), BAYI.82 - E-posta başka bir koda bağlı (yuvacik@peynircibaba.com.tr), BAYI.180 - E-posta başka bir koda bağlı (ordusahincili@peynircibaba.com.tr), BAYI.177 - E-posta başka bir koda bağlı (eregli@peynircibaba.com.tr), BAYI.204 - E-posta başka bir koda bağlı (eskisehir.asarcikli@peynircibaba.com.tr)\"]},\"errors\":[]}'),
(98, '2026-02-20 11:46:28', 1, 'error', '{\"auto\":true,\"responsibility_centers\":{\"inserted\":0,\"updated\":0,\"skipped\":0,\"errors\":[],\"warnings\":[]},\"employees\":{\"inserted\":0,\"updated\":18,\"skipped\":0,\"errors\":[\"SQLSTATE[23000]: Integrity constraint violation: 1048 Column \'name\' cannot be null\"],\"warnings\":[]},\"users\":{\"inserted\":0,\"updated\":198,\"skipped\":14,\"errors\":[],\"warnings\":[\"Atlanan kayıtlar: BAYI.20 - E-posta başka bir koda bağlı (boluborazanlar@peynircibaba.com.tr), BAYI.164 - E-posta başka bir koda bağlı (cinaronu@peynircibaba.com.tr), BAYI.40 - E-posta başka bir koda bağlı (akpinar@peynircibaba.com.tr), BAYI.127 - E-posta başka bir koda bağlı (erenkoy@peynircibaba.com.tr), BAYI.152 - E-posta başka bir koda bağlı (esenyali@peynircibaba.com.tr), BAYI.155 - E-posta başka bir koda bağlı (karacabey@peynircibaba.com.tr), BAYI.151 - E-posta başka bir koda bağlı (kemalpasa@peynircibaba.com.tr), BAYI.128 - E-posta başka bir koda bağlı (maltepe2@peynircibaba.com.tr), BAYI.150 - E-posta başka bir koda bağlı (milletmahallesi2@peynircibaba.com.tr), BAYI.62 - E-posta başka bir koda bağlı (tuzla2@peynircibaba.com.tr), BAYI.82 - E-posta başka bir koda bağlı (yuvacik@peynircibaba.com.tr), BAYI.180 - E-posta başka bir koda bağlı (ordusahincili@peynircibaba.com.tr), BAYI.177 - E-posta başka bir koda bağlı (eregli@peynircibaba.com.tr), BAYI.204 - E-posta başka bir koda bağlı (eskisehir.asarcikli@peynircibaba.com.tr)\"]},\"errors\":[]}'),
(99, '2026-03-02 10:12:35', 0, 'error', '{\"auto\":false,\"responsibility_centers\":{\"inserted\":1,\"updated\":0,\"skipped\":0,\"errors\":[],\"warnings\":[]},\"employees\":{\"inserted\":0,\"updated\":18,\"skipped\":0,\"errors\":[\"SQLSTATE[23000]: Integrity constraint violation: 1048 Column \'name\' cannot be null\"],\"warnings\":[]},\"users\":{\"inserted\":18,\"updated\":198,\"skipped\":14,\"errors\":[],\"warnings\":[\"Atlanan kayıtlar: BAYI.20 - E-posta başka bir koda bağlı (boluborazanlar@peynircibaba.com.tr), BAYI.164 - E-posta başka bir koda bağlı (cinaronu@peynircibaba.com.tr), BAYI.40 - E-posta başka bir koda bağlı (akpinar@peynircibaba.com.tr), BAYI.127 - E-posta başka bir koda bağlı (erenkoy@peynircibaba.com.tr), BAYI.152 - E-posta başka bir koda bağlı (esenyali@peynircibaba.com.tr), BAYI.155 - E-posta başka bir koda bağlı (karacabey@peynircibaba.com.tr), BAYI.151 - E-posta başka bir koda bağlı (kemalpasa@peynircibaba.com.tr), BAYI.128 - E-posta başka bir koda bağlı (maltepe2@peynircibaba.com.tr), BAYI.150 - E-posta başka bir koda bağlı (milletmahallesi2@peynircibaba.com.tr), BAYI.62 - E-posta başka bir koda bağlı (tuzla2@peynircibaba.com.tr), BAYI.82 - E-posta başka bir koda bağlı (yuvacik@peynircibaba.com.tr), BAYI.180 - E-posta başka bir koda bağlı (ordusahincili@peynircibaba.com.tr), BAYI.177 - E-posta başka bir koda bağlı (eregli@peynircibaba.com.tr), BAYI.204 - E-posta başka bir koda bağlı (eskisehir.asarcikli@peynircibaba.com.tr)\"]},\"errors\":[]}'),
(100, '2026-03-02 10:12:36', 1, 'error', '{\"auto\":true,\"responsibility_centers\":{\"inserted\":0,\"updated\":0,\"skipped\":0,\"errors\":[],\"warnings\":[]},\"employees\":{\"inserted\":0,\"updated\":18,\"skipped\":0,\"errors\":[\"SQLSTATE[23000]: Integrity constraint violation: 1048 Column \'name\' cannot be null\"],\"warnings\":[]},\"users\":{\"inserted\":0,\"updated\":216,\"skipped\":14,\"errors\":[],\"warnings\":[\"Atlanan kayıtlar: BAYI.20 - E-posta başka bir koda bağlı (boluborazanlar@peynircibaba.com.tr), BAYI.164 - E-posta başka bir koda bağlı (cinaronu@peynircibaba.com.tr), BAYI.40 - E-posta başka bir koda bağlı (akpinar@peynircibaba.com.tr), BAYI.127 - E-posta başka bir koda bağlı (erenkoy@peynircibaba.com.tr), BAYI.152 - E-posta başka bir koda bağlı (esenyali@peynircibaba.com.tr), BAYI.155 - E-posta başka bir koda bağlı (karacabey@peynircibaba.com.tr), BAYI.151 - E-posta başka bir koda bağlı (kemalpasa@peynircibaba.com.tr), BAYI.128 - E-posta başka bir koda bağlı (maltepe2@peynircibaba.com.tr), BAYI.150 - E-posta başka bir koda bağlı (milletmahallesi2@peynircibaba.com.tr), BAYI.62 - E-posta başka bir koda bağlı (tuzla2@peynircibaba.com.tr), BAYI.82 - E-posta başka bir koda bağlı (yuvacik@peynircibaba.com.tr), BAYI.180 - E-posta başka bir koda bağlı (ordusahincili@peynircibaba.com.tr), BAYI.177 - E-posta başka bir koda bağlı (eregli@peynircibaba.com.tr), BAYI.204 - E-posta başka bir koda bağlı (eskisehir.asarcikli@peynircibaba.com.tr)\"]},\"errors\":[]}');

-- --------------------------------------------------------

--
-- Tablo için tablo yapısı `evaluation_answers`
--

CREATE TABLE `evaluation_answers` (
  `id` int(11) NOT NULL,
  `assignment_id` int(11) NOT NULL,
  `evaluator_level` tinyint(4) NOT NULL,
  `question_id` int(11) NOT NULL,
  `score` tinyint(4) NOT NULL,
  `saved_at` datetime NOT NULL DEFAULT current_timestamp()
) ENGINE=InnoDB DEFAULT CHARSET=utf8mb4 COLLATE=utf8mb4_general_ci;

--
-- Tablo döküm verisi `evaluation_answers`
--

INSERT INTO `evaluation_answers` (`id`, `assignment_id`, `evaluator_level`, `question_id`, `score`, `saved_at`) VALUES
(419, 8052, 1, 179, 5, '2026-01-09 13:52:00'),
(420, 8052, 1, 180, 5, '2026-01-09 13:52:00'),
(421, 8052, 1, 181, 5, '2026-01-09 13:52:00'),
(422, 8052, 1, 182, 5, '2026-01-09 13:52:00'),
(423, 8052, 1, 183, 5, '2026-01-09 13:52:00'),
(424, 8052, 1, 184, 5, '2026-01-09 13:52:00'),
(425, 8052, 1, 185, 5, '2026-01-09 13:52:00'),
(426, 8052, 1, 186, 5, '2026-01-09 13:52:00'),
(427, 8052, 1, 187, 5, '2026-01-09 13:52:00'),
(428, 8052, 1, 188, 5, '2026-01-09 13:52:00'),
(429, 8052, 1, 189, 5, '2026-01-09 13:52:00'),
(430, 8052, 1, 190, 5, '2026-01-09 13:52:00'),
(454, 8915, 1, 179, 5, '2026-01-15 10:26:59'),
(455, 8915, 1, 180, 3, '2026-01-15 10:26:59'),
(456, 8915, 1, 181, 3, '2026-01-15 10:26:59'),
(457, 8915, 1, 182, 5, '2026-01-15 10:26:59'),
(458, 8915, 1, 183, 2, '2026-01-15 10:26:59'),
(459, 8915, 1, 184, 5, '2026-01-15 10:26:59'),
(460, 8915, 1, 185, 2, '2026-01-15 10:26:59'),
(461, 8915, 1, 186, 5, '2026-01-15 10:26:59'),
(462, 8915, 1, 187, 5, '2026-01-15 10:26:59'),
(463, 8915, 1, 188, 2, '2026-01-15 10:26:59'),
(464, 8915, 1, 189, 5, '2026-01-15 10:26:59'),
(465, 8915, 1, 190, 2, '2026-01-15 10:26:59'),
(466, 8915, 1, 191, 5, '2026-01-15 10:26:59'),
(467, 8915, 1, 192, 5, '2026-01-15 10:26:59'),
(468, 8915, 1, 193, 5, '2026-01-15 10:26:59'),
(469, 8915, 1, 194, 5, '2026-01-15 10:26:59'),
(470, 8915, 1, 195, 5, '2026-01-15 10:26:59'),
(471, 8915, 1, 196, 5, '2026-01-15 10:26:59'),
(472, 8915, 1, 197, 3, '2026-01-15 10:26:59'),
(473, 8915, 1, 198, 3, '2026-01-15 10:26:59'),
(474, 8915, 1, 199, 4, '2026-01-15 10:26:59'),
(475, 8915, 1, 200, 5, '2026-01-15 10:26:59'),
(476, 8915, 1, 201, 3, '2026-01-15 10:26:59'),
(477, 8915, 1, 202, 5, '2026-01-15 10:26:59'),
(478, 8915, 2, 179, 2, '2026-01-15 10:29:09'),
(479, 8915, 2, 180, 3, '2026-01-15 10:29:09'),
(480, 8915, 2, 181, 5, '2026-01-15 10:29:09'),
(481, 8915, 2, 182, 3, '2026-01-15 10:29:09'),
(482, 8915, 2, 183, 4, '2026-01-15 10:29:09'),
(483, 8915, 2, 184, 5, '2026-01-15 10:29:09'),
(484, 8915, 2, 185, 5, '2026-01-15 10:29:09'),
(485, 8915, 2, 186, 5, '2026-01-15 10:29:09'),
(486, 8915, 2, 187, 5, '2026-01-15 10:29:09'),
(487, 8915, 2, 188, 5, '2026-01-15 10:29:09'),
(488, 8915, 2, 189, 4, '2026-01-15 10:29:09'),
(489, 8915, 2, 190, 5, '2026-01-15 10:29:09'),
(490, 8915, 2, 191, 5, '2026-01-15 10:29:09'),
(491, 8915, 2, 192, 5, '2026-01-15 10:29:09'),
(492, 8915, 2, 193, 5, '2026-01-15 10:29:09'),
(493, 8915, 2, 194, 4, '2026-01-15 10:29:09'),
(494, 8915, 2, 195, 5, '2026-01-15 10:29:09'),
(495, 8915, 2, 196, 3, '2026-01-15 10:29:09'),
(496, 8915, 2, 197, 5, '2026-01-15 10:29:09'),
(497, 8915, 2, 198, 1, '2026-01-15 10:29:09'),
(498, 8915, 2, 199, 2, '2026-01-15 10:29:09'),
(499, 8915, 2, 200, 1, '2026-01-15 10:29:09'),
(500, 8915, 2, 201, 2, '2026-01-15 10:29:09'),
(501, 8915, 2, 202, 2, '2026-01-15 10:29:09'),
(502, 8922, 1, 179, 2, '2026-01-15 13:18:36'),
(503, 8922, 1, 180, 5, '2026-01-15 13:18:36'),
(504, 8922, 1, 181, 5, '2026-01-15 13:18:36'),
(505, 8922, 1, 182, 5, '2026-01-15 13:18:36'),
(506, 8922, 1, 183, 2, '2026-01-15 13:18:36'),
(507, 8922, 1, 184, 4, '2026-01-15 13:18:36'),
(508, 8922, 1, 185, 5, '2026-01-15 13:18:36'),
(509, 8922, 1, 187, 2, '2026-01-15 13:18:36'),
(510, 8922, 1, 188, 5, '2026-01-15 13:18:36'),
(511, 8922, 1, 189, 2, '2026-01-15 13:18:36'),
(512, 8922, 1, 190, 5, '2026-01-15 13:18:36'),
(513, 8922, 1, 191, 5, '2026-01-15 13:18:36'),
(514, 8922, 1, 192, 2, '2026-01-15 13:18:36'),
(515, 8922, 1, 193, 2, '2026-01-15 13:18:36'),
(516, 8922, 1, 194, 5, '2026-01-15 13:18:36'),
(517, 8922, 1, 195, 3, '2026-01-15 13:18:36'),
(518, 8922, 1, 196, 2, '2026-01-15 13:18:36'),
(519, 8922, 1, 197, 5, '2026-01-15 13:18:36'),
(520, 8922, 1, 198, 5, '2026-01-15 13:18:36'),
(521, 8922, 1, 199, 5, '2026-01-15 13:18:36'),
(522, 8922, 1, 200, 5, '2026-01-15 13:18:36'),
(523, 8922, 1, 201, 5, '2026-01-15 13:18:36'),
(524, 8922, 1, 202, 5, '2026-01-15 13:18:36'),
(525, 8922, 1, 186, 2, '2026-01-15 13:18:36'),
(526, 8053, 1, 179, 5, '2026-01-15 13:41:14'),
(527, 8053, 1, 180, 4, '2026-01-15 13:41:14'),
(528, 8922, 2, 179, 5, '2026-01-16 08:28:20'),
(529, 8922, 2, 180, 5, '2026-01-16 08:28:20'),
(530, 8922, 2, 181, 5, '2026-01-16 08:28:20'),
(531, 8922, 2, 182, 5, '2026-01-16 08:28:20'),
(532, 8922, 2, 183, 5, '2026-01-16 08:28:20'),
(533, 8922, 2, 184, 5, '2026-01-16 08:28:20'),
(534, 8922, 2, 185, 5, '2026-01-16 08:28:20'),
(535, 8922, 2, 186, 5, '2026-01-16 08:28:20'),
(536, 8922, 2, 187, 5, '2026-01-16 08:28:20'),
(537, 8922, 2, 188, 5, '2026-01-16 08:28:20'),
(538, 8922, 2, 189, 5, '2026-01-16 08:28:20'),
(539, 8922, 2, 190, 4, '2026-01-16 08:28:20'),
(540, 8922, 2, 191, 4, '2026-01-16 08:28:20'),
(541, 8922, 2, 192, 5, '2026-01-16 08:28:20'),
(542, 8922, 2, 193, 4, '2026-01-16 08:28:20'),
(543, 8922, 2, 194, 5, '2026-01-16 08:28:20'),
(544, 8922, 2, 195, 5, '2026-01-16 08:28:20'),
(545, 8922, 2, 196, 5, '2026-01-16 08:28:20'),
(546, 8922, 2, 197, 5, '2026-01-16 08:28:20'),
(547, 8922, 2, 198, 4, '2026-01-16 08:28:20'),
(548, 8922, 2, 199, 5, '2026-01-16 08:28:20'),
(549, 8922, 2, 200, 4, '2026-01-16 08:28:20'),
(550, 8922, 2, 201, 5, '2026-01-16 08:28:20'),
(551, 8922, 2, 202, 5, '2026-01-16 08:28:20');

-- --------------------------------------------------------

--
-- Tablo için tablo yapısı `evaluation_assignments`
--

CREATE TABLE `evaluation_assignments` (
  `id` int(11) NOT NULL,
  `period_id` int(11) NOT NULL,
  `company` varchar(120) NOT NULL DEFAULT '',
  `employee_id` int(11) NOT NULL,
  `evaluator1_user_id` int(11) NOT NULL,
  `evaluator2_user_id` int(11) DEFAULT NULL,
  `assignment_start_date` date DEFAULT NULL,
  `assignment_end_date` date DEFAULT NULL,
  `status_e1` enum('not_started','draft','submitted') NOT NULL DEFAULT 'not_started',
  `status_e2` enum('not_started','draft','submitted') NOT NULL DEFAULT 'not_started',
  `submitted_at_e1` datetime DEFAULT NULL,
  `submitted_at_e2` datetime DEFAULT NULL,
  `lock_version` int(11) NOT NULL DEFAULT 0
) ENGINE=InnoDB DEFAULT CHARSET=utf8mb4 COLLATE=utf8mb4_general_ci;

--
-- Tablo döküm verisi `evaluation_assignments`
--

INSERT INTO `evaluation_assignments` (`id`, `period_id`, `company`, `employee_id`, `evaluator1_user_id`, `evaluator2_user_id`, `assignment_start_date`, `assignment_end_date`, `status_e1`, `status_e2`, `submitted_at_e1`, `submitted_at_e2`, `lock_version`) VALUES
(8052, 26, 'YORE', 15126, 718, NULL, '2026-01-09', '2026-01-13', 'submitted', 'not_started', '2026-01-09 13:52:00', NULL, 0),
(8053, 26, 'YORE', 15115, 718, NULL, '2026-01-09', '2026-01-13', 'draft', 'not_started', NULL, NULL, 0),
(8054, 28, 'YORE', 14358, 598, 595, '2026-01-15', '2026-01-19', 'not_started', 'not_started', NULL, NULL, 0),
(8055, 28, 'YORE', 14567, 626, 598, '2026-01-15', '2026-01-19', 'not_started', 'not_started', NULL, NULL, 0),
(8056, 28, 'YORE', 14667, 626, 598, '2026-01-15', '2026-01-19', 'not_started', 'not_started', NULL, NULL, 0),
(8057, 28, 'YORE', 14695, 626, 598, '2026-01-15', '2026-01-19', 'not_started', 'not_started', NULL, NULL, 0),
(8058, 28, 'YORE', 14742, 626, 598, '2026-01-15', '2026-01-19', 'not_started', 'not_started', NULL, NULL, 0),
(8059, 28, 'YORE', 14762, 626, 598, '2026-01-15', '2026-01-19', 'not_started', 'not_started', NULL, NULL, 0),
(8060, 28, 'YORE', 14815, 626, 598, '2026-01-15', '2026-01-19', 'not_started', 'not_started', NULL, NULL, 0),
(8061, 28, 'YORE', 14841, 626, 598, '2026-01-15', '2026-01-19', 'not_started', 'not_started', NULL, NULL, 0),
(8062, 28, 'YORE', 15020, 626, 598, '2026-01-15', '2026-01-19', 'not_started', 'not_started', NULL, NULL, 0),
(8063, 28, 'YORE', 14513, 622, 608, '2026-01-15', '2026-01-19', 'not_started', 'not_started', NULL, NULL, 0),
(8064, 28, 'YORE', 14534, 608, 595, '2026-01-15', '2026-01-19', 'not_started', 'not_started', NULL, NULL, 0),
(8065, 28, 'YORE', 14556, 622, 608, '2026-01-15', '2026-01-19', 'not_started', 'not_started', NULL, NULL, 0),
(8066, 28, 'YORE', 14575, 622, 608, '2026-01-15', '2026-01-19', 'not_started', 'not_started', NULL, NULL, 0),
(8067, 28, 'YORE', 14576, 622, 608, '2026-01-15', '2026-01-19', 'not_started', 'not_started', NULL, NULL, 0),
(8068, 28, 'YORE', 14579, 622, 608, '2026-01-15', '2026-01-19', 'not_started', 'not_started', NULL, NULL, 0),
(8069, 28, 'YORE', 14904, 622, 608, '2026-01-15', '2026-01-19', 'not_started', 'not_started', NULL, NULL, 0),
(8070, 28, 'YORE', 14867, 707, 598, '2026-01-15', '2026-01-19', 'not_started', 'not_started', NULL, NULL, 0),
(8071, 28, 'YORE', 14868, 707, 598, '2026-01-15', '2026-01-19', 'not_started', 'not_started', NULL, NULL, 0),
(8072, 28, 'YORE', 14869, 707, 598, '2026-01-15', '2026-01-19', 'not_started', 'not_started', NULL, NULL, 0),
(8073, 28, 'YORE', 14870, 707, 598, '2026-01-15', '2026-01-19', 'not_started', 'not_started', NULL, NULL, 0),
(8074, 28, 'YORE', 14871, 598, 595, '2026-01-15', '2026-01-19', 'not_started', 'not_started', NULL, NULL, 0),
(8075, 28, 'YORE', 14872, 707, 598, '2026-01-15', '2026-01-19', 'not_started', 'not_started', NULL, NULL, 0),
(8076, 28, 'YORE', 14282, 701, 604, '2026-01-15', '2026-01-19', 'not_started', 'not_started', NULL, NULL, 0),
(8077, 28, 'YORE', 14331, 701, 604, '2026-01-15', '2026-01-19', 'not_started', 'not_started', NULL, NULL, 0),
(8078, 28, 'YORE', 14365, 701, 604, '2026-01-15', '2026-01-19', 'not_started', 'not_started', NULL, NULL, 0),
(8079, 28, 'YORE', 14458, 701, 604, '2026-01-15', '2026-01-19', 'not_started', 'not_started', NULL, NULL, 0),
(8080, 28, 'YORE', 14548, 701, 604, '2026-01-15', '2026-01-19', 'not_started', 'not_started', NULL, NULL, 0),
(8081, 28, 'YORE', 14623, 701, 604, '2026-01-15', '2026-01-19', 'not_started', 'not_started', NULL, NULL, 0),
(8082, 28, 'YORE', 14640, 701, 604, '2026-01-15', '2026-01-19', 'not_started', 'not_started', NULL, NULL, 0),
(8083, 28, 'YORE', 14772, 701, 604, '2026-01-15', '2026-01-19', 'not_started', 'not_started', NULL, NULL, 0),
(8084, 28, 'YORE', 14809, 701, 604, '2026-01-15', '2026-01-19', 'not_started', 'not_started', NULL, NULL, 0),
(8085, 28, 'YORE', 14851, 701, 604, '2026-01-15', '2026-01-19', 'not_started', 'not_started', NULL, NULL, 0),
(8086, 28, 'YORE', 14947, 701, 604, '2026-01-15', '2026-01-19', 'not_started', 'not_started', NULL, NULL, 0),
(8087, 28, 'YORE', 15072, 701, 604, '2026-01-15', '2026-01-19', 'not_started', 'not_started', NULL, NULL, 0),
(8088, 28, 'YORE', 15228, 604, 620, '2026-01-15', '2026-01-19', 'not_started', 'not_started', NULL, NULL, 0),
(8089, 28, 'YORE', 14297, 627, 606, '2026-01-15', '2026-01-19', 'not_started', 'not_started', NULL, NULL, 0),
(8090, 28, 'YORE', 14338, 627, 606, '2026-01-15', '2026-01-19', 'not_started', 'not_started', NULL, NULL, 0),
(8091, 28, 'YORE', 14392, 627, 606, '2026-01-15', '2026-01-19', 'not_started', 'not_started', NULL, NULL, 0),
(8092, 28, 'YORE', 14479, 627, 606, '2026-01-15', '2026-01-19', 'not_started', 'not_started', NULL, NULL, 0),
(8093, 28, 'YORE', 14615, 627, 606, '2026-01-15', '2026-01-19', 'not_started', 'not_started', NULL, NULL, 0),
(8094, 28, 'YORE', 14723, 627, 606, '2026-01-15', '2026-01-19', 'not_started', 'not_started', NULL, NULL, 0),
(8095, 28, 'YORE', 15178, 606, 594, '2026-01-15', '2026-01-19', 'not_started', 'not_started', NULL, NULL, 0),
(8096, 28, 'YORE', 15182, 627, 606, '2026-01-15', '2026-01-19', 'not_started', 'not_started', NULL, NULL, 0),
(8097, 28, 'YORE', 14449, 608, 595, '2026-01-15', '2026-01-19', 'not_started', 'not_started', NULL, NULL, 0),
(8098, 28, 'YORE', 14495, 624, 608, '2026-01-15', '2026-01-19', 'not_started', 'not_started', NULL, NULL, 0),
(8099, 28, 'YORE', 14506, 624, 608, '2026-01-15', '2026-01-19', 'not_started', 'not_started', NULL, NULL, 0),
(8100, 28, 'YORE', 14521, 624, 608, '2026-01-15', '2026-01-19', 'not_started', 'not_started', NULL, NULL, 0),
(8101, 28, 'YORE', 14554, 624, 608, '2026-01-15', '2026-01-19', 'not_started', 'not_started', NULL, NULL, 0),
(8102, 28, 'YORE', 14735, 624, 608, '2026-01-15', '2026-01-19', 'not_started', 'not_started', NULL, NULL, 0),
(8103, 28, 'YORE', 14813, 624, 608, '2026-01-15', '2026-01-19', 'not_started', 'not_started', NULL, NULL, 0),
(8104, 28, 'YORE', 14925, 624, 608, '2026-01-15', '2026-01-19', 'not_started', 'not_started', NULL, NULL, 0),
(8105, 28, 'YORE', 15018, 624, 608, '2026-01-15', '2026-01-19', 'not_started', 'not_started', NULL, NULL, 0),
(8106, 28, 'YORE', 14480, 628, 600, '2026-01-15', '2026-01-19', 'not_started', 'not_started', NULL, NULL, 0),
(8107, 28, 'YORE', 14527, 600, 595, '2026-01-15', '2026-01-19', 'not_started', 'not_started', NULL, NULL, 0),
(8108, 28, 'YORE', 14603, 628, 600, '2026-01-15', '2026-01-19', 'not_started', 'not_started', NULL, NULL, 0),
(8109, 28, 'YORE', 14747, 628, 600, '2026-01-15', '2026-01-19', 'not_started', 'not_started', NULL, NULL, 0),
(8110, 28, 'YORE', 14795, 628, 600, '2026-01-15', '2026-01-19', 'not_started', 'not_started', NULL, NULL, 0),
(8111, 28, 'YORE', 14852, 628, 600, '2026-01-15', '2026-01-19', 'not_started', 'not_started', NULL, NULL, 0),
(8112, 28, 'YORE', 14860, 628, 600, '2026-01-15', '2026-01-19', 'not_started', 'not_started', NULL, NULL, 0),
(8113, 28, 'YORE', 14524, 629, 604, '2026-01-15', '2026-01-19', 'not_started', 'not_started', NULL, NULL, 0),
(8114, 28, 'YORE', 14664, 629, 604, '2026-01-15', '2026-01-19', 'not_started', 'not_started', NULL, NULL, 0),
(8115, 28, 'YORE', 14785, 629, 604, '2026-01-15', '2026-01-19', 'not_started', 'not_started', NULL, NULL, 0),
(8116, 28, 'YORE', 14820, 629, 604, '2026-01-15', '2026-01-19', 'not_started', 'not_started', NULL, NULL, 0),
(8117, 28, 'YORE', 14909, 629, 604, '2026-01-15', '2026-01-19', 'not_started', 'not_started', NULL, NULL, 0),
(8118, 28, 'YORE', 14936, 629, 604, '2026-01-15', '2026-01-19', 'not_started', 'not_started', NULL, NULL, 0),
(8119, 28, 'YORE', 14945, 629, 604, '2026-01-15', '2026-01-19', 'not_started', 'not_started', NULL, NULL, 0),
(8120, 28, 'YORE', 14998, 629, 604, '2026-01-15', '2026-01-19', 'not_started', 'not_started', NULL, NULL, 0),
(8121, 28, 'YORE', 15169, 629, 604, '2026-01-15', '2026-01-19', 'not_started', 'not_started', NULL, NULL, 0),
(8122, 28, 'YORE', 15320, 604, 620, '2026-01-15', '2026-01-19', 'not_started', 'not_started', NULL, NULL, 0),
(8123, 28, 'YORE', 14412, 630, 603, '2026-01-15', '2026-01-19', 'not_started', 'not_started', NULL, NULL, 0),
(8124, 28, 'YORE', 14625, 630, 603, '2026-01-15', '2026-01-19', 'not_started', 'not_started', NULL, NULL, 0),
(8125, 28, 'YORE', 14680, 630, 603, '2026-01-15', '2026-01-19', 'not_started', 'not_started', NULL, NULL, 0),
(8126, 28, 'YORE', 14794, 630, 603, '2026-01-15', '2026-01-19', 'not_started', 'not_started', NULL, NULL, 0),
(8127, 28, 'YORE', 14826, 630, 603, '2026-01-15', '2026-01-19', 'not_started', 'not_started', NULL, NULL, 0),
(8128, 28, 'YORE', 14976, 630, 603, '2026-01-15', '2026-01-19', 'not_started', 'not_started', NULL, NULL, 0),
(8129, 28, 'YORE', 14514, 631, 597, '2026-01-15', '2026-01-19', 'not_started', 'not_started', NULL, NULL, 0),
(8130, 28, 'YORE', 14612, 631, 597, '2026-01-15', '2026-01-19', 'not_started', 'not_started', NULL, NULL, 0),
(8131, 28, 'YORE', 14737, 597, 620, '2026-01-15', '2026-01-19', 'not_started', 'not_started', NULL, NULL, 0),
(8132, 28, 'YORE', 14786, 631, 597, '2026-01-15', '2026-01-19', 'not_started', 'not_started', NULL, NULL, 0),
(8133, 28, 'YORE', 14823, 631, 597, '2026-01-15', '2026-01-19', 'not_started', 'not_started', NULL, NULL, 0),
(8134, 28, 'YORE', 14864, 631, 597, '2026-01-15', '2026-01-19', 'not_started', 'not_started', NULL, NULL, 0),
(8135, 28, 'YORE', 14956, 631, 597, '2026-01-15', '2026-01-19', 'not_started', 'not_started', NULL, NULL, 0),
(8136, 28, 'YORE', 14971, 631, 597, '2026-01-15', '2026-01-19', 'not_started', 'not_started', NULL, NULL, 0),
(8137, 28, 'YORE', 14421, 597, 620, '2026-01-15', '2026-01-19', 'not_started', 'not_started', NULL, NULL, 0),
(8138, 28, 'YORE', 14676, 632, 597, '2026-01-15', '2026-01-19', 'not_started', 'not_started', NULL, NULL, 0),
(8139, 28, 'YORE', 14677, 632, 597, '2026-01-15', '2026-01-19', 'not_started', 'not_started', NULL, NULL, 0),
(8140, 28, 'YORE', 14819, 632, 597, '2026-01-15', '2026-01-19', 'not_started', 'not_started', NULL, NULL, 0),
(8141, 28, 'YORE', 14975, 632, 597, '2026-01-15', '2026-01-19', 'not_started', 'not_started', NULL, NULL, 0),
(8142, 28, 'YORE', 15027, 632, 597, '2026-01-15', '2026-01-19', 'not_started', 'not_started', NULL, NULL, 0),
(8143, 28, 'YORE', 15214, 632, 597, '2026-01-15', '2026-01-19', 'not_started', 'not_started', NULL, NULL, 0),
(8144, 28, 'YORE', 15312, 632, 597, '2026-01-15', '2026-01-19', 'not_started', 'not_started', NULL, NULL, 0),
(8145, 28, 'YORE', 14400, 602, 594, '2026-01-15', '2026-01-19', 'not_started', 'not_started', NULL, NULL, 0),
(8146, 28, 'YORE', 14443, 633, 602, '2026-01-15', '2026-01-19', 'not_started', 'not_started', NULL, NULL, 0),
(8147, 28, 'YORE', 14478, 633, 602, '2026-01-15', '2026-01-19', 'not_started', 'not_started', NULL, NULL, 0),
(8148, 28, 'YORE', 14518, 633, 602, '2026-01-15', '2026-01-19', 'not_started', 'not_started', NULL, NULL, 0),
(8149, 28, 'YORE', 14559, 633, 602, '2026-01-15', '2026-01-19', 'not_started', 'not_started', NULL, NULL, 0),
(8150, 28, 'YORE', 14620, 633, 602, '2026-01-15', '2026-01-19', 'not_started', 'not_started', NULL, NULL, 0),
(8151, 28, 'YORE', 14766, 633, 602, '2026-01-15', '2026-01-19', 'not_started', 'not_started', NULL, NULL, 0),
(8152, 28, 'YORE', 15086, 633, 602, '2026-01-15', '2026-01-19', 'not_started', 'not_started', NULL, NULL, 0),
(8153, 28, 'YORE', 14329, 603, 620, '2026-01-15', '2026-01-19', 'not_started', 'not_started', NULL, NULL, 0),
(8154, 28, 'YORE', 14494, 634, 603, '2026-01-15', '2026-01-19', 'not_started', 'not_started', NULL, NULL, 0),
(8155, 28, 'YORE', 14523, 634, 603, '2026-01-15', '2026-01-19', 'not_started', 'not_started', NULL, NULL, 0),
(8156, 28, 'YORE', 14644, 634, 603, '2026-01-15', '2026-01-19', 'not_started', 'not_started', NULL, NULL, 0),
(8157, 28, 'YORE', 14651, 634, 603, '2026-01-15', '2026-01-19', 'not_started', 'not_started', NULL, NULL, 0),
(8158, 28, 'YORE', 14902, 634, 603, '2026-01-15', '2026-01-19', 'not_started', 'not_started', NULL, NULL, 0),
(8159, 28, 'YORE', 14907, 634, 603, '2026-01-15', '2026-01-19', 'not_started', 'not_started', NULL, NULL, 0),
(8160, 28, 'YORE', 14922, 634, 603, '2026-01-15', '2026-01-19', 'not_started', 'not_started', NULL, NULL, 0),
(8161, 28, 'YORE', 15022, 634, 603, '2026-01-15', '2026-01-19', 'not_started', 'not_started', NULL, NULL, 0),
(8162, 28, 'YORE', 14296, 635, 603, '2026-01-15', '2026-01-19', 'not_started', 'not_started', NULL, NULL, 0),
(8163, 28, 'YORE', 14349, 635, 603, '2026-01-15', '2026-01-19', 'not_started', 'not_started', NULL, NULL, 0),
(8164, 28, 'YORE', 14531, 635, 603, '2026-01-15', '2026-01-19', 'not_started', 'not_started', NULL, NULL, 0),
(8165, 28, 'YORE', 14847, 635, 603, '2026-01-15', '2026-01-19', 'not_started', 'not_started', NULL, NULL, 0),
(8166, 28, 'YORE', 15091, 603, 620, '2026-01-15', '2026-01-19', 'not_started', 'not_started', NULL, NULL, 0),
(8167, 28, 'YORE', 14281, 636, 602, '2026-01-15', '2026-01-19', 'not_started', 'not_started', NULL, NULL, 0),
(8168, 28, 'YORE', 14332, 636, 602, '2026-01-15', '2026-01-19', 'not_started', 'not_started', NULL, NULL, 0),
(8169, 28, 'YORE', 14368, 636, 602, '2026-01-15', '2026-01-19', 'not_started', 'not_started', NULL, NULL, 0),
(8170, 28, 'YORE', 14532, 636, 602, '2026-01-15', '2026-01-19', 'not_started', 'not_started', NULL, NULL, 0),
(8171, 28, 'YORE', 14597, 636, 602, '2026-01-15', '2026-01-19', 'not_started', 'not_started', NULL, NULL, 0),
(8172, 28, 'YORE', 14606, 636, 602, '2026-01-15', '2026-01-19', 'not_started', 'not_started', NULL, NULL, 0),
(8173, 28, 'YORE', 14848, 636, 602, '2026-01-15', '2026-01-19', 'not_started', 'not_started', NULL, NULL, 0),
(8174, 28, 'YORE', 14903, 636, 602, '2026-01-15', '2026-01-19', 'not_started', 'not_started', NULL, NULL, 0),
(8175, 28, 'YORE', 15202, 636, 602, '2026-01-15', '2026-01-19', 'not_started', 'not_started', NULL, NULL, 0),
(8176, 28, 'YORE', 15211, 636, 602, '2026-01-15', '2026-01-19', 'not_started', 'not_started', NULL, NULL, 0),
(8177, 28, 'YORE', 15251, 602, 594, '2026-01-15', '2026-01-19', 'not_started', 'not_started', NULL, NULL, 0),
(8178, 28, 'YORE', 15307, 636, 602, '2026-01-15', '2026-01-19', 'not_started', 'not_started', NULL, NULL, 0),
(8179, 28, 'YORE', 14437, 603, 620, '2026-01-15', '2026-01-19', 'not_started', 'not_started', NULL, NULL, 0),
(8180, 28, 'YORE', 14486, 637, 603, '2026-01-15', '2026-01-19', 'not_started', 'not_started', NULL, NULL, 0),
(8181, 28, 'YORE', 14627, 637, 603, '2026-01-15', '2026-01-19', 'not_started', 'not_started', NULL, NULL, 0),
(8182, 28, 'YORE', 14710, 637, 603, '2026-01-15', '2026-01-19', 'not_started', 'not_started', NULL, NULL, 0),
(8183, 28, 'YORE', 14778, 637, 603, '2026-01-15', '2026-01-19', 'not_started', 'not_started', NULL, NULL, 0),
(8184, 28, 'YORE', 14912, 637, 603, '2026-01-15', '2026-01-19', 'not_started', 'not_started', NULL, NULL, 0),
(8185, 28, 'YORE', 14921, 637, 603, '2026-01-15', '2026-01-19', 'not_started', 'not_started', NULL, NULL, 0),
(8186, 28, 'YORE', 14970, 637, 603, '2026-01-15', '2026-01-19', 'not_started', 'not_started', NULL, NULL, 0),
(8187, 28, 'YORE', 14972, 637, 603, '2026-01-15', '2026-01-19', 'not_started', 'not_started', NULL, NULL, 0),
(8188, 28, 'YORE', 14974, 637, 603, '2026-01-15', '2026-01-19', 'not_started', 'not_started', NULL, NULL, 0),
(8189, 28, 'YORE', 14489, 621, 608, '2026-01-15', '2026-01-19', 'not_started', 'not_started', NULL, NULL, 0),
(8190, 28, 'YORE', 14490, 621, 608, '2026-01-15', '2026-01-19', 'not_started', 'not_started', NULL, NULL, 0),
(8191, 28, 'YORE', 14491, 608, 595, '2026-01-15', '2026-01-19', 'not_started', 'not_started', NULL, NULL, 0),
(8192, 28, 'YORE', 14656, 621, 608, '2026-01-15', '2026-01-19', 'not_started', 'not_started', NULL, NULL, 0),
(8193, 28, 'YORE', 14679, 621, 608, '2026-01-15', '2026-01-19', 'not_started', 'not_started', NULL, NULL, 0),
(8194, 28, 'YORE', 14892, 621, 608, '2026-01-15', '2026-01-19', 'not_started', 'not_started', NULL, NULL, 0),
(8195, 28, 'YORE', 15030, 621, 608, '2026-01-15', '2026-01-19', 'not_started', 'not_started', NULL, NULL, 0),
(8196, 28, 'YORE', 14315, 598, 595, '2026-01-15', '2026-01-19', 'not_started', 'not_started', NULL, NULL, 0),
(8197, 28, 'YORE', 14466, 638, 598, '2026-01-15', '2026-01-19', 'not_started', 'not_started', NULL, NULL, 0),
(8198, 28, 'YORE', 14547, 638, 598, '2026-01-15', '2026-01-19', 'not_started', 'not_started', NULL, NULL, 0),
(8199, 28, 'YORE', 14628, 638, 598, '2026-01-15', '2026-01-19', 'not_started', 'not_started', NULL, NULL, 0),
(8200, 28, 'YORE', 14632, 638, 598, '2026-01-15', '2026-01-19', 'not_started', 'not_started', NULL, NULL, 0),
(8201, 28, 'YORE', 14655, 638, 598, '2026-01-15', '2026-01-19', 'not_started', 'not_started', NULL, NULL, 0),
(8202, 28, 'YORE', 14741, 638, 598, '2026-01-15', '2026-01-19', 'not_started', 'not_started', NULL, NULL, 0),
(8203, 28, 'YORE', 14797, 638, 598, '2026-01-15', '2026-01-19', 'not_started', 'not_started', NULL, NULL, 0),
(8204, 28, 'YORE', 14798, 638, 598, '2026-01-15', '2026-01-19', 'not_started', 'not_started', NULL, NULL, 0),
(8205, 28, 'YORE', 14899, 638, 598, '2026-01-15', '2026-01-19', 'not_started', 'not_started', NULL, NULL, 0),
(8206, 28, 'YORE', 14361, 639, 607, '2026-01-15', '2026-01-19', 'not_started', 'not_started', NULL, NULL, 0),
(8207, 28, 'YORE', 14404, 639, 607, '2026-01-15', '2026-01-19', 'not_started', 'not_started', NULL, NULL, 0),
(8208, 28, 'YORE', 14464, 639, 607, '2026-01-15', '2026-01-19', 'not_started', 'not_started', NULL, NULL, 0),
(8209, 28, 'YORE', 14485, 639, 607, '2026-01-15', '2026-01-19', 'not_started', 'not_started', NULL, NULL, 0),
(8210, 28, 'YORE', 14515, 639, 607, '2026-01-15', '2026-01-19', 'not_started', 'not_started', NULL, NULL, 0),
(8211, 28, 'YORE', 14564, 639, 607, '2026-01-15', '2026-01-19', 'not_started', 'not_started', NULL, NULL, 0),
(8212, 28, 'YORE', 15386, 607, 620, '2026-01-15', '2026-01-19', 'not_started', 'not_started', NULL, NULL, 0),
(8213, 28, 'YORE', 14316, 591, 620, '2026-01-15', '2026-01-19', 'not_started', 'not_started', NULL, NULL, 0),
(8214, 28, 'YORE', 14363, 640, 591, '2026-01-15', '2026-01-19', 'not_started', 'not_started', NULL, NULL, 0),
(8215, 28, 'YORE', 14371, 640, 591, '2026-01-15', '2026-01-19', 'not_started', 'not_started', NULL, NULL, 0),
(8216, 28, 'YORE', 14393, 640, 591, '2026-01-15', '2026-01-19', 'not_started', 'not_started', NULL, NULL, 0),
(8217, 28, 'YORE', 14706, 640, 591, '2026-01-15', '2026-01-19', 'not_started', 'not_started', NULL, NULL, 0),
(8218, 28, 'YORE', 14765, 640, 591, '2026-01-15', '2026-01-19', 'not_started', 'not_started', NULL, NULL, 0),
(8219, 28, 'YORE', 15139, 640, 591, '2026-01-15', '2026-01-19', 'not_started', 'not_started', NULL, NULL, 0),
(8220, 28, 'YORE', 15309, 640, 591, '2026-01-15', '2026-01-19', 'not_started', 'not_started', NULL, NULL, 0),
(8221, 28, 'YORE', 14335, 599, 595, '2026-01-15', '2026-01-19', 'not_started', 'not_started', NULL, NULL, 0),
(8222, 28, 'YORE', 14566, 611, 599, '2026-01-15', '2026-01-19', 'not_started', 'not_started', NULL, NULL, 0),
(8223, 28, 'YORE', 14858, 611, 599, '2026-01-15', '2026-01-19', 'not_started', 'not_started', NULL, NULL, 0),
(8224, 28, 'YORE', 14859, 611, 599, '2026-01-15', '2026-01-19', 'not_started', 'not_started', NULL, NULL, 0),
(8225, 28, 'YORE', 14861, 611, 599, '2026-01-15', '2026-01-19', 'not_started', 'not_started', NULL, NULL, 0),
(8226, 28, 'YORE', 14862, 611, 599, '2026-01-15', '2026-01-19', 'not_started', 'not_started', NULL, NULL, 0),
(8227, 28, 'YORE', 14863, 611, 599, '2026-01-15', '2026-01-19', 'not_started', 'not_started', NULL, NULL, 0),
(8228, 28, 'YORE', 14558, 641, 604, '2026-01-15', '2026-01-19', 'not_started', 'not_started', NULL, NULL, 0),
(8229, 28, 'YORE', 14613, 641, 604, '2026-01-15', '2026-01-19', 'not_started', 'not_started', NULL, NULL, 0),
(8230, 28, 'YORE', 14825, 641, 604, '2026-01-15', '2026-01-19', 'not_started', 'not_started', NULL, NULL, 0),
(8231, 28, 'YORE', 14843, 641, 604, '2026-01-15', '2026-01-19', 'not_started', 'not_started', NULL, NULL, 0),
(8232, 28, 'YORE', 14881, 641, 604, '2026-01-15', '2026-01-19', 'not_started', 'not_started', NULL, NULL, 0),
(8233, 28, 'YORE', 14913, 641, 604, '2026-01-15', '2026-01-19', 'not_started', 'not_started', NULL, NULL, 0),
(8234, 28, 'YORE', 15092, 641, 604, '2026-01-15', '2026-01-19', 'not_started', 'not_started', NULL, NULL, 0),
(8235, 28, 'YORE', 15151, 641, 604, '2026-01-15', '2026-01-19', 'not_started', 'not_started', NULL, NULL, 0),
(8236, 28, 'YORE', 15208, 604, 620, '2026-01-15', '2026-01-19', 'not_started', 'not_started', NULL, NULL, 0),
(8237, 28, 'YORE', 14292, 642, 599, '2026-01-15', '2026-01-19', 'not_started', 'not_started', NULL, NULL, 0),
(8238, 28, 'YORE', 14293, 599, 595, '2026-01-15', '2026-01-19', 'not_started', 'not_started', NULL, NULL, 0),
(8239, 28, 'YORE', 14367, 642, 599, '2026-01-15', '2026-01-19', 'not_started', 'not_started', NULL, NULL, 0),
(8240, 28, 'YORE', 14439, 642, 599, '2026-01-15', '2026-01-19', 'not_started', 'not_started', NULL, NULL, 0),
(8241, 28, 'YORE', 14530, 642, 599, '2026-01-15', '2026-01-19', 'not_started', 'not_started', NULL, NULL, 0),
(8242, 28, 'YORE', 14607, 642, 599, '2026-01-15', '2026-01-19', 'not_started', 'not_started', NULL, NULL, 0),
(8243, 28, 'YORE', 14764, 642, 599, '2026-01-15', '2026-01-19', 'not_started', 'not_started', NULL, NULL, 0),
(8244, 28, 'YORE', 14830, 642, 599, '2026-01-15', '2026-01-19', 'not_started', 'not_started', NULL, NULL, 0),
(8245, 28, 'YORE', 15289, 642, 599, '2026-01-15', '2026-01-19', 'not_started', 'not_started', NULL, NULL, 0),
(8246, 28, 'YORE', 14283, 643, 603, '2026-01-15', '2026-01-19', 'not_started', 'not_started', NULL, NULL, 0),
(8247, 28, 'YORE', 14549, 643, 603, '2026-01-15', '2026-01-19', 'not_started', 'not_started', NULL, NULL, 0),
(8248, 28, 'YORE', 14616, 643, 603, '2026-01-15', '2026-01-19', 'not_started', 'not_started', NULL, NULL, 0),
(8249, 28, 'YORE', 14744, 643, 603, '2026-01-15', '2026-01-19', 'not_started', 'not_started', NULL, NULL, 0),
(8250, 28, 'YORE', 14759, 643, 603, '2026-01-15', '2026-01-19', 'not_started', 'not_started', NULL, NULL, 0),
(8251, 28, 'YORE', 14850, 643, 603, '2026-01-15', '2026-01-19', 'not_started', 'not_started', NULL, NULL, 0),
(8252, 28, 'YORE', 14940, 643, 603, '2026-01-15', '2026-01-19', 'not_started', 'not_started', NULL, NULL, 0),
(8253, 28, 'YORE', 15107, 603, 620, '2026-01-15', '2026-01-19', 'not_started', 'not_started', NULL, NULL, 0),
(8254, 28, 'YORE', 14302, 644, 592, '2026-01-15', '2026-01-19', 'not_started', 'not_started', NULL, NULL, 0),
(8255, 28, 'YORE', 14544, 644, 592, '2026-01-15', '2026-01-19', 'not_started', 'not_started', NULL, NULL, 0),
(8256, 28, 'YORE', 14709, 644, 592, '2026-01-15', '2026-01-19', 'not_started', 'not_started', NULL, NULL, 0),
(8257, 28, 'YORE', 14721, 644, 592, '2026-01-15', '2026-01-19', 'not_started', 'not_started', NULL, NULL, 0),
(8258, 28, 'YORE', 14780, 644, 592, '2026-01-15', '2026-01-19', 'not_started', 'not_started', NULL, NULL, 0),
(8259, 28, 'YORE', 14906, 644, 592, '2026-01-15', '2026-01-19', 'not_started', 'not_started', NULL, NULL, 0),
(8260, 28, 'YORE', 15294, 592, 594, '2026-01-15', '2026-01-19', 'not_started', 'not_started', NULL, NULL, 0),
(8261, 28, 'YORE', 15377, 644, 592, '2026-01-15', '2026-01-19', 'not_started', 'not_started', NULL, NULL, 0),
(8262, 28, 'YORE', 14470, 592, 594, '2026-01-15', '2026-01-19', 'not_started', 'not_started', NULL, NULL, 0),
(8263, 28, 'YORE', 14770, 612, 592, '2026-01-15', '2026-01-19', 'not_started', 'not_started', NULL, NULL, 0),
(8264, 28, 'YORE', 14783, 612, 592, '2026-01-15', '2026-01-19', 'not_started', 'not_started', NULL, NULL, 0),
(8265, 28, 'YORE', 14814, 612, 592, '2026-01-15', '2026-01-19', 'not_started', 'not_started', NULL, NULL, 0),
(8266, 28, 'YORE', 14878, 612, 592, '2026-01-15', '2026-01-19', 'not_started', 'not_started', NULL, NULL, 0),
(8267, 28, 'YORE', 14928, 612, 592, '2026-01-15', '2026-01-19', 'not_started', 'not_started', NULL, NULL, 0),
(8268, 28, 'YORE', 15344, 612, 592, '2026-01-15', '2026-01-19', 'not_started', 'not_started', NULL, NULL, 0),
(8269, 28, 'YORE', 14352, 645, 598, '2026-01-15', '2026-01-19', 'not_started', 'not_started', NULL, NULL, 0),
(8270, 28, 'YORE', 14441, 598, 595, '2026-01-15', '2026-01-19', 'not_started', 'not_started', NULL, NULL, 0),
(8271, 28, 'YORE', 14550, 645, 598, '2026-01-15', '2026-01-19', 'not_started', 'not_started', NULL, NULL, 0),
(8272, 28, 'YORE', 14652, 645, 598, '2026-01-15', '2026-01-19', 'not_started', 'not_started', NULL, NULL, 0),
(8273, 28, 'YORE', 14666, 645, 598, '2026-01-15', '2026-01-19', 'not_started', 'not_started', NULL, NULL, 0),
(8274, 28, 'YORE', 14790, 645, 598, '2026-01-15', '2026-01-19', 'not_started', 'not_started', NULL, NULL, 0),
(8275, 28, 'YORE', 14898, 645, 598, '2026-01-15', '2026-01-19', 'not_started', 'not_started', NULL, NULL, 0),
(8276, 28, 'YORE', 14386, 646, 600, '2026-01-15', '2026-01-19', 'not_started', 'not_started', NULL, NULL, 0),
(8277, 28, 'YORE', 14414, 646, 600, '2026-01-15', '2026-01-19', 'not_started', 'not_started', NULL, NULL, 0),
(8278, 28, 'YORE', 14418, 646, 600, '2026-01-15', '2026-01-19', 'not_started', 'not_started', NULL, NULL, 0),
(8279, 28, 'YORE', 14496, 646, 600, '2026-01-15', '2026-01-19', 'not_started', 'not_started', NULL, NULL, 0),
(8280, 28, 'YORE', 14498, 646, 600, '2026-01-15', '2026-01-19', 'not_started', 'not_started', NULL, NULL, 0),
(8281, 28, 'YORE', 14647, 646, 600, '2026-01-15', '2026-01-19', 'not_started', 'not_started', NULL, NULL, 0),
(8282, 28, 'YORE', 14654, 646, 600, '2026-01-15', '2026-01-19', 'not_started', 'not_started', NULL, NULL, 0),
(8283, 28, 'YORE', 14662, 646, 600, '2026-01-15', '2026-01-19', 'not_started', 'not_started', NULL, NULL, 0),
(8284, 28, 'YORE', 14835, 646, 600, '2026-01-15', '2026-01-19', 'not_started', 'not_started', NULL, NULL, 0),
(8285, 28, 'YORE', 14837, 646, 600, '2026-01-15', '2026-01-19', 'not_started', 'not_started', NULL, NULL, 0),
(8286, 28, 'YORE', 14983, 646, 600, '2026-01-15', '2026-01-19', 'not_started', 'not_started', NULL, NULL, 0),
(8287, 28, 'YORE', 15097, 600, 595, '2026-01-15', '2026-01-19', 'not_started', 'not_started', NULL, NULL, 0),
(8288, 28, 'YORE', 14438, 647, 606, '2026-01-15', '2026-01-19', 'not_started', 'not_started', NULL, NULL, 0),
(8289, 28, 'YORE', 14551, 647, 606, '2026-01-15', '2026-01-19', 'not_started', 'not_started', NULL, NULL, 0),
(8290, 28, 'YORE', 14555, 647, 606, '2026-01-15', '2026-01-19', 'not_started', 'not_started', NULL, NULL, 0),
(8291, 28, 'YORE', 14598, 647, 606, '2026-01-15', '2026-01-19', 'not_started', 'not_started', NULL, NULL, 0),
(8292, 28, 'YORE', 14729, 647, 606, '2026-01-15', '2026-01-19', 'not_started', 'not_started', NULL, NULL, 0),
(8293, 28, 'YORE', 15240, 606, 594, '2026-01-15', '2026-01-19', 'not_started', 'not_started', NULL, NULL, 0),
(8294, 28, 'YORE', 15349, 647, 606, '2026-01-15', '2026-01-19', 'not_started', 'not_started', NULL, NULL, 0),
(8295, 28, 'YORE', 14276, 648, 610, '2026-01-15', '2026-01-19', 'not_started', 'not_started', NULL, NULL, 0),
(8296, 28, 'YORE', 14301, 610, 595, '2026-01-15', '2026-01-19', 'not_started', 'not_started', NULL, NULL, 0),
(8297, 28, 'YORE', 14395, 648, 610, '2026-01-15', '2026-01-19', 'not_started', 'not_started', NULL, NULL, 0),
(8298, 28, 'YORE', 14411, 648, 610, '2026-01-15', '2026-01-19', 'not_started', 'not_started', NULL, NULL, 0),
(8299, 28, 'YORE', 14930, 648, 610, '2026-01-15', '2026-01-19', 'not_started', 'not_started', NULL, NULL, 0),
(8300, 28, 'YORE', 14982, 648, 610, '2026-01-15', '2026-01-19', 'not_started', 'not_started', NULL, NULL, 0),
(8301, 28, 'YORE', 15282, 648, 610, '2026-01-15', '2026-01-19', 'not_started', 'not_started', NULL, NULL, 0),
(8302, 28, 'YORE', 15290, 648, 610, '2026-01-15', '2026-01-19', 'not_started', 'not_started', NULL, NULL, 0),
(8303, 28, 'YORE', 14388, 649, 610, '2026-01-15', '2026-01-19', 'not_started', 'not_started', NULL, NULL, 0),
(8304, 28, 'YORE', 14493, 649, 610, '2026-01-15', '2026-01-19', 'not_started', 'not_started', NULL, NULL, 0),
(8305, 28, 'YORE', 14684, 649, 610, '2026-01-15', '2026-01-19', 'not_started', 'not_started', NULL, NULL, 0),
(8306, 28, 'YORE', 14743, 649, 610, '2026-01-15', '2026-01-19', 'not_started', 'not_started', NULL, NULL, 0),
(8307, 28, 'YORE', 14760, 649, 610, '2026-01-15', '2026-01-19', 'not_started', 'not_started', NULL, NULL, 0),
(8308, 28, 'YORE', 14877, 649, 610, '2026-01-15', '2026-01-19', 'not_started', 'not_started', NULL, NULL, 0),
(8309, 28, 'YORE', 14883, 649, 610, '2026-01-15', '2026-01-19', 'not_started', 'not_started', NULL, NULL, 0),
(8310, 28, 'YORE', 15076, 649, 610, '2026-01-15', '2026-01-19', 'not_started', 'not_started', NULL, NULL, 0),
(8311, 28, 'YORE', 15318, 610, 595, '2026-01-15', '2026-01-19', 'not_started', 'not_started', NULL, NULL, 0),
(8312, 28, 'YORE', 14382, 650, 604, '2026-01-15', '2026-01-19', 'not_started', 'not_started', NULL, NULL, 0),
(8313, 28, 'YORE', 14385, 650, 604, '2026-01-15', '2026-01-19', 'not_started', 'not_started', NULL, NULL, 0),
(8314, 28, 'YORE', 14594, 650, 604, '2026-01-15', '2026-01-19', 'not_started', 'not_started', NULL, NULL, 0),
(8315, 28, 'YORE', 14622, 650, 604, '2026-01-15', '2026-01-19', 'not_started', 'not_started', NULL, NULL, 0),
(8316, 28, 'YORE', 14775, 650, 604, '2026-01-15', '2026-01-19', 'not_started', 'not_started', NULL, NULL, 0),
(8317, 28, 'YORE', 14911, 650, 604, '2026-01-15', '2026-01-19', 'not_started', 'not_started', NULL, NULL, 0),
(8318, 28, 'YORE', 15110, 604, 620, '2026-01-15', '2026-01-19', 'not_started', 'not_started', NULL, NULL, 0),
(8319, 28, 'YORE', 15291, 650, 604, '2026-01-15', '2026-01-19', 'not_started', 'not_started', NULL, NULL, 0),
(8320, 28, 'YORE', 14306, 617, 589, '2026-01-15', '2026-01-19', 'not_started', 'not_started', NULL, NULL, 0),
(8321, 28, 'YORE', 14840, 617, 589, '2026-01-15', '2026-01-19', 'not_started', 'not_started', NULL, NULL, 0),
(8322, 28, 'YORE', 14856, 617, 589, '2026-01-15', '2026-01-19', 'not_started', 'not_started', NULL, NULL, 0),
(8323, 28, 'YORE', 14950, 617, 589, '2026-01-15', '2026-01-19', 'not_started', 'not_started', NULL, NULL, 0),
(8324, 28, 'YORE', 15114, 617, 589, '2026-01-15', '2026-01-19', 'not_started', 'not_started', NULL, NULL, 0),
(8325, 28, 'YORE', 15389, 589, 594, '2026-01-15', '2026-01-19', 'not_started', 'not_started', NULL, NULL, 0),
(8326, 28, 'YORE', 14270, 700, 604, '2026-01-15', '2026-01-19', 'not_started', 'not_started', NULL, NULL, 0),
(8327, 28, 'YORE', 14389, 700, 604, '2026-01-15', '2026-01-19', 'not_started', 'not_started', NULL, NULL, 0),
(8328, 28, 'YORE', 14522, 700, 604, '2026-01-15', '2026-01-19', 'not_started', 'not_started', NULL, NULL, 0),
(8329, 28, 'YORE', 14661, 700, 604, '2026-01-15', '2026-01-19', 'not_started', 'not_started', NULL, NULL, 0),
(8330, 28, 'YORE', 14700, 700, 604, '2026-01-15', '2026-01-19', 'not_started', 'not_started', NULL, NULL, 0),
(8331, 28, 'YORE', 14716, 700, 604, '2026-01-15', '2026-01-19', 'not_started', 'not_started', NULL, NULL, 0),
(8332, 28, 'YORE', 14750, 700, 604, '2026-01-15', '2026-01-19', 'not_started', 'not_started', NULL, NULL, 0),
(8333, 28, 'YORE', 14996, 700, 604, '2026-01-15', '2026-01-19', 'not_started', 'not_started', NULL, NULL, 0),
(8334, 28, 'YORE', 15007, 700, 604, '2026-01-15', '2026-01-19', 'not_started', 'not_started', NULL, NULL, 0),
(8335, 28, 'YORE', 15073, 604, 620, '2026-01-15', '2026-01-19', 'not_started', 'not_started', NULL, NULL, 0),
(8336, 28, 'YORE', 14289, 651, 604, '2026-01-15', '2026-01-19', 'not_started', 'not_started', NULL, NULL, 0),
(8337, 28, 'YORE', 14300, 651, 604, '2026-01-15', '2026-01-19', 'not_started', 'not_started', NULL, NULL, 0),
(8338, 28, 'YORE', 14376, 651, 604, '2026-01-15', '2026-01-19', 'not_started', 'not_started', NULL, NULL, 0),
(8339, 28, 'YORE', 14396, 651, 604, '2026-01-15', '2026-01-19', 'not_started', 'not_started', NULL, NULL, 0),
(8340, 28, 'YORE', 14546, 651, 604, '2026-01-15', '2026-01-19', 'not_started', 'not_started', NULL, NULL, 0),
(8341, 28, 'YORE', 15343, 604, 620, '2026-01-15', '2026-01-19', 'not_started', 'not_started', NULL, NULL, 0),
(8342, 28, 'YORE', 14451, 608, 595, '2026-01-15', '2026-01-19', 'not_started', 'not_started', NULL, NULL, 0),
(8343, 28, 'YORE', 14452, 618, 608, '2026-01-15', '2026-01-19', 'not_started', 'not_started', NULL, NULL, 0),
(8344, 28, 'YORE', 14453, 618, 608, '2026-01-15', '2026-01-19', 'not_started', 'not_started', NULL, NULL, 0),
(8345, 28, 'YORE', 14454, 618, 608, '2026-01-15', '2026-01-19', 'not_started', 'not_started', NULL, NULL, 0),
(8346, 28, 'YORE', 14471, 618, 608, '2026-01-15', '2026-01-19', 'not_started', 'not_started', NULL, NULL, 0),
(8347, 28, 'YORE', 14610, 618, 608, '2026-01-15', '2026-01-19', 'not_started', 'not_started', NULL, NULL, 0),
(8348, 28, 'YORE', 14905, 618, 608, '2026-01-15', '2026-01-19', 'not_started', 'not_started', NULL, NULL, 0),
(8349, 28, 'YORE', 14313, 591, 620, '2026-01-15', '2026-01-19', 'not_started', 'not_started', NULL, NULL, 0),
(8350, 28, 'YORE', 14410, 625, 591, '2026-01-15', '2026-01-19', 'not_started', 'not_started', NULL, NULL, 0),
(8351, 28, 'YORE', 14455, 625, 591, '2026-01-15', '2026-01-19', 'not_started', 'not_started', NULL, NULL, 0),
(8352, 28, 'YORE', 14834, 625, 591, '2026-01-15', '2026-01-19', 'not_started', 'not_started', NULL, NULL, 0),
(8353, 28, 'YORE', 14992, 625, 591, '2026-01-15', '2026-01-19', 'not_started', 'not_started', NULL, NULL, 0),
(8354, 28, 'YORE', 14570, 711, 597, '2026-01-15', '2026-01-19', 'not_started', 'not_started', NULL, NULL, 0),
(8355, 28, 'YORE', 14611, 711, 597, '2026-01-15', '2026-01-19', 'not_started', 'not_started', NULL, NULL, 0),
(8356, 28, 'YORE', 14645, 597, 620, '2026-01-15', '2026-01-19', 'not_started', 'not_started', NULL, NULL, 0),
(8357, 28, 'YORE', 14732, 711, 597, '2026-01-15', '2026-01-19', 'not_started', 'not_started', NULL, NULL, 0),
(8358, 28, 'YORE', 14893, 711, 597, '2026-01-15', '2026-01-19', 'not_started', 'not_started', NULL, NULL, 0),
(8359, 28, 'YORE', 14986, 711, 597, '2026-01-15', '2026-01-19', 'not_started', 'not_started', NULL, NULL, 0),
(8360, 28, 'YORE', 14987, 623, 599, '2026-01-15', '2026-01-19', 'not_started', 'not_started', NULL, NULL, 0),
(8361, 28, 'YORE', 14988, 623, 599, '2026-01-15', '2026-01-19', 'not_started', 'not_started', NULL, NULL, 0),
(8362, 28, 'YORE', 14989, 623, 599, '2026-01-15', '2026-01-19', 'not_started', 'not_started', NULL, NULL, 0),
(8363, 28, 'YORE', 14990, 623, 599, '2026-01-15', '2026-01-19', 'not_started', 'not_started', NULL, NULL, 0),
(8364, 28, 'YORE', 15000, 623, 599, '2026-01-15', '2026-01-19', 'not_started', 'not_started', NULL, NULL, 0),
(8365, 28, 'YORE', 14288, 652, 610, '2026-01-15', '2026-01-19', 'not_started', 'not_started', NULL, NULL, 0),
(8366, 28, 'YORE', 14342, 652, 610, '2026-01-15', '2026-01-19', 'not_started', 'not_started', NULL, NULL, 0),
(8367, 28, 'YORE', 14359, 610, 595, '2026-01-15', '2026-01-19', 'not_started', 'not_started', NULL, NULL, 0),
(8368, 28, 'YORE', 14360, 652, 610, '2026-01-15', '2026-01-19', 'not_started', 'not_started', NULL, NULL, 0),
(8369, 28, 'YORE', 14377, 652, 610, '2026-01-15', '2026-01-19', 'not_started', 'not_started', NULL, NULL, 0),
(8370, 28, 'YORE', 14468, 652, 610, '2026-01-15', '2026-01-19', 'not_started', 'not_started', NULL, NULL, 0),
(8371, 28, 'YORE', 14763, 652, 610, '2026-01-15', '2026-01-19', 'not_started', 'not_started', NULL, NULL, 0),
(8372, 28, 'YORE', 14792, 652, 610, '2026-01-15', '2026-01-19', 'not_started', 'not_started', NULL, NULL, 0),
(8373, 28, 'YORE', 14272, 653, 610, '2026-01-15', '2026-01-19', 'not_started', 'not_started', NULL, NULL, 0),
(8374, 28, 'YORE', 14274, 610, 595, '2026-01-15', '2026-01-19', 'not_started', 'not_started', NULL, NULL, 0),
(8375, 28, 'YORE', 14380, 653, 610, '2026-01-15', '2026-01-19', 'not_started', 'not_started', NULL, NULL, 0),
(8376, 28, 'YORE', 14447, 653, 610, '2026-01-15', '2026-01-19', 'not_started', 'not_started', NULL, NULL, 0),
(8377, 28, 'YORE', 14648, 653, 610, '2026-01-15', '2026-01-19', 'not_started', 'not_started', NULL, NULL, 0),
(8378, 28, 'YORE', 14817, 653, 610, '2026-01-15', '2026-01-19', 'not_started', 'not_started', NULL, NULL, 0),
(8379, 28, 'YORE', 14953, 653, 610, '2026-01-15', '2026-01-19', 'not_started', 'not_started', NULL, NULL, 0),
(8380, 28, 'YORE', 14387, 654, 604, '2026-01-15', '2026-01-19', 'not_started', 'not_started', NULL, NULL, 0),
(8381, 28, 'YORE', 14520, 654, 604, '2026-01-15', '2026-01-19', 'not_started', 'not_started', NULL, NULL, 0),
(8382, 28, 'YORE', 14537, 654, 604, '2026-01-15', '2026-01-19', 'not_started', 'not_started', NULL, NULL, 0),
(8383, 28, 'YORE', 14681, 654, 604, '2026-01-15', '2026-01-19', 'not_started', 'not_started', NULL, NULL, 0),
(8384, 28, 'YORE', 14733, 654, 604, '2026-01-15', '2026-01-19', 'not_started', 'not_started', NULL, NULL, 0),
(8385, 28, 'YORE', 14855, 654, 604, '2026-01-15', '2026-01-19', 'not_started', 'not_started', NULL, NULL, 0),
(8386, 28, 'YORE', 14875, 604, 620, '2026-01-15', '2026-01-19', 'not_started', 'not_started', NULL, NULL, 0),
(8387, 28, 'YORE', 14307, 655, 601, '2026-01-15', '2026-01-19', 'not_started', 'not_started', NULL, NULL, 0),
(8388, 28, 'YORE', 14425, 655, 601, '2026-01-15', '2026-01-19', 'not_started', 'not_started', NULL, NULL, 0),
(8389, 28, 'YORE', 14448, 655, 601, '2026-01-15', '2026-01-19', 'not_started', 'not_started', NULL, NULL, 0),
(8390, 28, 'YORE', 14789, 655, 601, '2026-01-15', '2026-01-19', 'not_started', 'not_started', NULL, NULL, 0),
(8391, 28, 'YORE', 14807, 655, 601, '2026-01-15', '2026-01-19', 'not_started', 'not_started', NULL, NULL, 0),
(8392, 28, 'YORE', 14808, 655, 601, '2026-01-15', '2026-01-19', 'not_started', 'not_started', NULL, NULL, 0),
(8393, 28, 'YORE', 15116, 655, 601, '2026-01-15', '2026-01-19', 'not_started', 'not_started', NULL, NULL, 0),
(8394, 28, 'YORE', 15117, 601, 595, '2026-01-15', '2026-01-19', 'not_started', 'not_started', NULL, NULL, 0),
(8395, 28, 'YORE', 15150, 655, 601, '2026-01-15', '2026-01-19', 'not_started', 'not_started', NULL, NULL, 0),
(8396, 28, 'YORE', 14426, 656, 601, '2026-01-15', '2026-01-19', 'not_started', 'not_started', NULL, NULL, 0),
(8397, 28, 'YORE', 14429, 601, 595, '2026-01-15', '2026-01-19', 'not_started', 'not_started', NULL, NULL, 0),
(8398, 28, 'YORE', 14650, 656, 601, '2026-01-15', '2026-01-19', 'not_started', 'not_started', NULL, NULL, 0),
(8399, 28, 'YORE', 14663, 656, 601, '2026-01-15', '2026-01-19', 'not_started', 'not_started', NULL, NULL, 0),
(8400, 28, 'YORE', 14722, 656, 601, '2026-01-15', '2026-01-19', 'not_started', 'not_started', NULL, NULL, 0),
(8401, 28, 'YORE', 14771, 656, 601, '2026-01-15', '2026-01-19', 'not_started', 'not_started', NULL, NULL, 0),
(8402, 28, 'YORE', 14796, 656, 601, '2026-01-15', '2026-01-19', 'not_started', 'not_started', NULL, NULL, 0),
(8403, 28, 'YORE', 14829, 656, 601, '2026-01-15', '2026-01-19', 'not_started', 'not_started', NULL, NULL, 0),
(8404, 28, 'YORE', 14838, 656, 601, '2026-01-15', '2026-01-19', 'not_started', 'not_started', NULL, NULL, 0),
(8405, 28, 'YORE', 14294, 601, 595, '2026-01-15', '2026-01-19', 'not_started', 'not_started', NULL, NULL, 0),
(8406, 28, 'YORE', 14428, 657, 601, '2026-01-15', '2026-01-19', 'not_started', 'not_started', NULL, NULL, 0),
(8407, 28, 'YORE', 14433, 657, 601, '2026-01-15', '2026-01-19', 'not_started', 'not_started', NULL, NULL, 0),
(8408, 28, 'YORE', 14482, 657, 601, '2026-01-15', '2026-01-19', 'not_started', 'not_started', NULL, NULL, 0),
(8409, 28, 'YORE', 14528, 657, 601, '2026-01-15', '2026-01-19', 'not_started', 'not_started', NULL, NULL, 0),
(8410, 28, 'YORE', 14543, 657, 601, '2026-01-15', '2026-01-19', 'not_started', 'not_started', NULL, NULL, 0),
(8411, 28, 'YORE', 14577, 657, 601, '2026-01-15', '2026-01-19', 'not_started', 'not_started', NULL, NULL, 0),
(8412, 28, 'YORE', 14639, 657, 601, '2026-01-15', '2026-01-19', 'not_started', 'not_started', NULL, NULL, 0),
(8413, 28, 'YORE', 14690, 657, 601, '2026-01-15', '2026-01-19', 'not_started', 'not_started', NULL, NULL, 0),
(8414, 28, 'YORE', 14977, 657, 601, '2026-01-15', '2026-01-19', 'not_started', 'not_started', NULL, NULL, 0),
(8415, 28, 'YORE', 14279, 602, 594, '2026-01-15', '2026-01-19', 'not_started', 'not_started', NULL, NULL, 0),
(8416, 28, 'YORE', 14507, 658, 602, '2026-01-15', '2026-01-19', 'not_started', 'not_started', NULL, NULL, 0),
(8417, 28, 'YORE', 14638, 658, 602, '2026-01-15', '2026-01-19', 'not_started', 'not_started', NULL, NULL, 0),
(8418, 28, 'YORE', 14821, 658, 602, '2026-01-15', '2026-01-19', 'not_started', 'not_started', NULL, NULL, 0),
(8419, 28, 'YORE', 14849, 658, 602, '2026-01-15', '2026-01-19', 'not_started', 'not_started', NULL, NULL, 0),
(8420, 28, 'YORE', 14853, 658, 602, '2026-01-15', '2026-01-19', 'not_started', 'not_started', NULL, NULL, 0),
(8421, 28, 'YORE', 14866, 658, 602, '2026-01-15', '2026-01-19', 'not_started', 'not_started', NULL, NULL, 0),
(8422, 28, 'YORE', 14884, 658, 602, '2026-01-15', '2026-01-19', 'not_started', 'not_started', NULL, NULL, 0),
(8423, 28, 'YORE', 15024, 658, 602, '2026-01-15', '2026-01-19', 'not_started', 'not_started', NULL, NULL, 0),
(8424, 28, 'YORE', 14442, 659, 602, '2026-01-15', '2026-01-19', 'not_started', 'not_started', NULL, NULL, 0),
(8425, 28, 'YORE', 14444, 659, 602, '2026-01-15', '2026-01-19', 'not_started', 'not_started', NULL, NULL, 0),
(8426, 28, 'YORE', 14535, 659, 602, '2026-01-15', '2026-01-19', 'not_started', 'not_started', NULL, NULL, 0),
(8427, 28, 'YORE', 14563, 659, 602, '2026-01-15', '2026-01-19', 'not_started', 'not_started', NULL, NULL, 0),
(8428, 28, 'YORE', 14583, 602, 594, '2026-01-15', '2026-01-19', 'not_started', 'not_started', NULL, NULL, 0),
(8429, 28, 'YORE', 14889, 602, 594, '2026-01-15', '2026-01-19', 'not_started', 'not_started', NULL, NULL, 0),
(8430, 28, 'YORE', 15310, 659, 602, '2026-01-15', '2026-01-19', 'not_started', 'not_started', NULL, NULL, 0),
(8431, 28, 'YORE', 15387, 659, 602, '2026-01-15', '2026-01-19', 'not_started', 'not_started', NULL, NULL, 0),
(8432, 28, 'YORE', 14327, 660, 599, '2026-01-15', '2026-01-19', 'not_started', 'not_started', NULL, NULL, 0),
(8433, 28, 'YORE', 14394, 660, 599, '2026-01-15', '2026-01-19', 'not_started', 'not_started', NULL, NULL, 0),
(8434, 28, 'YORE', 14402, 660, 599, '2026-01-15', '2026-01-19', 'not_started', 'not_started', NULL, NULL, 0),
(8435, 28, 'YORE', 14502, 660, 599, '2026-01-15', '2026-01-19', 'not_started', 'not_started', NULL, NULL, 0),
(8436, 28, 'YORE', 14557, 660, 599, '2026-01-15', '2026-01-19', 'not_started', 'not_started', NULL, NULL, 0),
(8437, 28, 'YORE', 14874, 660, 599, '2026-01-15', '2026-01-19', 'not_started', 'not_started', NULL, NULL, 0),
(8438, 28, 'YORE', 15011, 660, 599, '2026-01-15', '2026-01-19', 'not_started', 'not_started', NULL, NULL, 0),
(8439, 28, 'YORE', 15026, 660, 599, '2026-01-15', '2026-01-19', 'not_started', 'not_started', NULL, NULL, 0),
(8440, 28, 'YORE', 15146, 599, 595, '2026-01-15', '2026-01-19', 'not_started', 'not_started', NULL, NULL, 0),
(8441, 28, 'YORE', 15382, 660, 599, '2026-01-15', '2026-01-19', 'not_started', 'not_started', NULL, NULL, 0),
(8442, 28, 'YORE', 14317, 598, 595, '2026-01-15', '2026-01-19', 'not_started', 'not_started', NULL, NULL, 0),
(8443, 28, 'YORE', 14462, 661, 598, '2026-01-15', '2026-01-19', 'not_started', 'not_started', NULL, NULL, 0),
(8444, 28, 'YORE', 14474, 661, 598, '2026-01-15', '2026-01-19', 'not_started', 'not_started', NULL, NULL, 0),
(8445, 28, 'YORE', 14483, 661, 598, '2026-01-15', '2026-01-19', 'not_started', 'not_started', NULL, NULL, 0),
(8446, 28, 'YORE', 14487, 661, 598, '2026-01-15', '2026-01-19', 'not_started', 'not_started', NULL, NULL, 0),
(8447, 28, 'YORE', 14604, 661, 598, '2026-01-15', '2026-01-19', 'not_started', 'not_started', NULL, NULL, 0),
(8448, 28, 'YORE', 14725, 661, 598, '2026-01-15', '2026-01-19', 'not_started', 'not_started', NULL, NULL, 0),
(8449, 28, 'YORE', 14910, 661, 598, '2026-01-15', '2026-01-19', 'not_started', 'not_started', NULL, NULL, 0),
(8450, 28, 'YORE', 14266, 598, 599, '2026-01-15', '2026-01-19', 'not_started', 'not_started', NULL, NULL, 0),
(8451, 28, 'YORE', 14351, 662, 599, '2026-01-15', '2026-01-19', 'not_started', 'not_started', NULL, NULL, 0),
(8452, 28, 'YORE', 14381, 662, 599, '2026-01-15', '2026-01-19', 'not_started', 'not_started', NULL, NULL, 0),
(8453, 28, 'YORE', 14383, 662, 599, '2026-01-15', '2026-01-19', 'not_started', 'not_started', NULL, NULL, 0),
(8454, 28, 'YORE', 14568, 662, 599, '2026-01-15', '2026-01-19', 'not_started', 'not_started', NULL, NULL, 0),
(8455, 28, 'YORE', 14670, 662, 598, '2026-01-15', '2026-01-19', 'not_started', 'not_started', NULL, NULL, 0),
(8456, 28, 'YORE', 14674, 662, 598, '2026-01-15', '2026-01-19', 'not_started', 'not_started', NULL, NULL, 0),
(8457, 28, 'YORE', 14918, 662, 598, '2026-01-15', '2026-01-19', 'not_started', 'not_started', NULL, NULL, 0),
(8458, 28, 'YORE', 14939, 662, 598, '2026-01-15', '2026-01-19', 'not_started', 'not_started', NULL, NULL, 0),
(8459, 28, 'YORE', 14334, 591, 620, '2026-01-15', '2026-01-19', 'not_started', 'not_started', NULL, NULL, 0),
(8460, 28, 'YORE', 14356, 663, 591, '2026-01-15', '2026-01-19', 'not_started', 'not_started', NULL, NULL, 0),
(8461, 28, 'YORE', 14366, 663, 591, '2026-01-15', '2026-01-19', 'not_started', 'not_started', NULL, NULL, 0),
(8462, 28, 'YORE', 14370, 663, 591, '2026-01-15', '2026-01-19', 'not_started', 'not_started', NULL, NULL, 0),
(8463, 28, 'YORE', 14372, 663, 591, '2026-01-15', '2026-01-19', 'not_started', 'not_started', NULL, NULL, 0),
(8464, 28, 'YORE', 14629, 663, 591, '2026-01-15', '2026-01-19', 'not_started', 'not_started', NULL, NULL, 0),
(8465, 28, 'YORE', 14845, 663, 591, '2026-01-15', '2026-01-19', 'not_started', 'not_started', NULL, NULL, 0),
(8466, 28, 'YORE', 14264, 664, 610, '2026-01-15', '2026-01-19', 'not_started', 'not_started', NULL, NULL, 0),
(8467, 28, 'YORE', 14405, 664, 610, '2026-01-15', '2026-01-19', 'not_started', 'not_started', NULL, NULL, 0),
(8468, 28, 'YORE', 14519, 664, 610, '2026-01-15', '2026-01-19', 'not_started', 'not_started', NULL, NULL, 0),
(8469, 28, 'YORE', 14665, 664, 610, '2026-01-15', '2026-01-19', 'not_started', 'not_started', NULL, NULL, 0),
(8470, 28, 'YORE', 14756, 664, 610, '2026-01-15', '2026-01-19', 'not_started', 'not_started', NULL, NULL, 0),
(8471, 28, 'YORE', 14924, 664, 610, '2026-01-15', '2026-01-19', 'not_started', 'not_started', NULL, NULL, 0),
(8472, 28, 'YORE', 15074, 664, 610, '2026-01-15', '2026-01-19', 'not_started', 'not_started', NULL, NULL, 0),
(8473, 28, 'YORE', 15215, 610, 595, '2026-01-15', '2026-01-19', 'not_started', 'not_started', NULL, NULL, 0),
(8474, 28, 'YORE', 15259, 664, 610, '2026-01-15', '2026-01-19', 'not_started', 'not_started', NULL, NULL, 0),
(8475, 28, 'YORE', 14703, 704, 603, '2026-01-15', '2026-01-19', 'not_started', 'not_started', NULL, NULL, 0),
(8476, 28, 'YORE', 14712, 704, 603, '2026-01-15', '2026-01-19', 'not_started', 'not_started', NULL, NULL, 0),
(8477, 28, 'YORE', 14715, 704, 603, '2026-01-15', '2026-01-19', 'not_started', 'not_started', NULL, NULL, 0),
(8478, 28, 'YORE', 14749, 704, 603, '2026-01-15', '2026-01-19', 'not_started', 'not_started', NULL, NULL, 0),
(8479, 28, 'YORE', 14758, 704, 603, '2026-01-15', '2026-01-19', 'not_started', 'not_started', NULL, NULL, 0),
(8480, 28, 'YORE', 14887, 704, 603, '2026-01-15', '2026-01-19', 'not_started', 'not_started', NULL, NULL, 0),
(8481, 28, 'YORE', 15008, 704, 603, '2026-01-15', '2026-01-19', 'not_started', 'not_started', NULL, NULL, 0),
(8482, 28, 'YORE', 15025, 704, 603, '2026-01-15', '2026-01-19', 'not_started', 'not_started', NULL, NULL, 0),
(8483, 28, 'YORE', 15176, 603, 620, '2026-01-15', '2026-01-19', 'not_started', 'not_started', NULL, NULL, 0),
(8484, 28, 'YORE', 15185, 704, 603, '2026-01-15', '2026-01-19', 'not_started', 'not_started', NULL, NULL, 0),
(8485, 28, 'YORE', 15280, 704, 603, '2026-01-15', '2026-01-19', 'not_started', 'not_started', NULL, NULL, 0),
(8486, 28, 'YORE', 14461, 665, 603, '2026-01-15', '2026-01-19', 'not_started', 'not_started', NULL, NULL, 0),
(8487, 28, 'YORE', 14621, 665, 603, '2026-01-15', '2026-01-19', 'not_started', 'not_started', NULL, NULL, 0),
(8488, 28, 'YORE', 14631, 665, 603, '2026-01-15', '2026-01-19', 'not_started', 'not_started', NULL, NULL, 0),
(8489, 28, 'YORE', 14776, 665, 603, '2026-01-15', '2026-01-19', 'not_started', 'not_started', NULL, NULL, 0),
(8490, 28, 'YORE', 14923, 665, 603, '2026-01-15', '2026-01-19', 'not_started', 'not_started', NULL, NULL, 0),
(8491, 28, 'YORE', 14981, 665, 603, '2026-01-15', '2026-01-19', 'not_started', 'not_started', NULL, NULL, 0),
(8492, 28, 'YORE', 14265, 702, 606, '2026-01-15', '2026-01-19', 'not_started', 'not_started', NULL, NULL, 0),
(8493, 28, 'YORE', 14277, 702, 606, '2026-01-15', '2026-01-19', 'not_started', 'not_started', NULL, NULL, 0),
(8494, 28, 'YORE', 14346, 702, 606, '2026-01-15', '2026-01-19', 'not_started', 'not_started', NULL, NULL, 0),
(8495, 28, 'YORE', 14399, 702, 606, '2026-01-15', '2026-01-19', 'not_started', 'not_started', NULL, NULL, 0),
(8496, 28, 'YORE', 14420, 702, 606, '2026-01-15', '2026-01-19', 'not_started', 'not_started', NULL, NULL, 0),
(8497, 28, 'YORE', 14588, 702, 606, '2026-01-15', '2026-01-19', 'not_started', 'not_started', NULL, NULL, 0),
(8498, 28, 'YORE', 14682, 702, 606, '2026-01-15', '2026-01-19', 'not_started', 'not_started', NULL, NULL, 0),
(8499, 28, 'YORE', 14818, 702, 606, '2026-01-15', '2026-01-19', 'not_started', 'not_started', NULL, NULL, 0),
(8500, 28, 'YORE', 14865, 702, 606, '2026-01-15', '2026-01-19', 'not_started', 'not_started', NULL, NULL, 0),
(8501, 28, 'YORE', 15142, 606, 594, '2026-01-15', '2026-01-19', 'not_started', 'not_started', NULL, NULL, 0),
(8502, 28, 'YORE', 15149, 702, 606, '2026-01-15', '2026-01-19', 'not_started', 'not_started', NULL, NULL, 0),
(8503, 28, 'YORE', 15194, 702, 606, '2026-01-15', '2026-01-19', 'not_started', 'not_started', NULL, NULL, 0),
(8504, 28, 'YORE', 15253, 702, 606, '2026-01-15', '2026-01-19', 'not_started', 'not_started', NULL, NULL, 0),
(8505, 28, 'YORE', 15275, 702, 606, '2026-01-15', '2026-01-19', 'not_started', 'not_started', NULL, NULL, 0),
(8506, 28, 'YORE', 15321, 702, 606, '2026-01-15', '2026-01-19', 'not_started', 'not_started', NULL, NULL, 0),
(8507, 28, 'YORE', 14958, 608, 595, '2026-01-15', '2026-01-19', 'not_started', 'not_started', NULL, NULL, 0),
(8508, 28, 'YORE', 14967, 708, 608, '2026-01-15', '2026-01-19', 'not_started', 'not_started', NULL, NULL, 0),
(8509, 28, 'YORE', 14968, 708, 608, '2026-01-15', '2026-01-19', 'not_started', 'not_started', NULL, NULL, 0),
(8510, 28, 'YORE', 14969, 708, 608, '2026-01-15', '2026-01-19', 'not_started', 'not_started', NULL, NULL, 0),
(8511, 28, 'YORE', 15005, 708, 608, '2026-01-15', '2026-01-19', 'not_started', 'not_started', NULL, NULL, 0);
INSERT INTO `evaluation_assignments` (`id`, `period_id`, `company`, `employee_id`, `evaluator1_user_id`, `evaluator2_user_id`, `assignment_start_date`, `assignment_end_date`, `status_e1`, `status_e2`, `submitted_at_e1`, `submitted_at_e2`, `lock_version`) VALUES
(8512, 28, 'YORE', 14280, 592, 594, '2026-01-15', '2026-01-19', 'not_started', 'not_started', NULL, NULL, 0),
(8513, 28, 'YORE', 14310, 666, 592, '2026-01-15', '2026-01-19', 'not_started', 'not_started', NULL, NULL, 0),
(8514, 28, 'YORE', 14314, 592, 594, '2026-01-15', '2026-01-19', 'not_started', 'not_started', NULL, NULL, 0),
(8515, 28, 'YORE', 14465, 666, 592, '2026-01-15', '2026-01-19', 'not_started', 'not_started', NULL, NULL, 0),
(8516, 28, 'YORE', 14571, 666, 592, '2026-01-15', '2026-01-19', 'not_started', 'not_started', NULL, NULL, 0),
(8517, 28, 'YORE', 14573, 666, 592, '2026-01-15', '2026-01-19', 'not_started', 'not_started', NULL, NULL, 0),
(8518, 28, 'YORE', 14609, 666, 592, '2026-01-15', '2026-01-19', 'not_started', 'not_started', NULL, NULL, 0),
(8519, 28, 'YORE', 14643, 666, 592, '2026-01-15', '2026-01-19', 'not_started', 'not_started', NULL, NULL, 0),
(8520, 28, 'YORE', 14704, 666, 592, '2026-01-15', '2026-01-19', 'not_started', 'not_started', NULL, NULL, 0),
(8521, 28, 'YORE', 14966, 666, 592, '2026-01-15', '2026-01-19', 'not_started', 'not_started', NULL, NULL, 0),
(8522, 28, 'YORE', 15244, 666, 592, '2026-01-15', '2026-01-19', 'not_started', 'not_started', NULL, NULL, 0),
(8523, 28, 'YORE', 14298, 667, 605, '2026-01-15', '2026-01-19', 'not_started', 'not_started', NULL, NULL, 0),
(8524, 28, 'YORE', 14341, 667, 605, '2026-01-15', '2026-01-19', 'not_started', 'not_started', NULL, NULL, 0),
(8525, 28, 'YORE', 14731, 667, 605, '2026-01-15', '2026-01-19', 'not_started', 'not_started', NULL, NULL, 0),
(8526, 28, 'YORE', 14748, 667, 605, '2026-01-15', '2026-01-19', 'not_started', 'not_started', NULL, NULL, 0),
(8527, 28, 'YORE', 14812, 667, 605, '2026-01-15', '2026-01-19', 'not_started', 'not_started', NULL, NULL, 0),
(8528, 28, 'YORE', 14891, 667, 605, '2026-01-15', '2026-01-19', 'not_started', 'not_started', NULL, NULL, 0),
(8529, 28, 'YORE', 15096, 667, 605, '2026-01-15', '2026-01-19', 'not_started', 'not_started', NULL, NULL, 0),
(8530, 28, 'YORE', 15288, 605, 594, '2026-01-15', '2026-01-19', 'not_started', 'not_started', NULL, NULL, 0),
(8531, 28, 'YORE', 14398, 668, 591, '2026-01-15', '2026-01-19', 'not_started', 'not_started', NULL, NULL, 0),
(8532, 28, 'YORE', 14406, 668, 591, '2026-01-15', '2026-01-19', 'not_started', 'not_started', NULL, NULL, 0),
(8533, 28, 'YORE', 14636, 668, 591, '2026-01-15', '2026-01-19', 'not_started', 'not_started', NULL, NULL, 0),
(8534, 28, 'YORE', 15267, 591, 620, '2026-01-15', '2026-01-19', 'not_started', 'not_started', NULL, NULL, 0),
(8535, 28, 'YORE', 15348, 668, 591, '2026-01-15', '2026-01-19', 'not_started', 'not_started', NULL, NULL, 0),
(8536, 28, 'YORE', 14286, 589, 594, '2026-01-15', '2026-01-19', 'not_started', 'not_started', NULL, NULL, 0),
(8537, 28, 'YORE', 14407, 669, 589, '2026-01-15', '2026-01-19', 'not_started', 'not_started', NULL, NULL, 0),
(8538, 28, 'YORE', 14409, 669, 589, '2026-01-15', '2026-01-19', 'not_started', 'not_started', NULL, NULL, 0),
(8539, 28, 'YORE', 14440, 669, 589, '2026-01-15', '2026-01-19', 'not_started', 'not_started', NULL, NULL, 0),
(8540, 28, 'YORE', 14477, 669, 589, '2026-01-15', '2026-01-19', 'not_started', 'not_started', NULL, NULL, 0),
(8541, 28, 'YORE', 14836, 669, 589, '2026-01-15', '2026-01-19', 'not_started', 'not_started', NULL, NULL, 0),
(8542, 28, 'YORE', 14927, 669, 589, '2026-01-15', '2026-01-19', 'not_started', 'not_started', NULL, NULL, 0),
(8543, 28, 'YORE', 14937, 669, 589, '2026-01-15', '2026-01-19', 'not_started', 'not_started', NULL, NULL, 0),
(8544, 28, 'YORE', 15354, 669, 589, '2026-01-15', '2026-01-19', 'not_started', 'not_started', NULL, NULL, 0),
(8545, 28, 'YORE', 14267, 598, 595, '2026-01-15', '2026-01-19', 'not_started', 'not_started', NULL, NULL, 0),
(8546, 28, 'YORE', 14736, 613, 598, '2026-01-15', '2026-01-19', 'not_started', 'not_started', NULL, NULL, 0),
(8547, 28, 'YORE', 14755, 613, 598, '2026-01-15', '2026-01-19', 'not_started', 'not_started', NULL, NULL, 0),
(8548, 28, 'YORE', 14773, 613, 598, '2026-01-15', '2026-01-19', 'not_started', 'not_started', NULL, NULL, 0),
(8549, 28, 'YORE', 14779, 613, 598, '2026-01-15', '2026-01-19', 'not_started', 'not_started', NULL, NULL, 0),
(8550, 28, 'YORE', 14896, 613, 598, '2026-01-15', '2026-01-19', 'not_started', 'not_started', NULL, NULL, 0),
(8551, 28, 'YORE', 14897, 613, 598, '2026-01-15', '2026-01-19', 'not_started', 'not_started', NULL, NULL, 0),
(8552, 28, 'YORE', 14345, 670, 607, '2026-01-15', '2026-01-19', 'not_started', 'not_started', NULL, NULL, 0),
(8553, 28, 'YORE', 14516, 670, 607, '2026-01-15', '2026-01-19', 'not_started', 'not_started', NULL, NULL, 0),
(8554, 28, 'YORE', 14646, 670, 607, '2026-01-15', '2026-01-19', 'not_started', 'not_started', NULL, NULL, 0),
(8555, 28, 'YORE', 14774, 670, 607, '2026-01-15', '2026-01-19', 'not_started', 'not_started', NULL, NULL, 0),
(8556, 28, 'YORE', 14828, 670, 607, '2026-01-15', '2026-01-19', 'not_started', 'not_started', NULL, NULL, 0),
(8557, 28, 'YORE', 14934, 670, 607, '2026-01-15', '2026-01-19', 'not_started', 'not_started', NULL, NULL, 0),
(8558, 28, 'YORE', 15095, 607, 620, '2026-01-15', '2026-01-19', 'not_started', 'not_started', NULL, NULL, 0),
(8559, 28, 'YORE', 15098, 670, 607, '2026-01-15', '2026-01-19', 'not_started', 'not_started', NULL, NULL, 0),
(8560, 28, 'YORE', 14630, 605, 594, '2026-01-15', '2026-01-19', 'not_started', 'not_started', NULL, NULL, 0),
(8561, 28, 'YORE', 14633, 619, 605, '2026-01-15', '2026-01-19', 'not_started', 'not_started', NULL, NULL, 0),
(8562, 28, 'YORE', 14658, 619, 605, '2026-01-15', '2026-01-19', 'not_started', 'not_started', NULL, NULL, 0),
(8563, 28, 'YORE', 14919, 619, 605, '2026-01-15', '2026-01-19', 'not_started', 'not_started', NULL, NULL, 0),
(8564, 28, 'YORE', 14942, 619, 605, '2026-01-15', '2026-01-19', 'not_started', 'not_started', NULL, NULL, 0),
(8565, 28, 'YORE', 14946, 619, 605, '2026-01-15', '2026-01-19', 'not_started', 'not_started', NULL, NULL, 0),
(8566, 28, 'YORE', 14959, 709, 608, '2026-01-15', '2026-01-19', 'not_started', 'not_started', NULL, NULL, 0),
(8567, 28, 'YORE', 14960, 608, 595, '2026-01-15', '2026-01-19', 'not_started', 'not_started', NULL, NULL, 0),
(8568, 28, 'YORE', 14961, 709, 608, '2026-01-15', '2026-01-19', 'not_started', 'not_started', NULL, NULL, 0),
(8569, 28, 'YORE', 14962, 709, 608, '2026-01-15', '2026-01-19', 'not_started', 'not_started', NULL, NULL, 0),
(8570, 28, 'YORE', 14963, 709, 608, '2026-01-15', '2026-01-19', 'not_started', 'not_started', NULL, NULL, 0),
(8571, 28, 'YORE', 14964, 709, 608, '2026-01-15', '2026-01-19', 'not_started', 'not_started', NULL, NULL, 0),
(8572, 28, 'YORE', 14995, 709, 608, '2026-01-15', '2026-01-19', 'not_started', 'not_started', NULL, NULL, 0),
(8573, 28, 'YORE', 14312, 671, 599, '2026-01-15', '2026-01-19', 'not_started', 'not_started', NULL, NULL, 0),
(8574, 28, 'YORE', 14325, 599, 595, '2026-01-15', '2026-01-19', 'not_started', 'not_started', NULL, NULL, 0),
(8575, 28, 'YORE', 14427, 671, 599, '2026-01-15', '2026-01-19', 'not_started', 'not_started', NULL, NULL, 0),
(8576, 28, 'YORE', 14434, 671, 599, '2026-01-15', '2026-01-19', 'not_started', 'not_started', NULL, NULL, 0),
(8577, 28, 'YORE', 14526, 671, 599, '2026-01-15', '2026-01-19', 'not_started', 'not_started', NULL, NULL, 0),
(8578, 28, 'YORE', 14552, 671, 599, '2026-01-15', '2026-01-19', 'not_started', 'not_started', NULL, NULL, 0),
(8579, 28, 'YORE', 14585, 671, 599, '2026-01-15', '2026-01-19', 'not_started', 'not_started', NULL, NULL, 0),
(8580, 28, 'YORE', 14591, 671, 599, '2026-01-15', '2026-01-19', 'not_started', 'not_started', NULL, NULL, 0),
(8581, 28, 'YORE', 14617, 671, 599, '2026-01-15', '2026-01-19', 'not_started', 'not_started', NULL, NULL, 0),
(8582, 28, 'YORE', 14711, 671, 599, '2026-01-15', '2026-01-19', 'not_started', 'not_started', NULL, NULL, 0),
(8583, 28, 'YORE', 14713, 671, 599, '2026-01-15', '2026-01-19', 'not_started', 'not_started', NULL, NULL, 0),
(8584, 28, 'YORE', 14880, 671, 599, '2026-01-15', '2026-01-19', 'not_started', 'not_started', NULL, NULL, 0),
(8585, 28, 'YORE', 14304, 672, 606, '2026-01-15', '2026-01-19', 'not_started', 'not_started', NULL, NULL, 0),
(8586, 28, 'YORE', 14323, 672, 606, '2026-01-15', '2026-01-19', 'not_started', 'not_started', NULL, NULL, 0),
(8587, 28, 'YORE', 14357, 672, 606, '2026-01-15', '2026-01-19', 'not_started', 'not_started', NULL, NULL, 0),
(8588, 28, 'YORE', 14369, 672, 606, '2026-01-15', '2026-01-19', 'not_started', 'not_started', NULL, NULL, 0),
(8589, 28, 'YORE', 14415, 672, 606, '2026-01-15', '2026-01-19', 'not_started', 'not_started', NULL, NULL, 0),
(8590, 28, 'YORE', 14497, 672, 606, '2026-01-15', '2026-01-19', 'not_started', 'not_started', NULL, NULL, 0),
(8591, 28, 'YORE', 14752, 672, 606, '2026-01-15', '2026-01-19', 'not_started', 'not_started', NULL, NULL, 0),
(8592, 28, 'YORE', 14941, 672, 606, '2026-01-15', '2026-01-19', 'not_started', 'not_started', NULL, NULL, 0),
(8593, 28, 'YORE', 15137, 606, 594, '2026-01-15', '2026-01-19', 'not_started', 'not_started', NULL, NULL, 0),
(8594, 28, 'YORE', 15278, 606, 594, '2026-01-15', '2026-01-19', 'not_started', 'not_started', NULL, NULL, 0),
(8595, 28, 'YORE', 15325, 672, 606, '2026-01-15', '2026-01-19', 'not_started', 'not_started', NULL, NULL, 0),
(8596, 28, 'YORE', 14305, 673, 606, '2026-01-15', '2026-01-19', 'not_started', 'not_started', NULL, NULL, 0),
(8597, 28, 'YORE', 14336, 673, 606, '2026-01-15', '2026-01-19', 'not_started', 'not_started', NULL, NULL, 0),
(8598, 28, 'YORE', 14348, 673, 606, '2026-01-15', '2026-01-19', 'not_started', 'not_started', NULL, NULL, 0),
(8599, 28, 'YORE', 14481, 673, 606, '2026-01-15', '2026-01-19', 'not_started', 'not_started', NULL, NULL, 0),
(8600, 28, 'YORE', 14501, 673, 606, '2026-01-15', '2026-01-19', 'not_started', 'not_started', NULL, NULL, 0),
(8601, 28, 'YORE', 14730, 673, 606, '2026-01-15', '2026-01-19', 'not_started', 'not_started', NULL, NULL, 0),
(8602, 28, 'YORE', 14920, 673, 606, '2026-01-15', '2026-01-19', 'not_started', 'not_started', NULL, NULL, 0),
(8603, 28, 'YORE', 15099, 673, 606, '2026-01-15', '2026-01-19', 'not_started', 'not_started', NULL, NULL, 0),
(8604, 28, 'YORE', 15201, 606, 594, '2026-01-15', '2026-01-19', 'not_started', 'not_started', NULL, NULL, 0),
(8605, 28, 'YORE', 15391, 673, 606, '2026-01-15', '2026-01-19', 'not_started', 'not_started', NULL, NULL, 0),
(8606, 28, 'YORE', 14318, 674, 606, '2026-01-15', '2026-01-19', 'not_started', 'not_started', NULL, NULL, 0),
(8607, 28, 'YORE', 14362, 674, 606, '2026-01-15', '2026-01-19', 'not_started', 'not_started', NULL, NULL, 0),
(8608, 28, 'YORE', 14401, 674, 606, '2026-01-15', '2026-01-19', 'not_started', 'not_started', NULL, NULL, 0),
(8609, 28, 'YORE', 14500, 674, 606, '2026-01-15', '2026-01-19', 'not_started', 'not_started', NULL, NULL, 0),
(8610, 28, 'YORE', 14727, 674, 606, '2026-01-15', '2026-01-19', 'not_started', 'not_started', NULL, NULL, 0),
(8611, 28, 'YORE', 14805, 674, 606, '2026-01-15', '2026-01-19', 'not_started', 'not_started', NULL, NULL, 0),
(8612, 28, 'YORE', 15090, 674, 606, '2026-01-15', '2026-01-19', 'not_started', 'not_started', NULL, NULL, 0),
(8613, 28, 'YORE', 15226, 674, 606, '2026-01-15', '2026-01-19', 'not_started', 'not_started', NULL, NULL, 0),
(8614, 28, 'YORE', 15285, 606, 594, '2026-01-15', '2026-01-19', 'not_started', 'not_started', NULL, NULL, 0),
(8615, 28, 'YORE', 14347, 675, 589, '2026-01-15', '2026-01-19', 'not_started', 'not_started', NULL, NULL, 0),
(8616, 28, 'YORE', 14476, 675, 589, '2026-01-15', '2026-01-19', 'not_started', 'not_started', NULL, NULL, 0),
(8617, 28, 'YORE', 14499, 675, 589, '2026-01-15', '2026-01-19', 'not_started', 'not_started', NULL, NULL, 0),
(8618, 28, 'YORE', 14536, 675, 589, '2026-01-15', '2026-01-19', 'not_started', 'not_started', NULL, NULL, 0),
(8619, 28, 'YORE', 14561, 589, 594, '2026-01-15', '2026-01-19', 'not_started', 'not_started', NULL, NULL, 0),
(8620, 28, 'YORE', 14562, 675, 589, '2026-01-15', '2026-01-19', 'not_started', 'not_started', NULL, NULL, 0),
(8621, 28, 'YORE', 14593, 675, 589, '2026-01-15', '2026-01-19', 'not_started', 'not_started', NULL, NULL, 0),
(8622, 28, 'YORE', 14777, 675, 589, '2026-01-15', '2026-01-19', 'not_started', 'not_started', NULL, NULL, 0),
(8623, 28, 'YORE', 14793, 675, 589, '2026-01-15', '2026-01-19', 'not_started', 'not_started', NULL, NULL, 0),
(8624, 28, 'YORE', 15088, 589, 594, '2026-01-15', '2026-01-19', 'not_started', 'not_started', NULL, NULL, 0),
(8625, 28, 'YORE', 15093, 675, 589, '2026-01-15', '2026-01-19', 'not_started', 'not_started', NULL, NULL, 0),
(8626, 28, 'YORE', 15179, 589, 594, '2026-01-15', '2026-01-19', 'not_started', 'not_started', NULL, NULL, 0),
(8627, 28, 'YORE', 15209, 675, 589, '2026-01-15', '2026-01-19', 'not_started', 'not_started', NULL, NULL, 0),
(8628, 28, 'YORE', 15327, 589, 594, '2026-01-15', '2026-01-19', 'not_started', 'not_started', NULL, NULL, 0),
(8629, 28, 'YORE', 14273, 591, 620, '2026-01-15', '2026-01-19', 'not_started', 'not_started', NULL, NULL, 0),
(8630, 28, 'YORE', 14397, 676, 591, '2026-01-15', '2026-01-19', 'not_started', 'not_started', NULL, NULL, 0),
(8631, 28, 'YORE', 14408, 676, 591, '2026-01-15', '2026-01-19', 'not_started', 'not_started', NULL, NULL, 0),
(8632, 28, 'YORE', 14705, 676, 591, '2026-01-15', '2026-01-19', 'not_started', 'not_started', NULL, NULL, 0),
(8633, 28, 'YORE', 14802, 676, 591, '2026-01-15', '2026-01-19', 'not_started', 'not_started', NULL, NULL, 0),
(8634, 28, 'YORE', 14943, 676, 591, '2026-01-15', '2026-01-19', 'not_started', 'not_started', NULL, NULL, 0),
(8635, 28, 'YORE', 14973, 676, 591, '2026-01-15', '2026-01-19', 'not_started', 'not_started', NULL, NULL, 0),
(8636, 28, 'YORE', 14473, 677, 601, '2026-01-15', '2026-01-19', 'not_started', 'not_started', NULL, NULL, 0),
(8637, 28, 'YORE', 14510, 677, 601, '2026-01-15', '2026-01-19', 'not_started', 'not_started', NULL, NULL, 0),
(8638, 28, 'YORE', 14538, 677, 595, '2026-01-15', '2026-01-19', 'not_started', 'not_started', NULL, NULL, 0),
(8639, 28, 'YORE', 14827, 677, 601, '2026-01-15', '2026-01-19', 'not_started', 'not_started', NULL, NULL, 0),
(8640, 28, 'YORE', 14932, 677, 601, '2026-01-15', '2026-01-19', 'not_started', 'not_started', NULL, NULL, 0),
(8641, 28, 'YORE', 14339, 678, 596, '2026-01-15', '2026-01-19', 'not_started', 'not_started', NULL, NULL, 0),
(8642, 28, 'YORE', 14413, 678, 596, '2026-01-15', '2026-01-19', 'not_started', 'not_started', NULL, NULL, 0),
(8643, 28, 'YORE', 14503, 678, 596, '2026-01-15', '2026-01-19', 'not_started', 'not_started', NULL, NULL, 0),
(8644, 28, 'YORE', 14614, 678, 596, '2026-01-15', '2026-01-19', 'not_started', 'not_started', NULL, NULL, 0),
(8645, 28, 'YORE', 14824, 678, 596, '2026-01-15', '2026-01-19', 'not_started', 'not_started', NULL, NULL, 0),
(8646, 28, 'YORE', 15113, 596, 620, '2026-01-15', '2026-01-19', 'not_started', 'not_started', NULL, NULL, 0),
(8647, 28, 'YORE', 14419, 596, 620, '2026-01-15', '2026-01-19', 'not_started', 'not_started', NULL, NULL, 0),
(8648, 28, 'YORE', 14504, 679, 596, '2026-01-15', '2026-01-19', 'not_started', 'not_started', NULL, NULL, 0),
(8649, 28, 'YORE', 14592, 679, 596, '2026-01-15', '2026-01-19', 'not_started', 'not_started', NULL, NULL, 0),
(8650, 28, 'YORE', 14745, 679, 596, '2026-01-15', '2026-01-19', 'not_started', 'not_started', NULL, NULL, 0),
(8651, 28, 'YORE', 14948, 679, 596, '2026-01-15', '2026-01-19', 'not_started', 'not_started', NULL, NULL, 0),
(8652, 28, 'YORE', 15015, 679, 596, '2026-01-15', '2026-01-19', 'not_started', 'not_started', NULL, NULL, 0),
(8653, 28, 'YORE', 15028, 679, 596, '2026-01-15', '2026-01-19', 'not_started', 'not_started', NULL, NULL, 0),
(8654, 28, 'YORE', 14810, 615, 591, '2026-01-15', '2026-01-19', 'not_started', 'not_started', NULL, NULL, 0),
(8655, 28, 'YORE', 14811, 615, 591, '2026-01-15', '2026-01-19', 'not_started', 'not_started', NULL, NULL, 0),
(8656, 28, 'YORE', 14951, 615, 591, '2026-01-15', '2026-01-19', 'not_started', 'not_started', NULL, NULL, 0),
(8657, 28, 'YORE', 15006, 615, 591, '2026-01-15', '2026-01-19', 'not_started', 'not_started', NULL, NULL, 0),
(8658, 28, 'YORE', 15009, 615, 591, '2026-01-15', '2026-01-19', 'not_started', 'not_started', NULL, NULL, 0),
(8659, 28, 'YORE', 15012, 615, 591, '2026-01-15', '2026-01-19', 'not_started', 'not_started', NULL, NULL, 0),
(8660, 28, 'YORE', 15281, 591, 620, '2026-01-15', '2026-01-19', 'not_started', 'not_started', NULL, NULL, 0),
(8661, 28, 'YORE', 15392, 615, 591, '2026-01-15', '2026-01-19', 'not_started', 'not_started', NULL, NULL, 0),
(8662, 28, 'YORE', 14423, 601, 595, '2026-01-15', '2026-01-19', 'not_started', 'not_started', NULL, NULL, 0),
(8663, 28, 'YORE', 14459, 680, 601, '2026-01-15', '2026-01-19', 'not_started', 'not_started', NULL, NULL, 0),
(8664, 28, 'YORE', 14475, 680, 601, '2026-01-15', '2026-01-19', 'not_started', 'not_started', NULL, NULL, 0),
(8665, 28, 'YORE', 14560, 680, 601, '2026-01-15', '2026-01-19', 'not_started', 'not_started', NULL, NULL, 0),
(8666, 28, 'YORE', 14673, 680, 601, '2026-01-15', '2026-01-19', 'not_started', 'not_started', NULL, NULL, 0),
(8667, 28, 'YORE', 15206, 680, 601, '2026-01-15', '2026-01-19', 'not_started', 'not_started', NULL, NULL, 0),
(8668, 28, 'YORE', 15276, 680, 601, '2026-01-15', '2026-01-19', 'not_started', 'not_started', NULL, NULL, 0),
(8669, 28, 'YORE', 15371, 601, 595, '2026-01-15', '2026-01-19', 'not_started', 'not_started', NULL, NULL, 0),
(8670, 28, 'YORE', 14285, 681, 602, '2026-01-15', '2026-01-19', 'not_started', 'not_started', NULL, NULL, 0),
(8671, 28, 'YORE', 14287, 681, 602, '2026-01-15', '2026-01-19', 'not_started', 'not_started', NULL, NULL, 0),
(8672, 28, 'YORE', 14299, 602, 594, '2026-01-15', '2026-01-19', 'not_started', 'not_started', NULL, NULL, 0),
(8673, 28, 'YORE', 14375, 681, 602, '2026-01-15', '2026-01-19', 'not_started', 'not_started', NULL, NULL, 0),
(8674, 28, 'YORE', 14734, 681, 602, '2026-01-15', '2026-01-19', 'not_started', 'not_started', NULL, NULL, 0),
(8675, 28, 'YORE', 14842, 681, 602, '2026-01-15', '2026-01-19', 'not_started', 'not_started', NULL, NULL, 0),
(8676, 28, 'YORE', 14933, 681, 602, '2026-01-15', '2026-01-19', 'not_started', 'not_started', NULL, NULL, 0),
(8677, 28, 'YORE', 14955, 681, 602, '2026-01-15', '2026-01-19', 'not_started', 'not_started', NULL, NULL, 0),
(8678, 28, 'YORE', 15094, 681, 602, '2026-01-15', '2026-01-19', 'not_started', 'not_started', NULL, NULL, 0),
(8679, 28, 'YORE', 15175, 681, 602, '2026-01-15', '2026-01-19', 'not_started', 'not_started', NULL, NULL, 0),
(8680, 28, 'YORE', 14391, 706, 600, '2026-01-15', '2026-01-19', 'not_started', 'not_started', NULL, NULL, 0),
(8681, 28, 'YORE', 14717, 600, 595, '2026-01-15', '2026-01-19', 'not_started', 'not_started', NULL, NULL, 0),
(8682, 28, 'YORE', 14718, 706, 600, '2026-01-15', '2026-01-19', 'not_started', 'not_started', NULL, NULL, 0),
(8683, 28, 'YORE', 14719, 706, 600, '2026-01-15', '2026-01-19', 'not_started', 'not_started', NULL, NULL, 0),
(8684, 28, 'YORE', 14720, 706, 600, '2026-01-15', '2026-01-19', 'not_started', 'not_started', NULL, NULL, 0),
(8685, 28, 'YORE', 14931, 706, 600, '2026-01-15', '2026-01-19', 'not_started', 'not_started', NULL, NULL, 0),
(8686, 28, 'YORE', 14350, 682, 606, '2026-01-15', '2026-01-19', 'not_started', 'not_started', NULL, NULL, 0),
(8687, 28, 'YORE', 14529, 682, 606, '2026-01-15', '2026-01-19', 'not_started', 'not_started', NULL, NULL, 0),
(8688, 28, 'YORE', 14539, 682, 606, '2026-01-15', '2026-01-19', 'not_started', 'not_started', NULL, NULL, 0),
(8689, 28, 'YORE', 14574, 682, 606, '2026-01-15', '2026-01-19', 'not_started', 'not_started', NULL, NULL, 0),
(8690, 28, 'YORE', 14693, 682, 606, '2026-01-15', '2026-01-19', 'not_started', 'not_started', NULL, NULL, 0),
(8691, 28, 'YORE', 14702, 682, 606, '2026-01-15', '2026-01-19', 'not_started', 'not_started', NULL, NULL, 0),
(8692, 28, 'YORE', 14708, 682, 606, '2026-01-15', '2026-01-19', 'not_started', 'not_started', NULL, NULL, 0),
(8693, 28, 'YORE', 14761, 682, 606, '2026-01-15', '2026-01-19', 'not_started', 'not_started', NULL, NULL, 0),
(8694, 28, 'YORE', 14979, 682, 606, '2026-01-15', '2026-01-19', 'not_started', 'not_started', NULL, NULL, 0),
(8695, 28, 'YORE', 15003, 682, 606, '2026-01-15', '2026-01-19', 'not_started', 'not_started', NULL, NULL, 0),
(8696, 28, 'YORE', 15148, 682, 606, '2026-01-15', '2026-01-19', 'not_started', 'not_started', NULL, NULL, 0),
(8697, 28, 'YORE', 15301, 606, 594, '2026-01-15', '2026-01-19', 'not_started', 'not_started', NULL, NULL, 0),
(8698, 28, 'YORE', 15308, 682, 606, '2026-01-15', '2026-01-19', 'not_started', 'not_started', NULL, NULL, 0),
(8699, 28, 'YORE', 14275, 683, 598, '2026-01-15', '2026-01-19', 'not_started', 'not_started', NULL, NULL, 0),
(8700, 28, 'YORE', 14384, 683, 598, '2026-01-15', '2026-01-19', 'not_started', 'not_started', NULL, NULL, 0),
(8701, 28, 'YORE', 14463, 683, 598, '2026-01-15', '2026-01-19', 'not_started', 'not_started', NULL, NULL, 0),
(8702, 28, 'YORE', 14488, 683, 598, '2026-01-15', '2026-01-19', 'not_started', 'not_started', NULL, NULL, 0),
(8703, 28, 'YORE', 14581, 683, 598, '2026-01-15', '2026-01-19', 'not_started', 'not_started', NULL, NULL, 0),
(8704, 28, 'YORE', 14707, 598, 595, '2026-01-15', '2026-01-19', 'not_started', 'not_started', NULL, NULL, 0),
(8705, 28, 'YORE', 14746, 683, 598, '2026-01-15', '2026-01-19', 'not_started', 'not_started', NULL, NULL, 0),
(8706, 28, 'YORE', 14822, 683, 598, '2026-01-15', '2026-01-19', 'not_started', 'not_started', NULL, NULL, 0),
(8707, 28, 'YORE', 14295, 684, 604, '2026-01-15', '2026-01-19', 'not_started', 'not_started', NULL, NULL, 0),
(8708, 28, 'YORE', 14354, 684, 604, '2026-01-15', '2026-01-19', 'not_started', 'not_started', NULL, NULL, 0),
(8709, 28, 'YORE', 14484, 684, 604, '2026-01-15', '2026-01-19', 'not_started', 'not_started', NULL, NULL, 0),
(8710, 28, 'YORE', 14595, 684, 604, '2026-01-15', '2026-01-19', 'not_started', 'not_started', NULL, NULL, 0),
(8711, 28, 'YORE', 14619, 684, 604, '2026-01-15', '2026-01-19', 'not_started', 'not_started', NULL, NULL, 0),
(8712, 28, 'YORE', 14626, 684, 604, '2026-01-15', '2026-01-19', 'not_started', 'not_started', NULL, NULL, 0),
(8713, 28, 'YORE', 14669, 604, 620, '2026-01-15', '2026-01-19', 'not_started', 'not_started', NULL, NULL, 0),
(8714, 28, 'YORE', 14683, 604, 620, '2026-01-15', '2026-01-19', 'not_started', 'not_started', NULL, NULL, 0),
(8715, 28, 'YORE', 14714, 684, 604, '2026-01-15', '2026-01-19', 'not_started', 'not_started', NULL, NULL, 0),
(8716, 28, 'YORE', 14739, 684, 604, '2026-01-15', '2026-01-19', 'not_started', 'not_started', NULL, NULL, 0),
(8717, 28, 'YORE', 14844, 684, 604, '2026-01-15', '2026-01-19', 'not_started', 'not_started', NULL, NULL, 0),
(8718, 28, 'YORE', 14894, 684, 604, '2026-01-15', '2026-01-19', 'not_started', 'not_started', NULL, NULL, 0),
(8719, 28, 'YORE', 14957, 684, 604, '2026-01-15', '2026-01-19', 'not_started', 'not_started', NULL, NULL, 0),
(8720, 28, 'YORE', 14965, 684, 604, '2026-01-15', '2026-01-19', 'not_started', 'not_started', NULL, NULL, 0),
(8721, 28, 'YORE', 15013, 684, 604, '2026-01-15', '2026-01-19', 'not_started', 'not_started', NULL, NULL, 0),
(8722, 28, 'YORE', 15207, 604, 620, '2026-01-15', '2026-01-19', 'not_started', 'not_started', NULL, NULL, 0),
(8723, 28, 'YORE', 14379, 685, 601, '2026-01-15', '2026-01-19', 'not_started', 'not_started', NULL, NULL, 0),
(8724, 28, 'YORE', 14416, 685, 601, '2026-01-15', '2026-01-19', 'not_started', 'not_started', NULL, NULL, 0),
(8725, 28, 'YORE', 14596, 685, 601, '2026-01-15', '2026-01-19', 'not_started', 'not_started', NULL, NULL, 0),
(8726, 28, 'YORE', 14600, 685, 601, '2026-01-15', '2026-01-19', 'not_started', 'not_started', NULL, NULL, 0),
(8727, 28, 'YORE', 14691, 685, 601, '2026-01-15', '2026-01-19', 'not_started', 'not_started', NULL, NULL, 0),
(8728, 28, 'YORE', 14724, 685, 601, '2026-01-15', '2026-01-19', 'not_started', 'not_started', NULL, NULL, 0),
(8729, 28, 'YORE', 14801, 685, 601, '2026-01-15', '2026-01-19', 'not_started', 'not_started', NULL, NULL, 0),
(8730, 28, 'YORE', 14926, 685, 601, '2026-01-15', '2026-01-19', 'not_started', 'not_started', NULL, NULL, 0),
(8731, 28, 'YORE', 15136, 601, 595, '2026-01-15', '2026-01-19', 'not_started', 'not_started', NULL, NULL, 0),
(8732, 28, 'YORE', 14450, 686, 601, '2026-01-15', '2026-01-19', 'not_started', 'not_started', NULL, NULL, 0),
(8733, 28, 'YORE', 14511, 686, 601, '2026-01-15', '2026-01-19', 'not_started', 'not_started', NULL, NULL, 0),
(8734, 28, 'YORE', 14541, 686, 601, '2026-01-15', '2026-01-19', 'not_started', 'not_started', NULL, NULL, 0),
(8735, 28, 'YORE', 14553, 686, 601, '2026-01-15', '2026-01-19', 'not_started', 'not_started', NULL, NULL, 0),
(8736, 28, 'YORE', 14584, 686, 601, '2026-01-15', '2026-01-19', 'not_started', 'not_started', NULL, NULL, 0),
(8737, 28, 'YORE', 14685, 686, 601, '2026-01-15', '2026-01-19', 'not_started', 'not_started', NULL, NULL, 0),
(8738, 28, 'YORE', 14268, 687, 598, '2026-01-15', '2026-01-19', 'not_started', 'not_started', NULL, NULL, 0),
(8739, 28, 'YORE', 14322, 598, 595, '2026-01-15', '2026-01-19', 'not_started', 'not_started', NULL, NULL, 0),
(8740, 28, 'YORE', 14509, 687, 598, '2026-01-15', '2026-01-19', 'not_started', 'not_started', NULL, NULL, 0),
(8741, 28, 'YORE', 14582, 687, 598, '2026-01-15', '2026-01-19', 'not_started', 'not_started', NULL, NULL, 0),
(8742, 28, 'YORE', 14659, 687, 598, '2026-01-15', '2026-01-19', 'not_started', 'not_started', NULL, NULL, 0),
(8743, 28, 'YORE', 14753, 687, 598, '2026-01-15', '2026-01-19', 'not_started', 'not_started', NULL, NULL, 0),
(8744, 28, 'YORE', 14784, 687, 598, '2026-01-15', '2026-01-19', 'not_started', 'not_started', NULL, NULL, 0),
(8745, 28, 'YORE', 14999, 687, 598, '2026-01-15', '2026-01-19', 'not_started', 'not_started', NULL, NULL, 0),
(8746, 28, 'YORE', 14430, 703, 596, '2026-01-15', '2026-01-19', 'not_started', 'not_started', NULL, NULL, 0),
(8747, 28, 'YORE', 14456, 703, 596, '2026-01-15', '2026-01-19', 'not_started', 'not_started', NULL, NULL, 0),
(8748, 28, 'YORE', 14599, 703, 596, '2026-01-15', '2026-01-19', 'not_started', 'not_started', NULL, NULL, 0),
(8749, 28, 'YORE', 14601, 703, 596, '2026-01-15', '2026-01-19', 'not_started', 'not_started', NULL, NULL, 0),
(8750, 28, 'YORE', 14602, 703, 596, '2026-01-15', '2026-01-19', 'not_started', 'not_started', NULL, NULL, 0),
(8751, 28, 'YORE', 14637, 703, 596, '2026-01-15', '2026-01-19', 'not_started', 'not_started', NULL, NULL, 0),
(8752, 28, 'YORE', 14668, 703, 596, '2026-01-15', '2026-01-19', 'not_started', 'not_started', NULL, NULL, 0),
(8753, 28, 'YORE', 14781, 703, 596, '2026-01-15', '2026-01-19', 'not_started', 'not_started', NULL, NULL, 0),
(8754, 28, 'YORE', 14788, 703, 596, '2026-01-15', '2026-01-19', 'not_started', 'not_started', NULL, NULL, 0),
(8755, 28, 'YORE', 14791, 703, 596, '2026-01-15', '2026-01-19', 'not_started', 'not_started', NULL, NULL, 0),
(8756, 28, 'YORE', 15250, 703, 596, '2026-01-15', '2026-01-19', 'not_started', 'not_started', NULL, NULL, 0),
(8757, 28, 'YORE', 15316, 596, 620, '2026-01-15', '2026-01-19', 'not_started', 'not_started', NULL, NULL, 0),
(8758, 28, 'YORE', 14291, 705, 596, '2026-01-15', '2026-01-19', 'not_started', 'not_started', NULL, NULL, 0),
(8759, 28, 'YORE', 14326, 705, 596, '2026-01-15', '2026-01-19', 'not_started', 'not_started', NULL, NULL, 0),
(8760, 28, 'YORE', 14353, 705, 596, '2026-01-15', '2026-01-19', 'not_started', 'not_started', NULL, NULL, 0),
(8761, 28, 'YORE', 14517, 705, 596, '2026-01-15', '2026-01-19', 'not_started', 'not_started', NULL, NULL, 0),
(8762, 28, 'YORE', 14799, 705, 596, '2026-01-15', '2026-01-19', 'not_started', 'not_started', NULL, NULL, 0),
(8763, 28, 'YORE', 14917, 705, 596, '2026-01-15', '2026-01-19', 'not_started', 'not_started', NULL, NULL, 0),
(8764, 28, 'YORE', 15238, 705, 596, '2026-01-15', '2026-01-19', 'not_started', 'not_started', NULL, NULL, 0),
(8765, 28, 'YORE', 15314, 596, 620, '2026-01-15', '2026-01-19', 'not_started', 'not_started', NULL, NULL, 0),
(8766, 28, 'YORE', 14505, 710, 605, '2026-01-15', '2026-01-19', 'not_started', 'not_started', NULL, NULL, 0),
(8767, 28, 'YORE', 14686, 710, 605, '2026-01-15', '2026-01-19', 'not_started', 'not_started', NULL, NULL, 0),
(8768, 28, 'YORE', 14689, 710, 605, '2026-01-15', '2026-01-19', 'not_started', 'not_started', NULL, NULL, 0),
(8769, 28, 'YORE', 14873, 710, 605, '2026-01-15', '2026-01-19', 'not_started', 'not_started', NULL, NULL, 0),
(8770, 28, 'YORE', 14978, 710, 605, '2026-01-15', '2026-01-19', 'not_started', 'not_started', NULL, NULL, 0),
(8771, 28, 'YORE', 15347, 710, 605, '2026-01-15', '2026-01-19', 'not_started', 'not_started', NULL, NULL, 0),
(8772, 28, 'YORE', 15378, 605, 594, '2026-01-15', '2026-01-19', 'not_started', 'not_started', NULL, NULL, 0),
(8773, 28, 'YORE', 14269, 620, 593, '2026-01-15', '2026-01-19', 'not_started', 'not_started', NULL, NULL, 0),
(8774, 28, 'YORE', 14271, 594, 593, '2026-01-15', '2026-01-19', 'not_started', 'not_started', NULL, NULL, 0),
(8775, 28, 'YORE', 14284, 620, 593, '2026-01-15', '2026-01-19', 'not_started', 'not_started', NULL, NULL, 0),
(8776, 28, 'YORE', 14324, 620, 593, '2026-01-15', '2026-01-19', 'not_started', 'not_started', NULL, NULL, 0),
(8777, 28, 'YORE', 14328, 595, 593, '2026-01-15', '2026-01-19', 'not_started', 'not_started', NULL, NULL, 0),
(8778, 28, 'YORE', 14330, 593, 590, '2026-01-15', '2026-01-19', 'not_started', 'not_started', NULL, NULL, 0),
(8779, 28, 'YORE', 14343, 594, 593, '2026-01-15', '2026-01-19', 'not_started', 'not_started', NULL, NULL, 0),
(8780, 28, 'YORE', 15077, 595, 593, '2026-01-15', '2026-01-19', 'not_started', 'not_started', NULL, NULL, 0),
(8781, 28, 'YORE', 15084, 620, 593, '2026-01-15', '2026-01-19', 'not_started', 'not_started', NULL, NULL, 0),
(8782, 28, 'YORE', 15089, 595, 593, '2026-01-15', '2026-01-19', 'not_started', 'not_started', NULL, NULL, 0),
(8783, 28, 'YORE', 15112, 595, 593, '2026-01-15', '2026-01-19', 'not_started', 'not_started', NULL, NULL, 0),
(8784, 28, 'YORE', 15135, 595, 593, '2026-01-15', '2026-01-19', 'not_started', 'not_started', NULL, NULL, 0),
(8785, 28, 'YORE', 15145, 594, 593, '2026-01-15', '2026-01-19', 'not_started', 'not_started', NULL, NULL, 0),
(8786, 28, 'YORE', 15153, 595, 593, '2026-01-15', '2026-01-19', 'not_started', 'not_started', NULL, NULL, 0),
(8787, 28, 'YORE', 15168, 594, 593, '2026-01-15', '2026-01-19', 'not_started', 'not_started', NULL, NULL, 0),
(8788, 28, 'YORE', 15177, 595, 593, '2026-01-15', '2026-01-19', 'not_started', 'not_started', NULL, NULL, 0),
(8789, 28, 'YORE', 15181, 595, 593, '2026-01-15', '2026-01-19', 'not_started', 'not_started', NULL, NULL, 0),
(8790, 28, 'YORE', 15213, 620, 593, '2026-01-15', '2026-01-19', 'not_started', 'not_started', NULL, NULL, 0),
(8791, 28, 'YORE', 15220, 620, 593, '2026-01-15', '2026-01-19', 'not_started', 'not_started', NULL, NULL, 0),
(8792, 28, 'YORE', 15225, 620, 593, '2026-01-15', '2026-01-19', 'not_started', 'not_started', NULL, NULL, 0),
(8793, 28, 'YORE', 15242, 594, 593, '2026-01-15', '2026-01-19', 'not_started', 'not_started', NULL, NULL, 0),
(8794, 28, 'YORE', 15243, 594, 593, '2026-01-15', '2026-01-19', 'not_started', 'not_started', NULL, NULL, 0),
(8795, 28, 'YORE', 15252, 595, 593, '2026-01-15', '2026-01-19', 'not_started', 'not_started', NULL, NULL, 0),
(8796, 28, 'YORE', 15272, 594, 593, '2026-01-15', '2026-01-19', 'not_started', 'not_started', NULL, NULL, 0),
(8797, 28, 'YORE', 15274, 620, 593, '2026-01-15', '2026-01-19', 'not_started', 'not_started', NULL, NULL, 0),
(8798, 28, 'YORE', 15286, 594, 593, '2026-01-15', '2026-01-19', 'not_started', 'not_started', NULL, NULL, 0),
(8799, 28, 'YORE', 15298, 594, 593, '2026-01-15', '2026-01-19', 'not_started', 'not_started', NULL, NULL, 0),
(8800, 28, 'YORE', 15302, 594, 593, '2026-01-15', '2026-01-19', 'not_started', 'not_started', NULL, NULL, 0),
(8801, 28, 'YORE', 15335, 620, 593, '2026-01-15', '2026-01-19', 'not_started', 'not_started', NULL, NULL, 0),
(8802, 28, 'YORE', 15340, 594, 593, '2026-01-15', '2026-01-19', 'not_started', 'not_started', NULL, NULL, 0),
(8803, 28, 'YORE', 15345, 595, 593, '2026-01-15', '2026-01-19', 'not_started', 'not_started', NULL, NULL, 0),
(8804, 28, 'YORE', 15350, 620, 593, '2026-01-15', '2026-01-19', 'not_started', 'not_started', NULL, NULL, 0),
(8805, 28, 'YORE', 15360, 595, 593, '2026-01-15', '2026-01-19', 'not_started', 'not_started', NULL, NULL, 0),
(8806, 28, 'YORE', 15368, 593, 590, '2026-01-15', '2026-01-19', 'not_started', 'not_started', NULL, NULL, 0),
(8807, 28, 'YORE', 15372, 593, 590, '2026-01-15', '2026-01-19', 'not_started', 'not_started', NULL, NULL, 0),
(8808, 28, 'YORE', 15394, 620, 593, '2026-01-15', '2026-01-19', 'not_started', 'not_started', NULL, NULL, 0),
(8809, 28, 'YORE', 14278, 604, 620, '2026-01-15', '2026-01-19', 'not_started', 'not_started', NULL, NULL, 0),
(8810, 28, 'YORE', 14512, 688, 604, '2026-01-15', '2026-01-19', 'not_started', 'not_started', NULL, NULL, 0),
(8811, 28, 'YORE', 14540, 688, 604, '2026-01-15', '2026-01-19', 'not_started', 'not_started', NULL, NULL, 0),
(8812, 28, 'YORE', 14738, 688, 604, '2026-01-15', '2026-01-19', 'not_started', 'not_started', NULL, NULL, 0),
(8813, 28, 'YORE', 15017, 688, 604, '2026-01-15', '2026-01-19', 'not_started', 'not_started', NULL, NULL, 0),
(8814, 28, 'YORE', 15085, 688, 604, '2026-01-15', '2026-01-19', 'not_started', 'not_started', NULL, NULL, 0),
(8815, 28, 'YORE', 14432, 609, 608, '2026-01-15', '2026-01-19', 'not_started', 'not_started', NULL, NULL, 0),
(8816, 28, 'YORE', 14435, 608, 595, '2026-01-15', '2026-01-19', 'not_started', 'not_started', NULL, NULL, 0),
(8817, 28, 'YORE', 14446, 609, 608, '2026-01-15', '2026-01-19', 'not_started', 'not_started', NULL, NULL, 0),
(8818, 28, 'YORE', 14542, 609, 608, '2026-01-15', '2026-01-19', 'not_started', 'not_started', NULL, NULL, 0),
(8819, 28, 'YORE', 14618, 609, 608, '2026-01-15', '2026-01-19', 'not_started', 'not_started', NULL, NULL, 0),
(8820, 28, 'YORE', 14624, 609, 608, '2026-01-15', '2026-01-19', 'not_started', 'not_started', NULL, NULL, 0),
(8821, 28, 'YORE', 14816, 609, 608, '2026-01-15', '2026-01-19', 'not_started', 'not_started', NULL, NULL, 0),
(8822, 28, 'YORE', 14337, 689, 604, '2026-01-15', '2026-01-19', 'not_started', 'not_started', NULL, NULL, 0),
(8823, 28, 'YORE', 14373, 689, 604, '2026-01-15', '2026-01-19', 'not_started', 'not_started', NULL, NULL, 0),
(8824, 28, 'YORE', 14460, 689, 604, '2026-01-15', '2026-01-19', 'not_started', 'not_started', NULL, NULL, 0),
(8825, 28, 'YORE', 14803, 689, 604, '2026-01-15', '2026-01-19', 'not_started', 'not_started', NULL, NULL, 0),
(8826, 28, 'YORE', 14854, 689, 604, '2026-01-15', '2026-01-19', 'not_started', 'not_started', NULL, NULL, 0),
(8827, 28, 'YORE', 14876, 689, 604, '2026-01-15', '2026-01-19', 'not_started', 'not_started', NULL, NULL, 0),
(8828, 28, 'YORE', 14944, 689, 604, '2026-01-15', '2026-01-19', 'not_started', 'not_started', NULL, NULL, 0),
(8829, 28, 'YORE', 15279, 604, 620, '2026-01-15', '2026-01-19', 'not_started', 'not_started', NULL, NULL, 0),
(8830, 28, 'YORE', 14436, 608, 595, '2026-01-15', '2026-01-19', 'not_started', 'not_started', NULL, NULL, 0),
(8831, 28, 'YORE', 14525, 616, 608, '2026-01-15', '2026-01-19', 'not_started', 'not_started', NULL, NULL, 0),
(8832, 28, 'YORE', 14675, 616, 608, '2026-01-15', '2026-01-19', 'not_started', 'not_started', NULL, NULL, 0),
(8833, 28, 'YORE', 14697, 616, 608, '2026-01-15', '2026-01-19', 'not_started', 'not_started', NULL, NULL, 0),
(8834, 28, 'YORE', 14728, 616, 608, '2026-01-15', '2026-01-19', 'not_started', 'not_started', NULL, NULL, 0),
(8835, 28, 'YORE', 14740, 616, 608, '2026-01-15', '2026-01-19', 'not_started', 'not_started', NULL, NULL, 0),
(8836, 28, 'YORE', 15016, 616, 608, '2026-01-15', '2026-01-19', 'not_started', 'not_started', NULL, NULL, 0),
(8837, 28, 'YORE', 14467, 690, 597, '2026-01-15', '2026-01-19', 'not_started', 'not_started', NULL, NULL, 0),
(8838, 28, 'YORE', 14586, 690, 597, '2026-01-15', '2026-01-19', 'not_started', 'not_started', NULL, NULL, 0),
(8839, 28, 'YORE', 14885, 690, 597, '2026-01-15', '2026-01-19', 'not_started', 'not_started', NULL, NULL, 0),
(8840, 28, 'YORE', 15001, 690, 597, '2026-01-15', '2026-01-19', 'not_started', 'not_started', NULL, NULL, 0),
(8841, 28, 'YORE', 15140, 597, 620, '2026-01-15', '2026-01-19', 'not_started', 'not_started', NULL, NULL, 0),
(8842, 28, 'YORE', 15158, 690, 597, '2026-01-15', '2026-01-19', 'not_started', 'not_started', NULL, NULL, 0),
(8843, 28, 'YORE', 14364, 589, 594, '2026-01-15', '2026-01-19', 'not_started', 'not_started', NULL, NULL, 0),
(8844, 28, 'YORE', 14378, 691, 589, '2026-01-15', '2026-01-19', 'not_started', 'not_started', NULL, NULL, 0),
(8845, 28, 'YORE', 14590, 691, 589, '2026-01-15', '2026-01-19', 'not_started', 'not_started', NULL, NULL, 0),
(8846, 28, 'YORE', 14699, 691, 589, '2026-01-15', '2026-01-19', 'not_started', 'not_started', NULL, NULL, 0),
(8847, 28, 'YORE', 14701, 691, 589, '2026-01-15', '2026-01-19', 'not_started', 'not_started', NULL, NULL, 0),
(8848, 28, 'YORE', 14757, 691, 589, '2026-01-15', '2026-01-19', 'not_started', 'not_started', NULL, NULL, 0),
(8849, 28, 'YORE', 14901, 691, 589, '2026-01-15', '2026-01-19', 'not_started', 'not_started', NULL, NULL, 0),
(8850, 28, 'YORE', 15087, 691, 589, '2026-01-15', '2026-01-19', 'not_started', 'not_started', NULL, NULL, 0),
(8851, 28, 'YORE', 14263, 592, 594, '2026-01-15', '2026-01-19', 'not_started', 'not_started', NULL, NULL, 0),
(8852, 28, 'YORE', 14565, 692, 592, '2026-01-15', '2026-01-19', 'not_started', 'not_started', NULL, NULL, 0),
(8853, 28, 'YORE', 14635, 692, 592, '2026-01-15', '2026-01-19', 'not_started', 'not_started', NULL, NULL, 0),
(8854, 28, 'YORE', 14672, 692, 592, '2026-01-15', '2026-01-19', 'not_started', 'not_started', NULL, NULL, 0),
(8855, 28, 'YORE', 14888, 692, 592, '2026-01-15', '2026-01-19', 'not_started', 'not_started', NULL, NULL, 0),
(8856, 28, 'YORE', 15403, 692, 592, '2026-01-15', '2026-01-19', 'not_started', 'not_started', NULL, NULL, 0),
(8857, 28, 'YORE', 14424, 693, 592, '2026-01-15', '2026-01-19', 'not_started', 'not_started', NULL, NULL, 0),
(8858, 28, 'YORE', 14457, 592, 594, '2026-01-15', '2026-01-19', 'not_started', 'not_started', NULL, NULL, 0),
(8859, 28, 'YORE', 14469, 693, 592, '2026-01-15', '2026-01-19', 'not_started', 'not_started', NULL, NULL, 0),
(8860, 28, 'YORE', 14569, 693, 592, '2026-01-15', '2026-01-19', 'not_started', 'not_started', NULL, NULL, 0),
(8861, 28, 'YORE', 14605, 693, 592, '2026-01-15', '2026-01-19', 'not_started', 'not_started', NULL, NULL, 0),
(8862, 28, 'YORE', 14678, 693, 592, '2026-01-15', '2026-01-19', 'not_started', 'not_started', NULL, NULL, 0),
(8863, 28, 'YORE', 14698, 693, 592, '2026-01-15', '2026-01-19', 'not_started', 'not_started', NULL, NULL, 0),
(8864, 28, 'YORE', 14938, 693, 592, '2026-01-15', '2026-01-19', 'not_started', 'not_started', NULL, NULL, 0),
(8865, 28, 'YORE', 14333, 694, 606, '2026-01-15', '2026-01-19', 'not_started', 'not_started', NULL, NULL, 0),
(8866, 28, 'YORE', 14403, 694, 606, '2026-01-15', '2026-01-19', 'not_started', 'not_started', NULL, NULL, 0),
(8867, 28, 'YORE', 14508, 694, 606, '2026-01-15', '2026-01-19', 'not_started', 'not_started', NULL, NULL, 0),
(8868, 28, 'YORE', 14915, 694, 606, '2026-01-15', '2026-01-19', 'not_started', 'not_started', NULL, NULL, 0),
(8869, 28, 'YORE', 14984, 694, 606, '2026-01-15', '2026-01-19', 'not_started', 'not_started', NULL, NULL, 0),
(8870, 28, 'YORE', 15010, 694, 606, '2026-01-15', '2026-01-19', 'not_started', 'not_started', NULL, NULL, 0),
(8871, 28, 'YORE', 15014, 694, 606, '2026-01-15', '2026-01-19', 'not_started', 'not_started', NULL, NULL, 0),
(8872, 28, 'YORE', 15227, 694, 606, '2026-01-15', '2026-01-19', 'not_started', 'not_started', NULL, NULL, 0),
(8873, 28, 'YORE', 15398, 606, 594, '2026-01-15', '2026-01-19', 'not_started', 'not_started', NULL, NULL, 0),
(8874, 28, 'YORE', 14340, 695, 607, '2026-01-15', '2026-01-19', 'not_started', 'not_started', NULL, NULL, 0),
(8875, 28, 'YORE', 14431, 695, 607, '2026-01-15', '2026-01-19', 'not_started', 'not_started', NULL, NULL, 0),
(8876, 28, 'YORE', 14545, 695, 607, '2026-01-15', '2026-01-19', 'not_started', 'not_started', NULL, NULL, 0),
(8877, 28, 'YORE', 14572, 695, 607, '2026-01-15', '2026-01-19', 'not_started', 'not_started', NULL, NULL, 0),
(8878, 28, 'YORE', 14587, 695, 607, '2026-01-15', '2026-01-19', 'not_started', 'not_started', NULL, NULL, 0),
(8879, 28, 'YORE', 14692, 695, 607, '2026-01-15', '2026-01-19', 'not_started', 'not_started', NULL, NULL, 0),
(8880, 28, 'YORE', 15353, 607, 620, '2026-01-15', '2026-01-19', 'not_started', 'not_started', NULL, NULL, 0),
(8881, 28, 'YORE', 14290, 597, 620, '2026-01-15', '2026-01-19', 'not_started', 'not_started', NULL, NULL, 0),
(8882, 28, 'YORE', 14422, 699, 597, '2026-01-15', '2026-01-19', 'not_started', 'not_started', NULL, NULL, 0),
(8883, 28, 'YORE', 14445, 699, 597, '2026-01-15', '2026-01-19', 'not_started', 'not_started', NULL, NULL, 0),
(8884, 28, 'YORE', 14472, 699, 597, '2026-01-15', '2026-01-19', 'not_started', 'not_started', NULL, NULL, 0),
(8885, 28, 'YORE', 14660, 699, 597, '2026-01-15', '2026-01-19', 'not_started', 'not_started', NULL, NULL, 0),
(8886, 28, 'YORE', 14694, 699, 597, '2026-01-15', '2026-01-19', 'not_started', 'not_started', NULL, NULL, 0),
(8887, 28, 'YORE', 14980, 699, 597, '2026-01-15', '2026-01-19', 'not_started', 'not_started', NULL, NULL, 0),
(8888, 28, 'YORE', 14993, 699, 597, '2026-01-15', '2026-01-19', 'not_started', 'not_started', NULL, NULL, 0),
(8889, 28, 'YORE', 15155, 699, 597, '2026-01-15', '2026-01-19', 'not_started', 'not_started', NULL, NULL, 0),
(8890, 28, 'YORE', 15402, 699, 597, '2026-01-15', '2026-01-19', 'not_started', 'not_started', NULL, NULL, 0),
(8891, 28, 'YORE', 14344, 696, 597, '2026-01-15', '2026-01-19', 'not_started', 'not_started', NULL, NULL, 0),
(8892, 28, 'YORE', 14374, 696, 597, '2026-01-15', '2026-01-19', 'not_started', 'not_started', NULL, NULL, 0),
(8893, 28, 'YORE', 14417, 696, 597, '2026-01-15', '2026-01-19', 'not_started', 'not_started', NULL, NULL, 0),
(8894, 28, 'YORE', 14578, 696, 597, '2026-01-15', '2026-01-19', 'not_started', 'not_started', NULL, NULL, 0),
(8895, 28, 'YORE', 14751, 696, 597, '2026-01-15', '2026-01-19', 'not_started', 'not_started', NULL, NULL, 0),
(8896, 28, 'YORE', 14882, 696, 597, '2026-01-15', '2026-01-19', 'not_started', 'not_started', NULL, NULL, 0),
(8897, 28, 'YORE', 14914, 696, 597, '2026-01-15', '2026-01-19', 'not_started', 'not_started', NULL, NULL, 0),
(8898, 28, 'YORE', 15383, 597, 620, '2026-01-15', '2026-01-19', 'not_started', 'not_started', NULL, NULL, 0),
(8899, 28, 'YORE', 14355, 589, 594, '2026-01-15', '2026-01-19', 'not_started', 'not_started', NULL, NULL, 0),
(8900, 28, 'YORE', 14580, 697, 589, '2026-01-15', '2026-01-19', 'not_started', 'not_started', NULL, NULL, 0),
(8901, 28, 'YORE', 14608, 697, 589, '2026-01-15', '2026-01-19', 'not_started', 'not_started', NULL, NULL, 0),
(8902, 28, 'YORE', 14634, 697, 589, '2026-01-15', '2026-01-19', 'not_started', 'not_started', NULL, NULL, 0),
(8903, 28, 'YORE', 14688, 697, 589, '2026-01-15', '2026-01-19', 'not_started', 'not_started', NULL, NULL, 0),
(8904, 28, 'YORE', 14754, 697, 589, '2026-01-15', '2026-01-19', 'not_started', 'not_started', NULL, NULL, 0),
(8905, 28, 'YORE', 14787, 697, 589, '2026-01-15', '2026-01-19', 'not_started', 'not_started', NULL, NULL, 0),
(8906, 28, 'YORE', 14839, 697, 589, '2026-01-15', '2026-01-19', 'not_started', 'not_started', NULL, NULL, 0),
(8907, 28, 'YORE', 15119, 697, 589, '2026-01-15', '2026-01-19', 'not_started', 'not_started', NULL, NULL, 0),
(8908, 28, 'YORE', 14390, 698, 610, '2026-01-15', '2026-01-19', 'not_started', 'not_started', NULL, NULL, 0),
(8909, 28, 'YORE', 14533, 698, 595, '2026-01-15', '2026-01-19', 'not_started', 'not_started', NULL, NULL, 0),
(8910, 28, 'YORE', 14671, 698, 610, '2026-01-15', '2026-01-19', 'not_started', 'not_started', NULL, NULL, 0),
(8911, 28, 'YORE', 14726, 698, 610, '2026-01-15', '2026-01-19', 'not_started', 'not_started', NULL, NULL, 0),
(8912, 28, 'YORE', 14804, 698, 610, '2026-01-15', '2026-01-19', 'not_started', 'not_started', NULL, NULL, 0),
(8913, 28, 'YORE', 14846, 698, 610, '2026-01-15', '2026-01-19', 'not_started', 'not_started', NULL, NULL, 0),
(8914, 28, 'YORE', 14916, 698, 610, '2026-01-15', '2026-01-19', 'not_started', 'not_started', NULL, NULL, 0),
(8915, 28, 'YORE', 14767, 602, 594, '2026-01-15', '2026-01-19', 'submitted', 'submitted', '2026-01-15 10:26:59', '2026-01-15 10:29:09', 0),
(8916, 28, 'YORE', 14768, 614, 602, '2026-01-15', '2026-01-19', 'not_started', 'not_started', NULL, NULL, 0),
(8917, 28, 'YORE', 14769, 614, 602, '2026-01-15', '2026-01-19', 'not_started', 'not_started', NULL, NULL, 0),
(8918, 28, 'YORE', 14782, 614, 602, '2026-01-15', '2026-01-19', 'not_started', 'not_started', NULL, NULL, 0),
(8919, 28, 'YORE', 14800, 614, 602, '2026-01-15', '2026-01-19', 'not_started', 'not_started', NULL, NULL, 0),
(8920, 28, 'YORE', 14806, 614, 602, '2026-01-15', '2026-01-19', 'not_started', 'not_started', NULL, NULL, 0),
(8921, 28, 'YORE', 14935, 614, 602, '2026-01-15', '2026-01-19', 'not_started', 'not_started', NULL, NULL, 0),
(8922, 28, 'YORE', 15126, 718, 717, '2026-01-15', '2026-01-17', 'submitted', 'submitted', '2026-01-15 13:18:36', '2026-01-16 08:28:20', 0),
(8923, 29, 'YORE', 14996, 719, 718, '2026-01-15', '2026-01-22', 'not_started', 'not_started', NULL, NULL, 0),
(8924, 29, 'YORE', 15126, 717, NULL, '2026-01-17', '2026-01-20', 'not_started', 'not_started', NULL, NULL, 0);

-- --------------------------------------------------------

--
-- Tablo için tablo yapısı `evaluation_assignment_sets`
--

CREATE TABLE `evaluation_assignment_sets` (
  `assignment_id` int(11) NOT NULL,
  `set_id` int(11) NOT NULL
) ENGINE=InnoDB DEFAULT CHARSET=utf8mb4 COLLATE=utf8mb4_general_ci;

--
-- Tablo döküm verisi `evaluation_assignment_sets`
--

INSERT INTO `evaluation_assignment_sets` (`assignment_id`, `set_id`) VALUES
(8052, 17),
(8053, 17),
(8054, 17),
(8054, 19),
(8055, 17),
(8055, 19),
(8056, 17),
(8056, 19),
(8057, 17),
(8057, 19),
(8058, 17),
(8058, 19),
(8059, 17),
(8059, 19),
(8060, 17),
(8060, 19),
(8061, 17),
(8061, 19),
(8062, 17),
(8062, 19),
(8063, 17),
(8063, 19),
(8064, 17),
(8064, 19),
(8065, 17),
(8065, 19),
(8066, 17),
(8066, 19),
(8067, 17),
(8067, 19),
(8068, 17),
(8068, 19),
(8069, 17),
(8069, 19),
(8070, 17),
(8070, 19),
(8071, 17),
(8071, 19),
(8072, 17),
(8072, 19),
(8073, 17),
(8073, 19),
(8074, 17),
(8074, 19),
(8075, 17),
(8075, 19),
(8076, 17),
(8076, 19),
(8077, 17),
(8077, 19),
(8078, 17),
(8078, 19),
(8079, 17),
(8079, 19),
(8080, 17),
(8080, 19),
(8081, 17),
(8081, 19),
(8082, 17),
(8082, 19),
(8083, 17),
(8083, 19),
(8084, 17),
(8084, 19),
(8085, 17),
(8085, 19),
(8086, 17),
(8086, 19),
(8087, 17),
(8087, 19),
(8088, 17),
(8088, 19),
(8089, 17),
(8089, 19),
(8090, 17),
(8090, 19),
(8091, 17),
(8091, 19),
(8092, 17),
(8092, 19),
(8093, 17),
(8093, 19),
(8094, 17),
(8094, 19),
(8095, 17),
(8095, 19),
(8096, 17),
(8096, 19),
(8097, 17),
(8097, 19),
(8098, 17),
(8098, 19),
(8099, 17),
(8099, 19),
(8100, 17),
(8100, 19),
(8101, 17),
(8101, 19),
(8102, 17),
(8102, 19),
(8103, 17),
(8103, 19),
(8104, 17),
(8104, 19),
(8105, 17),
(8105, 19),
(8106, 17),
(8106, 19),
(8107, 17),
(8107, 19),
(8108, 17),
(8108, 19),
(8109, 17),
(8109, 19),
(8110, 17),
(8110, 19),
(8111, 17),
(8111, 19),
(8112, 17),
(8112, 19),
(8113, 17),
(8113, 19),
(8114, 17),
(8114, 19),
(8115, 17),
(8115, 19),
(8116, 17),
(8116, 19),
(8117, 17),
(8117, 19),
(8118, 17),
(8118, 19),
(8119, 17),
(8119, 19),
(8120, 17),
(8120, 19),
(8121, 17),
(8121, 19),
(8122, 17),
(8122, 19),
(8123, 17),
(8123, 19),
(8124, 17),
(8124, 19),
(8125, 17),
(8125, 19),
(8126, 17),
(8126, 19),
(8127, 17),
(8127, 19),
(8128, 17),
(8128, 19),
(8129, 17),
(8129, 19),
(8130, 17),
(8130, 19),
(8131, 17),
(8131, 19),
(8132, 17),
(8132, 19),
(8133, 17),
(8133, 19),
(8134, 17),
(8134, 19),
(8135, 17),
(8135, 19),
(8136, 17),
(8136, 19),
(8137, 17),
(8137, 19),
(8138, 17),
(8138, 19),
(8139, 17),
(8139, 19),
(8140, 17),
(8140, 19),
(8141, 17),
(8141, 19),
(8142, 17),
(8142, 19),
(8143, 17),
(8143, 19),
(8144, 17),
(8144, 19),
(8145, 17),
(8145, 19),
(8146, 17),
(8146, 19),
(8147, 17),
(8147, 19),
(8148, 17),
(8148, 19),
(8149, 17),
(8149, 19),
(8150, 17),
(8150, 19),
(8151, 17),
(8151, 19),
(8152, 17),
(8152, 19),
(8153, 17),
(8153, 19),
(8154, 17),
(8154, 19),
(8155, 17),
(8155, 19),
(8156, 17),
(8156, 19),
(8157, 17),
(8157, 19),
(8158, 17),
(8158, 19),
(8159, 17),
(8159, 19),
(8160, 17),
(8160, 19),
(8161, 17),
(8161, 19),
(8162, 17),
(8162, 19),
(8163, 17),
(8163, 19),
(8164, 17),
(8164, 19),
(8165, 17),
(8165, 19),
(8166, 17),
(8166, 19),
(8167, 17),
(8167, 19),
(8168, 17),
(8168, 19),
(8169, 17),
(8169, 19),
(8170, 17),
(8170, 19),
(8171, 17),
(8171, 19),
(8172, 17),
(8172, 19),
(8173, 17),
(8173, 19),
(8174, 17),
(8174, 19),
(8175, 17),
(8175, 19),
(8176, 17),
(8176, 19),
(8177, 17),
(8177, 19),
(8178, 17),
(8178, 19),
(8179, 17),
(8179, 19),
(8180, 17),
(8180, 19),
(8181, 17),
(8181, 19),
(8182, 17),
(8182, 19),
(8183, 17),
(8183, 19),
(8184, 17),
(8184, 19),
(8185, 17),
(8185, 19),
(8186, 17),
(8186, 19),
(8187, 17),
(8187, 19),
(8188, 17),
(8188, 19),
(8189, 17),
(8189, 19),
(8190, 17),
(8190, 19),
(8191, 17),
(8191, 19),
(8192, 17),
(8192, 19),
(8193, 17),
(8193, 19),
(8194, 17),
(8194, 19),
(8195, 17),
(8195, 19),
(8196, 17),
(8196, 19),
(8197, 17),
(8197, 19),
(8198, 17),
(8198, 19),
(8199, 17),
(8199, 19),
(8200, 17),
(8200, 19),
(8201, 17),
(8201, 19),
(8202, 17),
(8202, 19),
(8203, 17),
(8203, 19),
(8204, 17),
(8204, 19),
(8205, 17),
(8205, 19),
(8206, 17),
(8206, 19),
(8207, 17),
(8207, 19),
(8208, 17),
(8208, 19),
(8209, 17),
(8209, 19),
(8210, 17),
(8210, 19),
(8211, 17),
(8211, 19),
(8212, 17),
(8212, 19),
(8213, 17),
(8213, 19),
(8214, 17),
(8214, 19),
(8215, 17),
(8215, 19),
(8216, 17),
(8216, 19),
(8217, 17),
(8217, 19),
(8218, 17),
(8218, 19),
(8219, 17),
(8219, 19),
(8220, 17),
(8220, 19),
(8221, 17),
(8221, 19),
(8222, 17),
(8222, 19),
(8223, 17),
(8223, 19),
(8224, 17),
(8224, 19),
(8225, 17),
(8225, 19),
(8226, 17),
(8226, 19),
(8227, 17),
(8227, 19),
(8228, 17),
(8228, 19),
(8229, 17),
(8229, 19),
(8230, 17),
(8230, 19),
(8231, 17),
(8231, 19),
(8232, 17),
(8232, 19),
(8233, 17),
(8233, 19),
(8234, 17),
(8234, 19),
(8235, 17),
(8235, 19),
(8236, 17),
(8236, 19),
(8237, 17),
(8237, 19),
(8238, 17),
(8238, 19),
(8239, 17),
(8239, 19),
(8240, 17),
(8240, 19),
(8241, 17),
(8241, 19),
(8242, 17),
(8242, 19),
(8243, 17),
(8243, 19),
(8244, 17),
(8244, 19),
(8245, 17),
(8245, 19),
(8246, 17),
(8246, 19),
(8247, 17),
(8247, 19),
(8248, 17),
(8248, 19),
(8249, 17),
(8249, 19),
(8250, 17),
(8250, 19),
(8251, 17),
(8251, 19),
(8252, 17),
(8252, 19),
(8253, 17),
(8253, 19),
(8254, 17),
(8254, 19),
(8255, 17),
(8255, 19),
(8256, 17),
(8256, 19),
(8257, 17),
(8257, 19),
(8258, 17),
(8258, 19),
(8259, 17),
(8259, 19),
(8260, 17),
(8260, 19),
(8261, 17),
(8261, 19),
(8262, 17),
(8262, 19),
(8263, 17),
(8263, 19),
(8264, 17),
(8264, 19),
(8265, 17),
(8265, 19),
(8266, 17),
(8266, 19),
(8267, 17),
(8267, 19),
(8268, 17),
(8268, 19),
(8269, 17),
(8269, 19),
(8270, 17),
(8270, 19),
(8271, 17),
(8271, 19),
(8272, 17),
(8272, 19),
(8273, 17),
(8273, 19),
(8274, 17),
(8274, 19),
(8275, 17),
(8275, 19),
(8276, 17),
(8276, 19),
(8277, 17),
(8277, 19),
(8278, 17),
(8278, 19),
(8279, 17),
(8279, 19),
(8280, 17),
(8280, 19),
(8281, 17),
(8281, 19),
(8282, 17),
(8282, 19),
(8283, 17),
(8283, 19),
(8284, 17),
(8284, 19),
(8285, 17),
(8285, 19),
(8286, 17),
(8286, 19),
(8287, 17),
(8287, 19),
(8288, 17),
(8288, 19),
(8289, 17),
(8289, 19),
(8290, 17),
(8290, 19),
(8291, 17),
(8291, 19),
(8292, 17),
(8292, 19),
(8293, 17),
(8293, 19),
(8294, 17),
(8294, 19),
(8295, 17),
(8295, 19),
(8296, 17),
(8296, 19),
(8297, 17),
(8297, 19),
(8298, 17),
(8298, 19),
(8299, 17),
(8299, 19),
(8300, 17),
(8300, 19),
(8301, 17),
(8301, 19),
(8302, 17),
(8302, 19),
(8303, 17),
(8303, 19),
(8304, 17),
(8304, 19),
(8305, 17),
(8305, 19),
(8306, 17),
(8306, 19),
(8307, 17),
(8307, 19),
(8308, 17),
(8308, 19),
(8309, 17),
(8309, 19),
(8310, 17),
(8310, 19),
(8311, 17),
(8311, 19),
(8312, 17),
(8312, 19),
(8313, 17),
(8313, 19),
(8314, 17),
(8314, 19),
(8315, 17),
(8315, 19),
(8316, 17),
(8316, 19),
(8317, 17),
(8317, 19),
(8318, 17),
(8318, 19),
(8319, 17),
(8319, 19),
(8320, 17),
(8320, 19),
(8321, 17),
(8321, 19),
(8322, 17),
(8322, 19),
(8323, 17),
(8323, 19),
(8324, 17),
(8324, 19),
(8325, 17),
(8325, 19),
(8326, 17),
(8326, 19),
(8327, 17),
(8327, 19),
(8328, 17),
(8328, 19),
(8329, 17),
(8329, 19),
(8330, 17),
(8330, 19),
(8331, 17),
(8331, 19),
(8332, 17),
(8332, 19),
(8333, 17),
(8333, 19),
(8334, 17),
(8334, 19),
(8335, 17),
(8335, 19),
(8336, 17),
(8336, 19),
(8337, 17),
(8337, 19),
(8338, 17),
(8338, 19),
(8339, 17),
(8339, 19),
(8340, 17),
(8340, 19),
(8341, 17),
(8341, 19),
(8342, 17),
(8342, 19),
(8343, 17),
(8343, 19),
(8344, 17),
(8344, 19),
(8345, 17),
(8345, 19),
(8346, 17),
(8346, 19),
(8347, 17),
(8347, 19),
(8348, 17),
(8348, 19),
(8349, 17),
(8349, 19),
(8350, 17),
(8350, 19),
(8351, 17),
(8351, 19),
(8352, 17),
(8352, 19),
(8353, 17),
(8353, 19),
(8354, 17),
(8354, 19),
(8355, 17),
(8355, 19),
(8356, 17),
(8356, 19),
(8357, 17),
(8357, 19),
(8358, 17),
(8358, 19),
(8359, 17),
(8359, 19),
(8360, 17),
(8360, 19),
(8361, 17),
(8361, 19),
(8362, 17),
(8362, 19),
(8363, 17),
(8363, 19),
(8364, 17),
(8364, 19),
(8365, 17),
(8365, 19),
(8366, 17),
(8366, 19),
(8367, 17),
(8367, 19),
(8368, 17),
(8368, 19),
(8369, 17),
(8369, 19),
(8370, 17),
(8370, 19),
(8371, 17),
(8371, 19),
(8372, 17),
(8372, 19),
(8373, 17),
(8373, 19),
(8374, 17),
(8374, 19),
(8375, 17),
(8375, 19),
(8376, 17),
(8376, 19),
(8377, 17),
(8377, 19),
(8378, 17),
(8378, 19),
(8379, 17),
(8379, 19),
(8380, 17),
(8380, 19),
(8381, 17),
(8381, 19),
(8382, 17),
(8382, 19),
(8383, 17),
(8383, 19),
(8384, 17),
(8384, 19),
(8385, 17),
(8385, 19),
(8386, 17),
(8386, 19),
(8387, 17),
(8387, 19),
(8388, 17),
(8388, 19),
(8389, 17),
(8389, 19),
(8390, 17),
(8390, 19),
(8391, 17),
(8391, 19),
(8392, 17),
(8392, 19),
(8393, 17),
(8393, 19),
(8394, 17),
(8394, 19),
(8395, 17),
(8395, 19),
(8396, 17),
(8396, 19),
(8397, 17),
(8397, 19),
(8398, 17),
(8398, 19),
(8399, 17),
(8399, 19),
(8400, 17),
(8400, 19),
(8401, 17),
(8401, 19),
(8402, 17),
(8402, 19),
(8403, 17),
(8403, 19),
(8404, 17),
(8404, 19),
(8405, 17),
(8405, 19),
(8406, 17),
(8406, 19),
(8407, 17),
(8407, 19),
(8408, 17),
(8408, 19),
(8409, 17),
(8409, 19),
(8410, 17),
(8410, 19),
(8411, 17),
(8411, 19),
(8412, 17),
(8412, 19),
(8413, 17),
(8413, 19),
(8414, 17),
(8414, 19),
(8415, 17),
(8415, 19),
(8416, 17),
(8416, 19),
(8417, 17),
(8417, 19),
(8418, 17),
(8418, 19),
(8419, 17),
(8419, 19),
(8420, 17),
(8420, 19),
(8421, 17),
(8421, 19),
(8422, 17),
(8422, 19),
(8423, 17),
(8423, 19),
(8424, 17),
(8424, 19),
(8425, 17),
(8425, 19),
(8426, 17),
(8426, 19),
(8427, 17),
(8427, 19),
(8428, 17),
(8428, 19),
(8429, 17),
(8429, 19),
(8430, 17),
(8430, 19),
(8431, 17),
(8431, 19),
(8432, 17),
(8432, 19),
(8433, 17),
(8433, 19),
(8434, 17),
(8434, 19),
(8435, 17),
(8435, 19),
(8436, 17),
(8436, 19),
(8437, 17),
(8437, 19),
(8438, 17),
(8438, 19),
(8439, 17),
(8439, 19),
(8440, 17),
(8440, 19),
(8441, 17),
(8441, 19),
(8442, 17),
(8442, 19),
(8443, 17),
(8443, 19),
(8444, 17),
(8444, 19),
(8445, 17),
(8445, 19),
(8446, 17),
(8446, 19),
(8447, 17),
(8447, 19),
(8448, 17),
(8448, 19),
(8449, 17),
(8449, 19),
(8450, 17),
(8450, 19),
(8451, 17),
(8451, 19),
(8452, 17),
(8452, 19),
(8453, 17),
(8453, 19),
(8454, 17),
(8454, 19),
(8455, 17),
(8455, 19),
(8456, 17),
(8456, 19),
(8457, 17),
(8457, 19),
(8458, 17),
(8458, 19),
(8459, 17),
(8459, 19),
(8460, 17),
(8460, 19),
(8461, 17),
(8461, 19),
(8462, 17),
(8462, 19),
(8463, 17),
(8463, 19),
(8464, 17),
(8464, 19),
(8465, 17),
(8465, 19),
(8466, 17),
(8466, 19),
(8467, 17),
(8467, 19),
(8468, 17),
(8468, 19),
(8469, 17),
(8469, 19),
(8470, 17),
(8470, 19),
(8471, 17),
(8471, 19),
(8472, 17),
(8472, 19),
(8473, 17),
(8473, 19),
(8474, 17),
(8474, 19),
(8475, 17),
(8475, 19),
(8476, 17),
(8476, 19),
(8477, 17),
(8477, 19),
(8478, 17),
(8478, 19),
(8479, 17),
(8479, 19),
(8480, 17),
(8480, 19),
(8481, 17),
(8481, 19),
(8482, 17),
(8482, 19),
(8483, 17),
(8483, 19),
(8484, 17),
(8484, 19),
(8485, 17),
(8485, 19),
(8486, 17),
(8486, 19),
(8487, 17),
(8487, 19),
(8488, 17),
(8488, 19),
(8489, 17),
(8489, 19),
(8490, 17),
(8490, 19),
(8491, 17),
(8491, 19),
(8492, 17),
(8492, 19),
(8493, 17),
(8493, 19),
(8494, 17),
(8494, 19),
(8495, 17),
(8495, 19),
(8496, 17),
(8496, 19),
(8497, 17),
(8497, 19),
(8498, 17),
(8498, 19),
(8499, 17),
(8499, 19),
(8500, 17),
(8500, 19),
(8501, 17),
(8501, 19),
(8502, 17),
(8502, 19),
(8503, 17),
(8503, 19),
(8504, 17),
(8504, 19),
(8505, 17),
(8505, 19),
(8506, 17),
(8506, 19),
(8507, 17),
(8507, 19),
(8508, 17),
(8508, 19),
(8509, 17),
(8509, 19),
(8510, 17),
(8510, 19),
(8511, 17),
(8511, 19),
(8512, 17),
(8512, 19),
(8513, 17),
(8513, 19),
(8514, 17),
(8514, 19),
(8515, 17),
(8515, 19),
(8516, 17),
(8516, 19),
(8517, 17),
(8517, 19),
(8518, 17),
(8518, 19),
(8519, 17),
(8519, 19),
(8520, 17),
(8520, 19),
(8521, 17),
(8521, 19),
(8522, 17),
(8522, 19),
(8523, 17),
(8523, 19),
(8524, 17),
(8524, 19),
(8525, 17),
(8525, 19),
(8526, 17),
(8526, 19),
(8527, 17),
(8527, 19),
(8528, 17),
(8528, 19),
(8529, 17),
(8529, 19),
(8530, 17),
(8530, 19),
(8531, 17),
(8531, 19),
(8532, 17),
(8532, 19),
(8533, 17),
(8533, 19),
(8534, 17),
(8534, 19),
(8535, 17),
(8535, 19),
(8536, 17),
(8536, 19),
(8537, 17),
(8537, 19),
(8538, 17),
(8538, 19),
(8539, 17),
(8539, 19),
(8540, 17),
(8540, 19),
(8541, 17),
(8541, 19),
(8542, 17),
(8542, 19),
(8543, 17),
(8543, 19),
(8544, 17),
(8544, 19),
(8545, 17),
(8545, 19),
(8546, 17),
(8546, 19),
(8547, 17),
(8547, 19),
(8548, 17),
(8548, 19),
(8549, 17),
(8549, 19),
(8550, 17),
(8550, 19),
(8551, 17),
(8551, 19),
(8552, 17),
(8552, 19),
(8553, 17),
(8553, 19),
(8554, 17),
(8554, 19),
(8555, 17),
(8555, 19),
(8556, 17),
(8556, 19),
(8557, 17),
(8557, 19),
(8558, 17),
(8558, 19),
(8559, 17),
(8559, 19),
(8560, 17),
(8560, 19),
(8561, 17),
(8561, 19),
(8562, 17),
(8562, 19),
(8563, 17),
(8563, 19),
(8564, 17),
(8564, 19),
(8565, 17),
(8565, 19),
(8566, 17),
(8566, 19),
(8567, 17),
(8567, 19),
(8568, 17),
(8568, 19),
(8569, 17),
(8569, 19),
(8570, 17),
(8570, 19),
(8571, 17),
(8571, 19),
(8572, 17),
(8572, 19),
(8573, 17),
(8573, 19),
(8574, 17),
(8574, 19),
(8575, 17),
(8575, 19),
(8576, 17),
(8576, 19),
(8577, 17),
(8577, 19),
(8578, 17),
(8578, 19),
(8579, 17),
(8579, 19),
(8580, 17),
(8580, 19),
(8581, 17),
(8581, 19),
(8582, 17),
(8582, 19),
(8583, 17),
(8583, 19),
(8584, 17),
(8584, 19),
(8585, 17),
(8585, 19),
(8586, 17),
(8586, 19),
(8587, 17),
(8587, 19),
(8588, 17),
(8588, 19),
(8589, 17),
(8589, 19),
(8590, 17),
(8590, 19),
(8591, 17),
(8591, 19),
(8592, 17),
(8592, 19),
(8593, 17),
(8593, 19),
(8594, 17),
(8594, 19),
(8595, 17),
(8595, 19),
(8596, 17),
(8596, 19),
(8597, 17),
(8597, 19),
(8598, 17),
(8598, 19),
(8599, 17),
(8599, 19),
(8600, 17),
(8600, 19),
(8601, 17),
(8601, 19),
(8602, 17),
(8602, 19),
(8603, 17),
(8603, 19),
(8604, 17),
(8604, 19),
(8605, 17),
(8605, 19),
(8606, 17),
(8606, 19),
(8607, 17),
(8607, 19),
(8608, 17),
(8608, 19),
(8609, 17),
(8609, 19),
(8610, 17),
(8610, 19),
(8611, 17),
(8611, 19),
(8612, 17),
(8612, 19),
(8613, 17),
(8613, 19),
(8614, 17),
(8614, 19),
(8615, 17),
(8615, 19),
(8616, 17),
(8616, 19),
(8617, 17),
(8617, 19),
(8618, 17),
(8618, 19),
(8619, 17),
(8619, 19),
(8620, 17),
(8620, 19),
(8621, 17),
(8621, 19),
(8622, 17),
(8622, 19),
(8623, 17),
(8623, 19),
(8624, 17),
(8624, 19),
(8625, 17),
(8625, 19),
(8626, 17),
(8626, 19),
(8627, 17),
(8627, 19),
(8628, 17),
(8628, 19),
(8629, 17),
(8629, 19),
(8630, 17),
(8630, 19),
(8631, 17),
(8631, 19),
(8632, 17),
(8632, 19),
(8633, 17),
(8633, 19),
(8634, 17),
(8634, 19),
(8635, 17),
(8635, 19),
(8636, 17),
(8636, 19),
(8637, 17),
(8637, 19),
(8638, 17),
(8638, 19),
(8639, 17),
(8639, 19),
(8640, 17),
(8640, 19),
(8641, 17),
(8641, 19),
(8642, 17),
(8642, 19),
(8643, 17),
(8643, 19),
(8644, 17),
(8644, 19),
(8645, 17),
(8645, 19),
(8646, 17),
(8646, 19),
(8647, 17),
(8647, 19),
(8648, 17),
(8648, 19),
(8649, 17),
(8649, 19),
(8650, 17),
(8650, 19),
(8651, 17),
(8651, 19),
(8652, 17),
(8652, 19),
(8653, 17),
(8653, 19),
(8654, 17),
(8654, 19),
(8655, 17),
(8655, 19),
(8656, 17),
(8656, 19),
(8657, 17),
(8657, 19),
(8658, 17),
(8658, 19),
(8659, 17),
(8659, 19),
(8660, 17),
(8660, 19),
(8661, 17),
(8661, 19),
(8662, 17),
(8662, 19),
(8663, 17),
(8663, 19),
(8664, 17),
(8664, 19),
(8665, 17),
(8665, 19),
(8666, 17),
(8666, 19),
(8667, 17),
(8667, 19),
(8668, 17),
(8668, 19),
(8669, 17),
(8669, 19),
(8670, 17),
(8670, 19),
(8671, 17),
(8671, 19),
(8672, 17),
(8672, 19),
(8673, 17),
(8673, 19),
(8674, 17),
(8674, 19),
(8675, 17),
(8675, 19),
(8676, 17),
(8676, 19),
(8677, 17),
(8677, 19),
(8678, 17),
(8678, 19),
(8679, 17),
(8679, 19),
(8680, 17),
(8680, 19),
(8681, 17),
(8681, 19),
(8682, 17),
(8682, 19),
(8683, 17),
(8683, 19),
(8684, 17),
(8684, 19),
(8685, 17),
(8685, 19),
(8686, 17),
(8686, 19),
(8687, 17),
(8687, 19),
(8688, 17),
(8688, 19),
(8689, 17),
(8689, 19),
(8690, 17),
(8690, 19),
(8691, 17),
(8691, 19),
(8692, 17),
(8692, 19),
(8693, 17),
(8693, 19),
(8694, 17),
(8694, 19),
(8695, 17),
(8695, 19),
(8696, 17),
(8696, 19),
(8697, 17),
(8697, 19),
(8698, 17),
(8698, 19),
(8699, 17),
(8699, 19),
(8700, 17),
(8700, 19),
(8701, 17),
(8701, 19),
(8702, 17),
(8702, 19),
(8703, 17),
(8703, 19),
(8704, 17),
(8704, 19),
(8705, 17),
(8705, 19),
(8706, 17),
(8706, 19),
(8707, 17),
(8707, 19),
(8708, 17),
(8708, 19),
(8709, 17),
(8709, 19),
(8710, 17),
(8710, 19),
(8711, 17),
(8711, 19),
(8712, 17),
(8712, 19),
(8713, 17),
(8713, 19),
(8714, 17),
(8714, 19),
(8715, 17),
(8715, 19),
(8716, 17),
(8716, 19),
(8717, 17),
(8717, 19),
(8718, 17),
(8718, 19),
(8719, 17),
(8719, 19),
(8720, 17),
(8720, 19),
(8721, 17),
(8721, 19),
(8722, 17),
(8722, 19),
(8723, 17),
(8723, 19),
(8724, 17),
(8724, 19),
(8725, 17),
(8725, 19),
(8726, 17),
(8726, 19),
(8727, 17),
(8727, 19),
(8728, 17),
(8728, 19),
(8729, 17),
(8729, 19),
(8730, 17),
(8730, 19),
(8731, 17),
(8731, 19),
(8732, 17),
(8732, 19),
(8733, 17),
(8733, 19),
(8734, 17),
(8734, 19),
(8735, 17),
(8735, 19),
(8736, 17),
(8736, 19),
(8737, 17),
(8737, 19),
(8738, 17),
(8738, 19),
(8739, 17),
(8739, 19),
(8740, 17),
(8740, 19),
(8741, 17),
(8741, 19),
(8742, 17),
(8742, 19),
(8743, 17),
(8743, 19),
(8744, 17),
(8744, 19),
(8745, 17),
(8745, 19),
(8746, 17),
(8746, 19),
(8747, 17),
(8747, 19),
(8748, 17),
(8748, 19),
(8749, 17),
(8749, 19),
(8750, 17),
(8750, 19),
(8751, 17),
(8751, 19),
(8752, 17),
(8752, 19),
(8753, 17),
(8753, 19),
(8754, 17),
(8754, 19),
(8755, 17),
(8755, 19),
(8756, 17),
(8756, 19),
(8757, 17),
(8757, 19),
(8758, 17),
(8758, 19),
(8759, 17),
(8759, 19),
(8760, 17),
(8760, 19),
(8761, 17),
(8761, 19),
(8762, 17),
(8762, 19),
(8763, 17),
(8763, 19),
(8764, 17),
(8764, 19),
(8765, 17),
(8765, 19),
(8766, 17),
(8766, 19),
(8767, 17),
(8767, 19),
(8768, 17),
(8768, 19),
(8769, 17),
(8769, 19),
(8770, 17),
(8770, 19),
(8771, 17),
(8771, 19),
(8772, 17),
(8772, 19),
(8773, 17),
(8773, 19),
(8774, 17),
(8774, 19),
(8775, 17),
(8775, 19),
(8776, 17),
(8776, 19),
(8777, 17),
(8777, 19),
(8778, 17),
(8778, 19),
(8779, 17),
(8779, 19),
(8780, 17),
(8780, 19),
(8781, 17),
(8781, 19),
(8782, 17),
(8782, 19),
(8783, 17),
(8783, 19),
(8784, 17),
(8784, 19),
(8785, 17),
(8785, 19),
(8786, 17),
(8786, 19),
(8787, 17),
(8787, 19),
(8788, 17),
(8788, 19),
(8789, 17),
(8789, 19),
(8790, 17),
(8790, 19),
(8791, 17),
(8791, 19),
(8792, 17),
(8792, 19),
(8793, 17),
(8793, 19),
(8794, 17),
(8794, 19),
(8795, 17),
(8795, 19),
(8796, 17),
(8796, 19),
(8797, 17),
(8797, 19),
(8798, 17),
(8798, 19),
(8799, 17),
(8799, 19),
(8800, 17),
(8800, 19),
(8801, 17),
(8801, 19),
(8802, 17),
(8802, 19),
(8803, 17),
(8803, 19),
(8804, 17),
(8804, 19),
(8805, 17),
(8805, 19),
(8806, 17),
(8806, 19),
(8807, 17),
(8807, 19),
(8808, 17),
(8808, 19),
(8809, 17),
(8809, 19),
(8810, 17),
(8810, 19),
(8811, 17),
(8811, 19),
(8812, 17),
(8812, 19),
(8813, 17),
(8813, 19),
(8814, 17),
(8814, 19),
(8815, 17),
(8815, 19),
(8816, 17),
(8816, 19),
(8817, 17),
(8817, 19),
(8818, 17),
(8818, 19),
(8819, 17),
(8819, 19),
(8820, 17),
(8820, 19),
(8821, 17),
(8821, 19),
(8822, 17),
(8822, 19),
(8823, 17),
(8823, 19),
(8824, 17),
(8824, 19),
(8825, 17),
(8825, 19),
(8826, 17),
(8826, 19),
(8827, 17),
(8827, 19),
(8828, 17),
(8828, 19),
(8829, 17),
(8829, 19),
(8830, 17),
(8830, 19),
(8831, 17),
(8831, 19),
(8832, 17),
(8832, 19),
(8833, 17),
(8833, 19),
(8834, 17),
(8834, 19),
(8835, 17),
(8835, 19),
(8836, 17),
(8836, 19),
(8837, 17),
(8837, 19),
(8838, 17),
(8838, 19),
(8839, 17),
(8839, 19),
(8840, 17),
(8840, 19),
(8841, 17),
(8841, 19),
(8842, 17),
(8842, 19),
(8843, 17),
(8843, 19),
(8844, 17),
(8844, 19),
(8845, 17),
(8845, 19),
(8846, 17),
(8846, 19),
(8847, 17),
(8847, 19),
(8848, 17),
(8848, 19),
(8849, 17),
(8849, 19),
(8850, 17),
(8850, 19),
(8851, 17),
(8851, 19),
(8852, 17),
(8852, 19),
(8853, 17),
(8853, 19),
(8854, 17),
(8854, 19),
(8855, 17),
(8855, 19),
(8856, 17),
(8856, 19),
(8857, 17),
(8857, 19),
(8858, 17),
(8858, 19),
(8859, 17),
(8859, 19),
(8860, 17),
(8860, 19),
(8861, 17),
(8861, 19),
(8862, 17),
(8862, 19),
(8863, 17),
(8863, 19),
(8864, 17),
(8864, 19),
(8865, 17),
(8865, 19),
(8866, 17),
(8866, 19),
(8867, 17),
(8867, 19),
(8868, 17),
(8868, 19),
(8869, 17),
(8869, 19),
(8870, 17),
(8870, 19),
(8871, 17),
(8871, 19),
(8872, 17),
(8872, 19),
(8873, 17),
(8873, 19),
(8874, 17),
(8874, 19),
(8875, 17),
(8875, 19),
(8876, 17),
(8876, 19),
(8877, 17),
(8877, 19),
(8878, 17),
(8878, 19),
(8879, 17),
(8879, 19),
(8880, 17),
(8880, 19),
(8881, 17),
(8881, 19),
(8882, 17),
(8882, 19),
(8883, 17),
(8883, 19),
(8884, 17),
(8884, 19),
(8885, 17),
(8885, 19),
(8886, 17),
(8886, 19),
(8887, 17),
(8887, 19),
(8888, 17),
(8888, 19),
(8889, 17),
(8889, 19),
(8890, 17),
(8890, 19),
(8891, 17),
(8891, 19),
(8892, 17),
(8892, 19),
(8893, 17),
(8893, 19),
(8894, 17),
(8894, 19),
(8895, 17),
(8895, 19),
(8896, 17),
(8896, 19),
(8897, 17),
(8897, 19),
(8898, 17),
(8898, 19),
(8899, 17),
(8899, 19),
(8900, 17),
(8900, 19),
(8901, 17),
(8901, 19),
(8902, 17),
(8902, 19),
(8903, 17),
(8903, 19),
(8904, 17),
(8904, 19),
(8905, 17),
(8905, 19),
(8906, 17),
(8906, 19),
(8907, 17),
(8907, 19),
(8908, 17),
(8908, 19),
(8909, 17),
(8909, 19),
(8910, 17),
(8910, 19),
(8911, 17),
(8911, 19),
(8912, 17),
(8912, 19),
(8913, 17),
(8913, 19),
(8914, 17),
(8914, 19),
(8915, 17),
(8915, 19),
(8916, 17),
(8916, 19),
(8917, 17),
(8917, 19),
(8918, 17),
(8918, 19),
(8919, 17),
(8919, 19),
(8920, 17),
(8920, 19),
(8921, 17),
(8921, 19),
(8922, 17),
(8922, 19),
(8923, 17),
(8923, 19),
(8924, 17),
(8924, 19);

-- --------------------------------------------------------

--
-- Tablo için tablo yapısı `evaluation_periods`
--

CREATE TABLE `evaluation_periods` (
  `id` int(11) NOT NULL,
  `name` varchar(50) NOT NULL,
  `performance_type_id` int(11) DEFAULT NULL,
  `start_date` date NOT NULL,
  `end_date` date NOT NULL,
  `is_active` tinyint(1) NOT NULL DEFAULT 0,
  `rule_set_id` int(11) DEFAULT NULL
) ENGINE=InnoDB DEFAULT CHARSET=utf8mb4 COLLATE=utf8mb4_general_ci;

--
-- Tablo döküm verisi `evaluation_periods`
--

INSERT INTO `evaluation_periods` (`id`, `name`, `performance_type_id`, `start_date`, `end_date`, `is_active`, `rule_set_id`) VALUES
(26, '2026 - Belirli Süreli Yıl Sonu', NULL, '2026-01-01', '2026-12-31', 0, 15),
(28, '2026 - ILK CEYREK', NULL, '2026-01-01', '2026-12-31', 1, 21),
(29, '2026 - IKINCI CEYREK', NULL, '2026-01-01', '2026-12-31', 1, 21);

-- --------------------------------------------------------

--
-- Tablo için tablo yapısı `evaluation_results`
--

CREATE TABLE `evaluation_results` (
  `assignment_id` int(11) NOT NULL,
  `avg_e1` decimal(5,2) DEFAULT NULL,
  `avg_e2` decimal(5,2) DEFAULT NULL,
  `final_score` decimal(5,2) DEFAULT NULL,
  `calculated_at` datetime DEFAULT NULL
) ENGINE=InnoDB DEFAULT CHARSET=utf8mb4 COLLATE=utf8mb4_general_ci;

--
-- Tablo döküm verisi `evaluation_results`
--

INSERT INTO `evaluation_results` (`assignment_id`, `avg_e1`, `avg_e2`, `final_score`, `calculated_at`) VALUES
(8052, 5.00, NULL, 5.00, '2026-01-09 13:52:00'),
(8915, 4.04, 3.79, 3.95, '2026-01-15 10:29:09'),
(8922, 3.88, 4.79, 4.26, '2026-01-16 08:28:20');

-- --------------------------------------------------------

--
-- Tablo için tablo yapısı `evaluation_rule_sets`
--

CREATE TABLE `evaluation_rule_sets` (
  `id` int(11) NOT NULL,
  `name` varchar(120) NOT NULL,
  `is_active` tinyint(1) NOT NULL DEFAULT 1,
  `created_at` datetime NOT NULL DEFAULT current_timestamp()
) ENGINE=InnoDB DEFAULT CHARSET=utf8mb4 COLLATE=utf8mb4_general_ci;

--
-- Tablo döküm verisi `evaluation_rule_sets`
--

INSERT INTO `evaluation_rule_sets` (`id`, `name`, `is_active`, `created_at`) VALUES
(15, 'Şube', 1, '2026-01-09 02:27:46'),
(21, 'Genel', 1, '2026-01-15 10:03:21');

-- --------------------------------------------------------

--
-- Tablo için tablo yapısı `evaluation_rule_set_items`
--

CREATE TABLE `evaluation_rule_set_items` (
  `id` int(11) NOT NULL,
  `rule_set_id` int(11) NOT NULL,
  `set_id` int(11) NOT NULL,
  `weight_e1` decimal(5,2) NOT NULL DEFAULT 60.00,
  `weight_e2` decimal(5,2) NOT NULL DEFAULT 40.00,
  `set_weight` decimal(5,2) NOT NULL DEFAULT 1.00
) ENGINE=InnoDB DEFAULT CHARSET=utf8mb4 COLLATE=utf8mb4_general_ci;

--
-- Tablo döküm verisi `evaluation_rule_set_items`
--

INSERT INTO `evaluation_rule_set_items` (`id`, `rule_set_id`, `set_id`, `weight_e1`, `weight_e2`, `set_weight`) VALUES
(18, 15, 17, 60.00, 40.00, 1.00),
(22, 21, 17, 60.00, 40.00, 1.00),
(23, 21, 19, 60.00, 40.00, 1.50);

-- --------------------------------------------------------

--
-- Tablo için tablo yapısı `form_approval_logs`
--

CREATE TABLE `form_approval_logs` (
  `id` bigint(20) UNSIGNED NOT NULL,
  `form_response_id` bigint(20) UNSIGNED NOT NULL,
  `task_id` varchar(255) NOT NULL,
  `task_name` varchar(255) DEFAULT NULL,
  `user_id` bigint(20) UNSIGNED DEFAULT NULL,
  `decision` varchar(255) NOT NULL,
  `comment` text DEFAULT NULL,
  `created_at` timestamp NOT NULL DEFAULT current_timestamp()
) ENGINE=InnoDB DEFAULT CHARSET=utf8mb4 COLLATE=utf8mb4_unicode_ci;

--
-- Tablo döküm verisi `form_approval_logs`
--

INSERT INTO `form_approval_logs` (`id`, `form_response_id`, `task_id`, `task_name`, `user_id`, `decision`, `comment`, `created_at`) VALUES
(1, 43, 'a1fb8fa6-0806-11f1-92ae-005056976064', 'Satış Müdürü Onayı', 726, 'approved', NULL, '2026-02-12 11:33:50'),
(2, 43, 'b3d01359-0806-11f1-92ae-005056976064', 'HR Onayı', 801, 'approved', NULL, '2026-02-12 11:34:16'),
(3, 44, 'd65b3251-0807-11f1-92ae-005056976064', 'Satış Müdürü Onayı', 726, 'approved', NULL, '2026-02-12 11:43:13'),
(4, 44, '035af8e4-0808-11f1-92ae-005056976064', 'HR Onayı', 801, 'approved', NULL, '2026-02-12 11:43:34'),
(5, 45, '02ba473c-080f-11f1-92ae-005056976064', 'Satış Müdürü Onayı', 726, 'approved', NULL, '2026-02-12 12:33:40'),
(6, 45, '0f9fd29f-080f-11f1-92ae-005056976064', 'HR Onayı', 801, 'approved', NULL, '2026-02-12 12:33:57'),
(7, 46, '35e0f7fb-0814-11f1-92ae-005056976064', 'Satış Müdürü Onayı', 726, 'rejected', NULL, '2026-02-12 13:11:02'),
(8, 47, '59476499-089b-11f1-92ae-005056976064', 'Satış Müdürü Onayı', 726, 'approved', NULL, '2026-02-13 05:20:59'),
(9, 47, 'c7e25d7c-089b-11f1-92ae-005056976064', 'HR Onayı', 801, 'rejected', NULL, '2026-02-13 05:22:01'),
(10, 48, '7d862710-089c-11f1-92ae-005056976064', 'Satış Müdürü Onayı', 726, 'rejected', 'red', '2026-02-13 05:36:21'),
(11, 50, '52aebd4e-08a7-11f1-92ae-005056976064', 'Paralel Onay Bekleniyor', 726, 'rejected', NULL, '2026-02-13 07:23:28'),
(12, 49, '745ef719-08a6-11f1-92ae-005056976064', 'Paralel Onay Bekleniyor', 726, 'approved', NULL, '2026-02-13 07:23:33'),
(13, 51, 'adcc9981-08ac-11f1-92ae-005056976064', 'Paralel Onay Bekleniyor', 464, 'rejected', NULL, '2026-02-13 07:24:10'),
(14, 52, 'a63b947d-08ae-11f1-92ae-005056976064', 'Onay Bekleniyor', 801, 'rejected', NULL, '2026-02-13 07:38:19'),
(15, 54, '54f9ec12-08af-11f1-92ae-005056976064', 'Onay Bekleniyor', 726, 'running', NULL, '2026-02-13 07:42:47'),
(16, 54, '54f9c4fa-08af-11f1-92ae-005056976064', 'Onay Bekleniyor', 801, 'approved', NULL, '2026-02-13 07:43:23'),
(17, 56, 'afb9039b-08b0-11f1-92ae-005056976064', 'Onay Bekleniyor', 464, 'rejected', NULL, '2026-02-13 07:50:57'),
(18, 55, 'ac25caa3-08b0-11f1-92ae-005056976064', 'Onay Bekleniyor', 726, 'running', NULL, '2026-02-13 07:51:25'),
(19, 55, 'ac25ca9b-08b0-11f1-92ae-005056976064', 'Onay Bekleniyor', 801, 'approved', NULL, '2026-02-13 07:52:09'),
(20, 58, 'f5301b1a-08b1-11f1-92ae-005056976064', 'Onay Bekleniyor', 726, 'running', NULL, '2026-02-13 08:00:00'),
(21, 58, 'f52ff402-08b1-11f1-92ae-005056976064', 'Onay Bekleniyor', 801, 'approved', NULL, '2026-02-13 08:00:30'),
(22, 59, '35ecd37e-08b2-11f1-92ae-005056976064', 'Onay Bekleniyor', 464, 'running', NULL, '2026-02-13 08:01:46'),
(23, 59, '35ecfa96-08b2-11f1-92ae-005056976064', 'Onay Bekleniyor', 801, 'rejected', NULL, '2026-02-13 08:02:59'),
(24, 60, '786ee3a2-08b2-11f1-92ae-005056976064', 'Onay Bekleniyor', 801, 'approved', NULL, '2026-02-13 08:03:43'),
(25, 61, '4496e0c5-08b4-11f1-92ae-005056976064', 'Onay Bekleniyor', 801, 'running', NULL, '2026-02-13 08:16:28'),
(26, 61, '4496b9ad-08b4-11f1-92ae-005056976064', 'Onay Bekleniyor', 464, 'rejected', NULL, '2026-02-13 08:16:45'),
(27, 62, '5de85ad1-08b4-11f1-92ae-005056976064', 'Onay Bekleniyor', 801, 'running_rejected', NULL, '2026-02-13 08:26:58'),
(28, 62, '5de833b9-08b4-11f1-92ae-005056976064', 'Onay Bekleniyor', 464, 'rejected', NULL, '2026-02-13 08:31:57'),
(29, 63, 'a0369dcf-08b6-11f1-92ae-005056976064', 'Onay Bekleniyor', 464, 'approved', NULL, '2026-02-13 08:33:41'),
(30, 64, 'a25ba0d6-08b6-11f1-92ae-005056976064', 'Onay Bekleniyor', 464, 'running_rejected', NULL, '2026-02-13 08:33:46'),
(31, 64, 'a25bc7ee-08b6-11f1-92ae-005056976064', 'Onay Bekleniyor', 801, 'approved', NULL, '2026-02-13 08:34:05'),
(32, 65, 'a4bf0c75-08b6-11f1-92ae-005056976064', 'Onay Bekleniyor', 801, 'approved', NULL, '2026-02-13 08:34:09'),
(33, 66, 'a836f54c-08b6-11f1-92ae-005056976064', 'Onay Bekleniyor', 726, 'running_approved', NULL, '2026-02-13 08:34:29'),
(34, 67, 'aab36723-08b6-11f1-92ae-005056976064', 'Onay Bekleniyor', 726, 'rejected', NULL, '2026-02-13 08:34:32'),
(35, 66, 'a836ce34-08b6-11f1-92ae-005056976064', 'Onay Bekleniyor', 801, 'approved', NULL, '2026-02-13 08:34:45'),
(36, 70, '927ddb79-08cf-11f1-92ae-005056976064', 'Onay Bekleniyor', 801, 'rejected', NULL, '2026-02-13 11:31:59'),
(37, 73, '08edec73-1e16-11f1-baba-005056972629', 'Satış Müdürü Onayı', 726, 'rejected', NULL, '2026-03-12 13:21:53'),
(38, 72, '19f79b3c-1e15-11f1-baba-005056972629', 'Satış Müdürü Onayı', 726, 'rejected', 'red', '2026-03-12 13:22:02');

-- --------------------------------------------------------

--
-- Tablo için tablo yapısı `form_files`
--

CREATE TABLE `form_files` (
  `id` bigint(20) UNSIGNED NOT NULL,
  `form_response_id` bigint(20) UNSIGNED NOT NULL,
  `field_key` varchar(255) NOT NULL,
  `path` varchar(255) NOT NULL,
  `name` varchar(255) NOT NULL,
  `size` bigint(20) UNSIGNED DEFAULT NULL,
  `mime` varchar(255) DEFAULT NULL,
  `created_at` timestamp NULL DEFAULT NULL
) ENGINE=InnoDB DEFAULT CHARSET=utf8mb4 COLLATE=utf8mb4_unicode_ci;

-- --------------------------------------------------------

--
-- Tablo için tablo yapısı `form_menu_groups`
--

CREATE TABLE `form_menu_groups` (
  `id` bigint(20) UNSIGNED NOT NULL,
  `module_key` varchar(255) NOT NULL,
  `title` varchar(255) NOT NULL,
  `icon` varchar(255) DEFAULT NULL,
  `sort_order` int(11) NOT NULL DEFAULT 0,
  `is_active` tinyint(3) UNSIGNED NOT NULL DEFAULT 1,
  `created_at` timestamp NULL DEFAULT NULL,
  `updated_at` timestamp NULL DEFAULT NULL
) ENGINE=InnoDB DEFAULT CHARSET=utf8mb4 COLLATE=utf8mb4_unicode_ci;

--
-- Tablo döküm verisi `form_menu_groups`
--

INSERT INTO `form_menu_groups` (`id`, `module_key`, `title`, `icon`, `sort_order`, `is_active`, `created_at`, `updated_at`) VALUES
(3, 'performance', 'Talepler', NULL, 1, 1, '2026-01-20 11:10:54', '2026-01-20 11:10:54');

-- --------------------------------------------------------

--
-- Tablo için tablo yapısı `form_menu_links`
--

CREATE TABLE `form_menu_links` (
  `id` bigint(20) UNSIGNED NOT NULL,
  `form_template_id` bigint(20) UNSIGNED NOT NULL,
  `form_menu_group_id` bigint(20) UNSIGNED DEFAULT NULL,
  `title` varchar(255) NOT NULL,
  `menu_group` varchar(255) NOT NULL,
  `icon` varchar(255) DEFAULT NULL,
  `sort_order` int(11) NOT NULL DEFAULT 0,
  `is_active` tinyint(3) UNSIGNED NOT NULL DEFAULT 1,
  `created_at` timestamp NULL DEFAULT NULL,
  `updated_at` timestamp NULL DEFAULT NULL
) ENGINE=InnoDB DEFAULT CHARSET=utf8mb4 COLLATE=utf8mb4_unicode_ci;

--
-- Tablo döküm verisi `form_menu_links`
--

INSERT INTO `form_menu_links` (`id`, `form_template_id`, `form_menu_group_id`, `title`, `menu_group`, `icon`, `sort_order`, `is_active`, `created_at`, `updated_at`) VALUES
(4, 1, 3, 'Görev ve Ücret Değişiklik', 'performance', NULL, 1, 1, '2026-01-20 11:18:01', '2026-01-20 11:18:01'),
(8, 2, 3, 'TEST - FORM', 'performance', NULL, 0, 1, '2026-02-13 06:37:04', '2026-02-13 06:37:04'),
(9, 4, 3, 'TEST - PARALEL', 'performance', NULL, 0, 1, '2026-02-13 07:34:44', '2026-02-13 07:34:44'),
(10, 5, 3, 'TEST - CİFT', 'performance', NULL, 0, 1, '2026-02-13 07:35:43', '2026-02-13 07:35:43');

-- --------------------------------------------------------

--
-- Tablo için tablo yapısı `form_responses`
--

CREATE TABLE `form_responses` (
  `id` bigint(20) UNSIGNED NOT NULL,
  `form_template_id` bigint(20) UNSIGNED NOT NULL,
  `template_version` int(10) UNSIGNED NOT NULL,
  `module_key` varchar(255) NOT NULL,
  `entity_id` bigint(20) UNSIGNED DEFAULT NULL,
  `response_json` longtext NOT NULL,
  `submitted_by` bigint(20) UNSIGNED DEFAULT NULL,
  `submitted_at` timestamp NULL DEFAULT NULL,
  `camunda_process_instance_id` varchar(100) DEFAULT NULL,
  `camunda_business_key` varchar(100) DEFAULT NULL,
  `camunda_status` varchar(50) DEFAULT NULL,
  `created_at` timestamp NULL DEFAULT NULL,
  `updated_at` timestamp NULL DEFAULT NULL
) ENGINE=InnoDB DEFAULT CHARSET=utf8mb4 COLLATE=utf8mb4_unicode_ci;

--
-- Tablo döküm verisi `form_responses`
--

INSERT INTO `form_responses` (`id`, `form_template_id`, `template_version`, `module_key`, `entity_id`, `response_json`, `submitted_by`, `submitted_at`, `camunda_process_instance_id`, `camunda_business_key`, `camunda_status`, `created_at`, `updated_at`) VALUES
(1, 1, 10, 'tasks', 11, '{\"employee_id\":null,\"oncekiBirimi\":null,\"yeniBirimi\":null,\"oncekiUnvani\":null,\"yeniUnvani\":null,\"birimDegisiklikNedeni\":null,\"unvanDegisiklikNedeni\":null,\"ucretDegisiklikNedeni\":null,\"gecerlilikTarihi\":\"2026-01-20T17:18\"}', 718, '2026-01-19 14:20:19', NULL, NULL, NULL, '2026-01-19 14:20:19', '2026-01-19 14:20:19'),
(2, 1, 10, 'tasks', 11, '{\"employee_id\":\"15115\",\"oncekiBirimi\":\"684\",\"yeniBirimi\":\"683\",\"oncekiUnvani\":\"UZMAN YARDIMCISI\",\"yeniUnvani\":\"UZMAN\",\"birimDegisiklikNedeni\":\"EVE YAKIN\",\"unvanDegisiklikNedeni\":\"BA;ARILI PERSONE;\",\"ucretDegisiklikNedeni\":\"UZMAN POZ\'SYONUN MAAŞ GÜNCELLEMESİ\",\"gecerlilikTarihi\":\"2026-01-22T09:13\"}', 718, '2026-01-20 06:14:51', NULL, NULL, NULL, '2026-01-20 06:14:51', '2026-01-20 06:14:51'),
(3, 1, 10, 'tasks', 11, '{\"employee_id\":\"15073\",\"oncekiBirimi\":\"682\",\"yeniBirimi\":\"682\",\"oncekiUnvani\":\"STAJER\",\"yeniUnvani\":\"BASKAN YARDIMCISI\",\"birimDegisiklikNedeni\":\"EVE YAKIN\",\"unvanDegisiklikNedeni\":\"BA;ARILI PERSONE;\",\"ucretDegisiklikNedeni\":\"UZMAN POZ\'SYONUN MAAŞ GÜNCELLEMESİ\",\"gecerlilikTarihi\":\"2026-01-21T09:51\"}', 718, '2026-01-20 06:52:27', NULL, NULL, NULL, '2026-01-20 06:52:27', '2026-01-20 06:52:27'),
(4, 1, 20, 'performance', NULL, '{\"responsibility_center_id\":\"683\",\"responsibility_center_id1\":\"679\",\"title_name\":\"DIREKTOR YARDIMCISI\",\"title_name1\":\"MUDUR YARDIMCISI\",\"number\":\"10.000\",\"number1\":\"20.000\",\"employee_id\":\"13971\",\"birimDegisiklikNedeni\":\"ddd\",\"unvanDegisiklikNedeni\":\"bbbb\",\"ucretDegisiklikNedeni\":\"ghhg\",\"gecerlilikTarihi\":\"2026-01-24T14:10\"}', 464, '2026-01-23 11:10:32', NULL, NULL, NULL, '2026-01-23 11:10:32', '2026-01-23 11:10:32'),
(5, 1, 26, 'performance', NULL, '{\"employee_id\":null,\"responsibility_center_id\":\"683\",\"responsibility_center_id1\":\"683\",\"title_name\":\"DIREKTOR\",\"title_name1\":\"DIREKTOR\",\"number\":\"10000\",\"number1\":\"20000\",\"birimDegisiklikNedeni\":\"dsds\",\"unvanDegisiklikNedeni\":\"dsd\",\"ucretDegisiklikNedeni\":\"sds\",\"gecerlilikTarihi\":\"2026-01-24T14:32\"}', 464, '2026-01-23 11:32:27', NULL, NULL, NULL, '2026-01-23 11:32:27', '2026-01-23 11:32:27'),
(6, 1, 45, 'performance', NULL, '{\"employee_id\":\"15115\",\"responsibility_center_id\":\"666\",\"responsibility_center_id1\":\"669\",\"title_name\":\"KIDEMLI UZMAN\",\"title_name1\":\"DIREKTOR YARDIMCISI\",\"oncekiUcret\":\"2000.12\",\"number1\":\"2516.45\",\"birimDegisiklikNedeni\":\"KABEDE HACILAR\",\"unvanDegisiklikNedeni\":\"HOCA\",\"ucretDegisiklikNedeni\":\"HACI\",\"gecerlilikTarihi\":\"2026-01-24T16:56\"}', 464, '2026-01-23 13:56:28', NULL, NULL, NULL, '2026-01-23 13:56:28', '2026-01-23 13:56:28'),
(7, 1, 49, 'performance', NULL, '{\"employee_id\":\"15159\",\"responsibility_center_id\":\"668\",\"responsibility_center_id1\":\"669\",\"title_name\":\"MUDUR YARDIMCISI\",\"title_name1\":\"MUDUR\",\"oncekiUcret\":\"28.000\",\"number1\":\"32.000\",\"birimDegisiklikNedeni\":\"YENI ŞUBE MÜDÜRÜ\",\"unvanDegisiklikNedeni\":\"YOKLUKTAN\",\"ucretDegisiklikNedeni\":\"MÜDÜR OLDU\",\"gecerlilikTarihi\":\"2026-01-28T10:01\"}', 464, '2026-01-26 07:01:07', NULL, NULL, NULL, '2026-01-26 07:01:07', '2026-01-26 07:01:07'),
(32, 1, 51, 'performance', NULL, '{\"employee_id\":\"15430\",\"responsibility_center_id\":\"666\",\"responsibility_center_id1\":\"666\",\"title_name\":\"UZMAN\",\"title_name1\":\"UZMAN\",\"oncekiUcret\":\"1\",\"number1\":\"2\",\"birimDegisiklikNedeni\":\"test\",\"unvanDegisiklikNedeni\":\"test\",\"ucretDegisiklikNedeni\":\"test\",\"gecerlilikTarihi\":\"2026-02-11T17:55\"}', 727, '2026-02-11 14:53:04', '5e8b7f2b-0759-11f1-aad1-005056976064', 'FR-32', 'rejected', '2026-02-11 14:53:04', '2026-02-12 08:15:35'),
(33, 1, 51, 'performance', NULL, '{\"employee_id\":\"15430\",\"responsibility_center_id\":\"666\",\"responsibility_center_id1\":\"666\",\"title_name\":\"UZMAN\",\"title_name1\":\"UZMAN\",\"oncekiUcret\":\"1\",\"number1\":\"2\",\"birimDegisiklikNedeni\":\"test\",\"unvanDegisiklikNedeni\":\"test\",\"ucretDegisiklikNedeni\":\"test\",\"gecerlilikTarihi\":\"2026-02-11T18:01\"}', 727, '2026-02-11 14:59:54', '53076352-075a-11f1-aad1-005056976064', 'FR-33', 'rejected', '2026-02-11 14:59:54', '2026-02-12 08:15:40'),
(35, 1, 54, 'performance', NULL, '{\"employee_id\":\"15430\",\"responsibility_center_id\":\"666\",\"responsibility_center_id1\":\"666\",\"title_name\":\"UZMAN\",\"title_name1\":\"UZMAN\",\"oncekiUcret\":\"1\",\"number1\":\"2\",\"birimDegisiklikNedeni\":\"test\",\"unvanDegisiklikNedeni\":\"test\",\"ucretDegisiklikNedeni\":\"test\",\"gecerlilikTarihi\":\"2026-02-11T18:15\"}', 727, '2026-02-11 15:12:05', '06ac323a-075c-11f1-aad1-005056976064', 'FR-35', 'rejected', '2026-02-11 15:12:05', '2026-02-12 08:15:11'),
(37, 1, 56, 'performance', NULL, '{\"employee_id\":\"15430\",\"responsibility_center_id\":\"666\",\"responsibility_center_id1\":\"666\",\"title_name\":\"UZMAN\",\"title_name1\":\"UZMAN\",\"oncekiUcret\":\"1\",\"number1\":\"2\",\"birimDegisiklikNedeni\":\"test\",\"unvanDegisiklikNedeni\":\"test\",\"ucretDegisiklikNedeni\":\"test\",\"gecerlilikTarihi\":\"2026-02-11T18:20\"}', 727, '2026-02-11 15:18:07', 'de5209e2-075c-11f1-aad1-005056976064', 'FR-37', 'rejected', '2026-02-11 15:18:07', '2026-02-12 08:15:30'),
(41, 1, 57, 'performance', NULL, '{\"employee_id\":\"15430\",\"responsibility_center_id\":\"666\",\"responsibility_center_id1\":\"666\",\"title_name\":\"UZMAN\",\"title_name1\":\"UZMAN\",\"oncekiUcret\":\"1\",\"number1\":\"2\",\"birimDegisiklikNedeni\":\"test\",\"unvanDegisiklikNedeni\":\"test\",\"ucretDegisiklikNedeni\":\"test\",\"gecerlilikTarihi\":\"2026-02-12T13:35\"}', 727, '2026-02-12 10:31:45', '076b3525-07fe-11f1-92ae-005056976064', 'FR-41', 'approved', '2026-02-12 10:31:45', '2026-02-12 10:33:27'),
(42, 1, 57, 'performance', NULL, '{\"employee_id\":\"15430\",\"responsibility_center_id\":\"666\",\"responsibility_center_id1\":\"666\",\"title_name\":\"UZMAN\",\"title_name1\":\"UZMAN\",\"oncekiUcret\":\"1\",\"number1\":\"2\",\"birimDegisiklikNedeni\":\"test\",\"unvanDegisiklikNedeni\":\"test\",\"ucretDegisiklikNedeni\":\"test\",\"gecerlilikTarihi\":\"2026-02-12T13:45\"}', 727, '2026-02-12 10:39:26', '1a5be20c-07ff-11f1-92ae-005056976064', 'FR-42', 'approved', '2026-02-12 10:39:26', '2026-02-12 10:40:04'),
(43, 1, 57, 'performance', NULL, '{\"employee_id\":\"15430\",\"responsibility_center_id\":\"666\",\"responsibility_center_id1\":\"666\",\"title_name\":\"UZMAN\",\"title_name1\":\"UZMAN\",\"oncekiUcret\":\"1\",\"number1\":\"2\",\"birimDegisiklikNedeni\":\"test\",\"unvanDegisiklikNedeni\":\"t\",\"ucretDegisiklikNedeni\":\"t\",\"gecerlilikTarihi\":\"2026-02-12T14:35\"}', 727, '2026-02-12 11:33:20', 'a1f91e7b-0806-11f1-92ae-005056976064', 'FR-43', 'approved', '2026-02-12 11:33:20', '2026-02-12 11:34:16'),
(44, 1, 57, 'performance', NULL, '{\"employee_id\":\"14319\",\"responsibility_center_id\":\"669\",\"responsibility_center_id1\":\"669\",\"title_name\":\"KIDEMLI UZMAN\",\"title_name1\":\"DIREKTOR YARDIMCISI\",\"oncekiUcret\":\"1\",\"number1\":\"1\",\"birimDegisiklikNedeni\":\"t\",\"unvanDegisiklikNedeni\":\"t\",\"ucretDegisiklikNedeni\":\"t\",\"gecerlilikTarihi\":\"2026-02-12T14:45\"}', 727, '2026-02-12 11:41:57', 'd659ab86-0807-11f1-92ae-005056976064', 'FR-44', 'approved', '2026-02-12 11:41:57', '2026-02-12 11:43:34'),
(45, 1, 58, 'performance', NULL, '{\"employee_id\":\"15430\",\"responsibility_center_id\":\"666\",\"responsibility_center_id1\":\"668\",\"title_name\":\"MUDUR\",\"title_name1\":\"PERSONEL\",\"oncekiUcret\":\"1\",\"number1\":\"2\",\"birimDegisiklikNedeni\":\"test\",\"unvanDegisiklikNedeni\":\"test\",\"ucretDegisiklikNedeni\":\"test\",\"gecerlilikTarihi\":\"2026-02-12T15:35\"}', 727, '2026-02-12 12:33:18', '02b58c21-080f-11f1-92ae-005056976064', 'FR-45', 'approved', '2026-02-12 12:33:18', '2026-02-12 12:33:57'),
(46, 1, 58, 'performance', NULL, '{\"employee_id\":\"15430\",\"responsibility_center_id\":\"666\",\"responsibility_center_id1\":\"666\",\"title_name\":\"UZMAN\",\"title_name1\":\"UZMAN\",\"oncekiUcret\":\"1\",\"number1\":\"2\",\"birimDegisiklikNedeni\":\"test\",\"unvanDegisiklikNedeni\":\"test\",\"ucretDegisiklikNedeni\":\"test\",\"gecerlilikTarihi\":\"2026-02-12T16:12\"}', 464, '2026-02-12 13:10:32', '35de38b0-0814-11f1-92ae-005056976064', 'FR-46', 'rejected', '2026-02-12 13:10:32', '2026-02-12 13:11:02'),
(47, 1, 58, 'performance', NULL, '{\"employee_id\":\"15430\",\"responsibility_center_id\":\"666\",\"responsibility_center_id1\":\"666\",\"title_name\":\"UZMAN\",\"title_name1\":\"UZMAN\",\"oncekiUcret\":\"1\",\"number1\":\"2\",\"birimDegisiklikNedeni\":\"test\",\"unvanDegisiklikNedeni\":\"test\",\"ucretDegisiklikNedeni\":\"test\",\"gecerlilikTarihi\":\"2026-02-13T08:30\"}', 727, '2026-02-13 05:17:51', '5944a54e-089b-11f1-92ae-005056976064', 'FR-47', 'rejected', '2026-02-13 05:17:51', '2026-02-13 05:22:01'),
(48, 1, 58, 'performance', NULL, '{\"employee_id\":\"15430\",\"responsibility_center_id\":\"666\",\"responsibility_center_id1\":\"666\",\"title_name\":\"UZMAN\",\"title_name1\":\"UZMAN\",\"oncekiUcret\":\"1\",\"number1\":\"2\",\"birimDegisiklikNedeni\":\"test\",\"unvanDegisiklikNedeni\":\"test\",\"ucretDegisiklikNedeni\":\"test\",\"gecerlilikTarihi\":\"2026-02-13T08:28\"}', 727, '2026-02-13 05:26:03', '7d842b15-089c-11f1-92ae-005056976064', 'FR-48', 'rejected', '2026-02-13 05:26:03', '2026-02-13 05:36:21'),
(49, 2, 2, 'performance', NULL, '{\"textField\":\"test\"}', 727, '2026-02-13 06:37:23', '745e81d8-08a6-11f1-92ae-005056976064', 'FR-49', 'approved', '2026-02-13 06:37:23', '2026-02-13 07:23:33'),
(50, 2, 4, 'performance', NULL, '{\"textField\":\"test\"}', 727, '2026-02-13 06:43:36', '52ae962d-08a7-11f1-92ae-005056976064', 'FR-50', 'rejected', '2026-02-13 06:43:36', '2026-02-13 07:23:28'),
(51, 2, 4, 'performance', NULL, '{\"textField\":null}', 727, '2026-02-13 07:21:56', 'adcc4b50-08ac-11f1-92ae-005056976064', 'FR-51', 'rejected', '2026-02-13 07:21:56', '2026-02-13 07:24:10'),
(52, 4, 1, 'performance', NULL, '{\"textField\":\"test-paralel\"}', 727, '2026-02-13 07:36:03', 'a63b6d5c-08ae-11f1-92ae-005056976064', 'FR-52', 'rejected', '2026-02-13 07:36:03', '2026-02-13 07:38:19'),
(54, 5, 2, 'performance', NULL, '{\"textField\":\"test\"}', 727, '2026-02-13 07:40:56', '54f99dd2-08af-11f1-92ae-005056976064', 'FR-54', 'approved', '2026-02-13 07:40:56', '2026-02-13 07:43:23'),
(55, 5, 2, 'performance', NULL, '{\"textField\":\"test\"}', 727, '2026-02-13 07:50:31', 'ac257c63-08b0-11f1-92ae-005056976064', 'FR-55', 'approved', '2026-02-13 07:50:31', '2026-02-13 07:52:09'),
(56, 4, 1, 'performance', NULL, '{\"textField\":\"test\"}', 727, '2026-02-13 07:50:38', 'afb8dc7a-08b0-11f1-92ae-005056976064', 'FR-56', 'rejected', '2026-02-13 07:50:38', '2026-02-13 07:50:57'),
(57, 4, 1, 'performance', NULL, '{\"textField\":\"test\"}', 727, '2026-02-13 07:59:40', NULL, NULL, NULL, '2026-02-13 07:59:40', '2026-02-13 07:59:40'),
(58, 5, 2, 'performance', NULL, '{\"textField\":\"test\"}', 727, '2026-02-13 07:59:44', 'f52fccda-08b1-11f1-92ae-005056976064', 'FR-58', 'approved', '2026-02-13 07:59:44', '2026-02-13 08:00:30'),
(59, 4, 2, 'performance', NULL, '{\"textField\":\"test\"}', 727, '2026-02-13 08:01:32', '35ecad56-08b2-11f1-92ae-005056976064', 'FR-59', 'rejected', '2026-02-13 08:01:32', '2026-02-13 08:02:59'),
(60, 4, 2, 'performance', NULL, '{\"textField\":\"test\"}', 727, '2026-02-13 08:03:24', '786ebc72-08b2-11f1-92ae-005056976064', 'FR-60', 'approved', '2026-02-13 08:03:24', '2026-02-13 08:03:43'),
(61, 4, 2, 'performance', NULL, '{\"textField\":\"test\"}', 727, '2026-02-13 08:16:16', '44969285-08b4-11f1-92ae-005056976064', 'FR-61', 'rejected', '2026-02-13 08:16:16', '2026-02-13 08:16:45'),
(62, 4, 2, 'performance', NULL, '{\"textField\":\"test\"}', 727, '2026-02-13 08:16:58', '5de80c91-08b4-11f1-92ae-005056976064', 'FR-62', 'rejected', '2026-02-13 08:16:58', '2026-02-13 08:31:57'),
(63, 4, 2, 'performance', NULL, '{\"textField\":\"paralel1\"}', 727, '2026-02-13 08:33:08', 'a0365097-08b6-11f1-92ae-005056976064', 'FR-63', 'approved', '2026-02-13 08:33:08', '2026-02-13 08:33:41'),
(64, 4, 2, 'performance', NULL, '{\"textField\":\"paralel2\"}', 727, '2026-02-13 08:33:12', 'a25b79ae-08b6-11f1-92ae-005056976064', 'FR-64', 'approved', '2026-02-13 08:33:12', '2026-02-13 08:34:05'),
(65, 4, 2, 'performance', NULL, '{\"textField\":\"paralel3\"}', 727, '2026-02-13 08:33:16', 'a4bebe35-08b6-11f1-92ae-005056976064', 'FR-65', 'approved', '2026-02-13 08:33:16', '2026-02-13 08:34:09'),
(66, 5, 2, 'performance', NULL, '{\"textField\":\"cift1\"}', 727, '2026-02-13 08:33:22', 'a836a70c-08b6-11f1-92ae-005056976064', 'FR-66', 'approved', '2026-02-13 08:33:22', '2026-02-13 08:34:45'),
(67, 5, 2, 'performance', NULL, '{\"textField\":\"cift2\"}', 727, '2026-02-13 08:33:26', 'aab318e3-08b6-11f1-92ae-005056976064', 'FR-67', 'rejected', '2026-02-13 08:33:26', '2026-02-13 08:34:32'),
(68, 2, 6, 'performance', NULL, '{\"textField\":\"test\"}', 727, '2026-02-13 10:44:25', 'f7053161-08c8-11f1-92ae-005056976064', 'FR-68', 'rejected', '2026-02-13 10:44:25', '2026-02-13 10:48:39'),
(69, 2, 6, 'performance', NULL, '{\"textField\":\"test\"}', 727, '2026-02-13 10:49:00', '9af45b45-08c9-11f1-92ae-005056976064', 'FR-69', 'rejected', '2026-02-13 10:49:00', '2026-02-13 11:43:43'),
(70, 2, 6, 'performance', NULL, '{\"textField\":null}', 727, '2026-02-13 11:31:43', '927d1813-08cf-11f1-92ae-005056976064', 'FR-70', 'rejected', '2026-02-13 11:31:43', '2026-02-13 11:31:59'),
(71, 2, 7, 'performance', NULL, '{\"textField\":\"test\"}', 727, '2026-02-13 11:32:40', 'b4670a5d-08cf-11f1-92ae-005056976064', 'FR-71', 'rejected', '2026-02-13 11:32:40', '2026-02-13 11:43:43'),
(72, 1, 58, 'performance', NULL, '{\"employee_id\":\"15430\",\"responsibility_center_id\":\"666\",\"responsibility_center_id1\":\"666\",\"title_name\":\"UZMAN\",\"title_name1\":\"UZMAN\",\"oncekiUcret\":\"0\",\"number1\":\"1\",\"birimDegisiklikNedeni\":\"test\",\"unvanDegisiklikNedeni\":\"test\",\"ucretDegisiklikNedeni\":\"tes\",\"gecerlilikTarihi\":\"2026-03-12T16:10\"}', 464, '2026-03-12 13:08:03', '81ae2a83-1e14-11f1-baba-005056972629', 'FR-72', 'rejected', '2026-03-12 13:08:03', '2026-03-12 13:22:02'),
(73, 1, 58, 'performance', NULL, '{\"employee_id\":\"15430\",\"responsibility_center_id\":\"666\",\"responsibility_center_id1\":\"666\",\"title_name\":\"UZMAN\",\"title_name1\":\"UZMAN\",\"oncekiUcret\":\"0\",\"number1\":\"1\",\"birimDegisiklikNedeni\":\"test\",\"unvanDegisiklikNedeni\":\"test\",\"ucretDegisiklikNedeni\":\"test\",\"gecerlilikTarihi\":\"2026-03-12T16:20\"}', 464, '2026-03-12 13:18:59', '08e38c04-1e16-11f1-baba-005056972629', 'FR-73', 'rejected', '2026-03-12 13:18:59', '2026-03-12 13:21:53');

-- --------------------------------------------------------

--
-- Tablo için tablo yapısı `form_response_fields`
--

CREATE TABLE `form_response_fields` (
  `id` bigint(20) UNSIGNED NOT NULL,
  `form_response_id` bigint(20) UNSIGNED NOT NULL,
  `field_key` varchar(255) NOT NULL,
  `field_label` varchar(255) DEFAULT NULL,
  `value_text` longtext DEFAULT NULL,
  `value_number` decimal(15,4) DEFAULT NULL,
  `value_date` date DEFAULT NULL,
  `created_at` timestamp NULL DEFAULT NULL
) ENGINE=InnoDB DEFAULT CHARSET=utf8mb4 COLLATE=utf8mb4_unicode_ci;

--
-- Tablo döküm verisi `form_response_fields`
--

INSERT INTO `form_response_fields` (`id`, `form_response_id`, `field_key`, `field_label`, `value_text`, `value_number`, `value_date`, `created_at`) VALUES
(1, 1, 'employee_id', 'Adı Soyadı', NULL, NULL, NULL, '2026-01-19 14:20:19'),
(2, 1, 'oncekiBirimi', 'Önceki Birimi', NULL, NULL, NULL, '2026-01-19 14:20:19'),
(3, 1, 'yeniBirimi', 'Yeni Birimi', NULL, NULL, NULL, '2026-01-19 14:20:19'),
(4, 1, 'oncekiUnvani', 'Önceki Ünvanı', NULL, NULL, NULL, '2026-01-19 14:20:19'),
(5, 1, 'yeniUnvani', 'Yeni Ünvanı', NULL, NULL, NULL, '2026-01-19 14:20:19'),
(6, 1, 'birimDegisiklikNedeni', 'Birim Değişiklik Nedeni', NULL, NULL, NULL, '2026-01-19 14:20:19'),
(7, 1, 'unvanDegisiklikNedeni', 'Ünvan Değişiklik Nedeni', NULL, NULL, NULL, '2026-01-19 14:20:19'),
(8, 1, 'ucretDegisiklikNedeni', 'Ücret Değişiklik Nedeni', NULL, NULL, NULL, '2026-01-19 14:20:19'),
(9, 1, 'gecerlilikTarihi', 'Geçerlilik Tarihi', NULL, NULL, '2026-01-20', '2026-01-19 14:20:19'),
(10, 2, 'employee_id', 'Adı Soyadı', '15115', NULL, NULL, '2026-01-20 06:14:51'),
(11, 2, 'oncekiBirimi', 'Önceki Birimi', '684', NULL, NULL, '2026-01-20 06:14:51'),
(12, 2, 'yeniBirimi', 'Yeni Birimi', '683', NULL, NULL, '2026-01-20 06:14:51'),
(13, 2, 'oncekiUnvani', 'Önceki Ünvanı', 'UZMAN YARDIMCISI', NULL, NULL, '2026-01-20 06:14:51'),
(14, 2, 'yeniUnvani', 'Yeni Ünvanı', 'UZMAN', NULL, NULL, '2026-01-20 06:14:51'),
(15, 2, 'birimDegisiklikNedeni', 'Birim Değişiklik Nedeni', 'EVE YAKIN', NULL, NULL, '2026-01-20 06:14:51'),
(16, 2, 'unvanDegisiklikNedeni', 'Ünvan Değişiklik Nedeni', 'BA;ARILI PERSONE;', NULL, NULL, '2026-01-20 06:14:51'),
(17, 2, 'ucretDegisiklikNedeni', 'Ücret Değişiklik Nedeni', 'UZMAN POZ\'SYONUN MAAŞ GÜNCELLEMESİ', NULL, NULL, '2026-01-20 06:14:51'),
(18, 2, 'gecerlilikTarihi', 'Geçerlilik Tarihi', NULL, NULL, '2026-01-22', '2026-01-20 06:14:51'),
(19, 3, 'employee_id', 'Adı Soyadı', '15073', NULL, NULL, '2026-01-20 06:52:27'),
(20, 3, 'oncekiBirimi', 'Önceki Birimi', '682', NULL, NULL, '2026-01-20 06:52:27'),
(21, 3, 'yeniBirimi', 'Yeni Birimi', '682', NULL, NULL, '2026-01-20 06:52:27'),
(22, 3, 'oncekiUnvani', 'Önceki Ünvanı', 'STAJER', NULL, NULL, '2026-01-20 06:52:27'),
(23, 3, 'yeniUnvani', 'Yeni Ünvanı', 'BASKAN YARDIMCISI', NULL, NULL, '2026-01-20 06:52:27'),
(24, 3, 'birimDegisiklikNedeni', 'Birim Değişiklik Nedeni', 'EVE YAKIN', NULL, NULL, '2026-01-20 06:52:27'),
(25, 3, 'unvanDegisiklikNedeni', 'Ünvan Değişiklik Nedeni', 'BA;ARILI PERSONE;', NULL, NULL, '2026-01-20 06:52:27'),
(26, 3, 'ucretDegisiklikNedeni', 'Ücret Değişiklik Nedeni', 'UZMAN POZ\'SYONUN MAAŞ GÜNCELLEMESİ', NULL, NULL, '2026-01-20 06:52:27'),
(27, 3, 'gecerlilikTarihi', 'Geçerlilik Tarihi', NULL, NULL, '2026-01-21', '2026-01-20 06:52:27'),
(28, 4, 'responsibility_center_id', 'Sorumluluk Merkezi', '683', NULL, NULL, '2026-01-23 11:10:32'),
(29, 4, 'responsibility_center_id1', 'Sorumluluk Merkezi', '679', NULL, NULL, '2026-01-23 11:10:32'),
(30, 4, 'title_name', 'Unvan', 'DIREKTOR YARDIMCISI', NULL, NULL, '2026-01-23 11:10:32'),
(31, 4, 'title_name1', 'Unvan', 'MUDUR YARDIMCISI', NULL, NULL, '2026-01-23 11:10:32'),
(32, 4, 'number', 'Number', NULL, 10.0000, NULL, '2026-01-23 11:10:32'),
(33, 4, 'number1', 'Number', NULL, 20.0000, NULL, '2026-01-23 11:10:32'),
(34, 4, 'employee_id', 'Adı Soyadı', '13971', NULL, NULL, '2026-01-23 11:10:32'),
(35, 4, 'birimDegisiklikNedeni', 'Birim Değişiklik Nedeni', 'ddd', NULL, NULL, '2026-01-23 11:10:32'),
(36, 4, 'unvanDegisiklikNedeni', 'Ünvan Değişiklik Nedeni', 'bbbb', NULL, NULL, '2026-01-23 11:10:32'),
(37, 4, 'ucretDegisiklikNedeni', 'Ücret Değişiklik Nedeni', 'ghhg', NULL, NULL, '2026-01-23 11:10:32'),
(38, 4, 'gecerlilikTarihi', 'Geçerlilik Tarihi', '2026-01-24T14:10', NULL, NULL, '2026-01-23 11:10:32'),
(39, 5, 'employee_id', 'Adı Soyadı', NULL, NULL, NULL, '2026-01-23 11:32:27'),
(40, 5, 'responsibility_center_id', 'Sorumluluk Merkezi', '683', NULL, NULL, '2026-01-23 11:32:27'),
(41, 5, 'responsibility_center_id1', 'Sorumluluk Merkezi', '683', NULL, NULL, '2026-01-23 11:32:27'),
(42, 5, 'title_name', 'Unvan', 'DIREKTOR', NULL, NULL, '2026-01-23 11:32:27'),
(43, 5, 'title_name1', 'Unvan', 'DIREKTOR', NULL, NULL, '2026-01-23 11:32:27'),
(44, 5, 'number', 'Önceki Ücret(Net)', NULL, 10000.0000, NULL, '2026-01-23 11:32:27'),
(45, 5, 'number1', 'Yeni Ücreti(Net)', NULL, 20000.0000, NULL, '2026-01-23 11:32:27'),
(46, 5, 'birimDegisiklikNedeni', 'Birim Değişiklik Nedeni', 'dsds', NULL, NULL, '2026-01-23 11:32:27'),
(47, 5, 'unvanDegisiklikNedeni', 'Ünvan Değişiklik Nedeni', 'dsd', NULL, NULL, '2026-01-23 11:32:27'),
(48, 5, 'ucretDegisiklikNedeni', 'Ücret Değişiklik Nedeni', 'sds', NULL, NULL, '2026-01-23 11:32:27'),
(49, 5, 'gecerlilikTarihi', 'Geçerlilik Tarihi', '2026-01-24T14:32', NULL, NULL, '2026-01-23 11:32:27'),
(50, 6, 'employee_id', 'Adı Soyadı', '15115', NULL, NULL, '2026-01-23 13:56:28'),
(51, 6, 'responsibility_center_id', 'Önceki Birimi', '666', NULL, NULL, '2026-01-23 13:56:28'),
(52, 6, 'responsibility_center_id1', 'Yeni Birimi', '669', NULL, NULL, '2026-01-23 13:56:28'),
(53, 6, 'title_name', 'Önceki Ünvanı', 'KIDEMLI UZMAN', NULL, NULL, '2026-01-23 13:56:28'),
(54, 6, 'title_name1', 'Yeni Ünvanı', 'DIREKTOR YARDIMCISI', NULL, NULL, '2026-01-23 13:56:28'),
(55, 6, 'oncekiUcret', 'Önceki Ücret', NULL, 2000.1200, NULL, '2026-01-23 13:56:28'),
(56, 6, 'number1', 'Yeni Ücreti(Net)', NULL, 2516.4500, NULL, '2026-01-23 13:56:28'),
(57, 6, 'birimDegisiklikNedeni', 'Birim Değişiklik Nedeni', 'KABEDE HACILAR', NULL, NULL, '2026-01-23 13:56:28'),
(58, 6, 'unvanDegisiklikNedeni', 'Ünvan Değişiklik Nedeni', 'HOCA', NULL, NULL, '2026-01-23 13:56:28'),
(59, 6, 'ucretDegisiklikNedeni', 'Ücret Değişiklik Nedeni', 'HACI', NULL, NULL, '2026-01-23 13:56:28'),
(60, 6, 'gecerlilikTarihi', 'Geçerlilik Tarihi', '2026-01-24T16:56', NULL, NULL, '2026-01-23 13:56:28'),
(61, 7, 'employee_id', 'Adı Soyadı', '15159', NULL, NULL, '2026-01-26 07:01:07'),
(62, 7, 'responsibility_center_id', 'Önceki Birimi', '668', NULL, NULL, '2026-01-26 07:01:07'),
(63, 7, 'responsibility_center_id1', 'Yeni Birimi', '669', NULL, NULL, '2026-01-26 07:01:07'),
(64, 7, 'title_name', 'Önceki Ünvanı', 'MUDUR YARDIMCISI', NULL, NULL, '2026-01-26 07:01:07'),
(65, 7, 'title_name1', 'Yeni Ünvanı', 'MUDUR', NULL, NULL, '2026-01-26 07:01:07'),
(66, 7, 'oncekiUcret', 'Önceki Ücret', NULL, 28.0000, NULL, '2026-01-26 07:01:07'),
(67, 7, 'number1', 'Yeni Ücreti(Net)', NULL, 32.0000, NULL, '2026-01-26 07:01:07'),
(68, 7, 'birimDegisiklikNedeni', 'Birim Değişiklik Nedeni', 'YENI ŞUBE MÜDÜRÜ', NULL, NULL, '2026-01-26 07:01:07'),
(69, 7, 'unvanDegisiklikNedeni', 'Ünvan Değişiklik Nedeni', 'YOKLUKTAN', NULL, NULL, '2026-01-26 07:01:07'),
(70, 7, 'ucretDegisiklikNedeni', 'Ücret Değişiklik Nedeni', 'MÜDÜR OLDU', NULL, NULL, '2026-01-26 07:01:07'),
(71, 7, 'gecerlilikTarihi', 'Geçerlilik Tarihi', '2026-01-28T10:01', NULL, NULL, '2026-01-26 07:01:07'),
(72, 8, 'employee_id', 'Adı Soyadı', '15430', NULL, NULL, '2026-02-05 11:30:25'),
(73, 8, 'responsibility_center_id', 'Önceki Birimi', '787', NULL, NULL, '2026-02-05 11:30:25'),
(74, 8, 'responsibility_center_id1', 'Yeni Birimi', '787', NULL, NULL, '2026-02-05 11:30:25'),
(75, 8, 'title_name', 'Önceki Ünvanı', 'STAJER', NULL, NULL, '2026-02-05 11:30:25'),
(76, 8, 'title_name1', 'Yeni Ünvanı', 'STAJER', NULL, NULL, '2026-02-05 11:30:25'),
(77, 8, 'oncekiUcret', 'Önceki Ücret', NULL, 0.0000, NULL, '2026-02-05 11:30:25'),
(78, 8, 'number1', 'Yeni Ücreti(Net)', NULL, 1.0000, NULL, '2026-02-05 11:30:25'),
(79, 8, 'birimDegisiklikNedeni', 'Birim Değişiklik Nedeni', 'ddd', NULL, NULL, '2026-02-05 11:30:25'),
(80, 8, 'unvanDegisiklikNedeni', 'Ünvan Değişiklik Nedeni', 'bbbb', NULL, NULL, '2026-02-05 11:30:25'),
(81, 8, 'ucretDegisiklikNedeni', 'Ücret Değişiklik Nedeni', 'ghhg', NULL, NULL, '2026-02-05 11:30:25'),
(82, 8, 'gecerlilikTarihi', 'Geçerlilik Tarihi', '2026-02-05T14:40', NULL, NULL, '2026-02-05 11:30:25'),
(83, 9, 'employee_id', 'Adı Soyadı', '15430', NULL, NULL, '2026-02-05 11:40:07'),
(84, 9, 'responsibility_center_id', 'Önceki Birimi', '666', NULL, NULL, '2026-02-05 11:40:07'),
(85, 9, 'responsibility_center_id1', 'Yeni Birimi', '666', NULL, NULL, '2026-02-05 11:40:07'),
(86, 9, 'title_name', 'Önceki Ünvanı', 'UZMAN', NULL, NULL, '2026-02-05 11:40:07'),
(87, 9, 'title_name1', 'Yeni Ünvanı', 'UZMAN', NULL, NULL, '2026-02-05 11:40:07'),
(88, 9, 'oncekiUcret', 'Önceki Ücret', NULL, 0.0000, NULL, '2026-02-05 11:40:07'),
(89, 9, 'number1', 'Yeni Ücreti(Net)', NULL, 0.0000, NULL, '2026-02-05 11:40:07'),
(90, 9, 'birimDegisiklikNedeni', 'Birim Değişiklik Nedeni', 'a', NULL, NULL, '2026-02-05 11:40:07'),
(91, 9, 'unvanDegisiklikNedeni', 'Ünvan Değişiklik Nedeni', 'a', NULL, NULL, '2026-02-05 11:40:07'),
(92, 9, 'ucretDegisiklikNedeni', 'Ücret Değişiklik Nedeni', 'a', NULL, NULL, '2026-02-05 11:40:07'),
(93, 9, 'gecerlilikTarihi', 'Geçerlilik Tarihi', '2026-02-05T14:45', NULL, NULL, '2026-02-05 11:40:07'),
(94, 10, 'employee_id', 'Adı Soyadı', '15430', NULL, NULL, '2026-02-05 12:22:55'),
(95, 10, 'responsibility_center_id', 'Önceki Birimi', '666', NULL, NULL, '2026-02-05 12:22:55'),
(96, 10, 'responsibility_center_id1', 'Yeni Birimi', '666', NULL, NULL, '2026-02-05 12:22:55'),
(97, 10, 'title_name', 'Önceki Ünvanı', 'UZMAN', NULL, NULL, '2026-02-05 12:22:55'),
(98, 10, 'title_name1', 'Yeni Ünvanı', 'UZMAN', NULL, NULL, '2026-02-05 12:22:55'),
(99, 10, 'oncekiUcret', 'Önceki Ücret', NULL, 0.0000, NULL, '2026-02-05 12:22:55'),
(100, 10, 'number1', 'Yeni Ücreti(Net)', NULL, 0.0000, NULL, '2026-02-05 12:22:55'),
(101, 10, 'birimDegisiklikNedeni', 'Birim Değişiklik Nedeni', 't', NULL, NULL, '2026-02-05 12:22:55'),
(102, 10, 'unvanDegisiklikNedeni', 'Ünvan Değişiklik Nedeni', 't', NULL, NULL, '2026-02-05 12:22:55'),
(103, 10, 'ucretDegisiklikNedeni', 'Ücret Değişiklik Nedeni', 't', NULL, NULL, '2026-02-05 12:22:55'),
(104, 10, 'gecerlilikTarihi', 'Geçerlilik Tarihi', '2026-02-05T15:30', NULL, NULL, '2026-02-05 12:22:55'),
(105, 11, 'employee_id', 'Adı Soyadı', '15430', NULL, NULL, '2026-02-05 12:35:42'),
(106, 11, 'responsibility_center_id', 'Önceki Birimi', '666', NULL, NULL, '2026-02-05 12:35:42'),
(107, 11, 'responsibility_center_id1', 'Yeni Birimi', '666', NULL, NULL, '2026-02-05 12:35:42'),
(108, 11, 'title_name', 'Önceki Ünvanı', 'UZMAN', NULL, NULL, '2026-02-05 12:35:42'),
(109, 11, 'title_name1', 'Yeni Ünvanı', 'UZMAN', NULL, NULL, '2026-02-05 12:35:42'),
(110, 11, 'oncekiUcret', 'Önceki Ücret', NULL, 0.0000, NULL, '2026-02-05 12:35:42'),
(111, 11, 'number1', 'Yeni Ücreti(Net)', NULL, 1.0000, NULL, '2026-02-05 12:35:42'),
(112, 11, 'birimDegisiklikNedeni', 'Birim Değişiklik Nedeni', 'test', NULL, NULL, '2026-02-05 12:35:42'),
(113, 11, 'unvanDegisiklikNedeni', 'Ünvan Değişiklik Nedeni', 'test', NULL, NULL, '2026-02-05 12:35:42'),
(114, 11, 'ucretDegisiklikNedeni', 'Ücret Değişiklik Nedeni', 'test', NULL, NULL, '2026-02-05 12:35:42'),
(115, 11, 'gecerlilikTarihi', 'Geçerlilik Tarihi', '2026-02-05T15:45', NULL, NULL, '2026-02-05 12:35:42'),
(116, 12, 'employee_id', 'Adı Soyadı', '15430', NULL, NULL, '2026-02-05 13:01:24'),
(117, 12, 'responsibility_center_id', 'Önceki Birimi', '666', NULL, NULL, '2026-02-05 13:01:24'),
(118, 12, 'responsibility_center_id1', 'Yeni Birimi', '666', NULL, NULL, '2026-02-05 13:01:24'),
(119, 12, 'title_name', 'Önceki Ünvanı', 'UZMAN', NULL, NULL, '2026-02-05 13:01:24'),
(120, 12, 'title_name1', 'Yeni Ünvanı', 'UZMAN', NULL, NULL, '2026-02-05 13:01:24'),
(121, 12, 'oncekiUcret', 'Önceki Ücret', NULL, 0.0000, NULL, '2026-02-05 13:01:24'),
(122, 12, 'number1', 'Yeni Ücreti(Net)', NULL, 0.0000, NULL, '2026-02-05 13:01:24'),
(123, 12, 'birimDegisiklikNedeni', 'Birim Değişiklik Nedeni', 'test', NULL, NULL, '2026-02-05 13:01:24'),
(124, 12, 'unvanDegisiklikNedeni', 'Ünvan Değişiklik Nedeni', 'test', NULL, NULL, '2026-02-05 13:01:24'),
(125, 12, 'ucretDegisiklikNedeni', 'Ücret Değişiklik Nedeni', 'test', NULL, NULL, '2026-02-05 13:01:24'),
(126, 12, 'gecerlilikTarihi', 'Geçerlilik Tarihi', '2026-02-05T16:10', NULL, NULL, '2026-02-05 13:01:24'),
(127, 13, 'employee_id', 'Adı Soyadı', '15430', NULL, NULL, '2026-02-05 13:05:36'),
(128, 13, 'responsibility_center_id', 'Önceki Birimi', '666', NULL, NULL, '2026-02-05 13:05:36'),
(129, 13, 'responsibility_center_id1', 'Yeni Birimi', '666', NULL, NULL, '2026-02-05 13:05:36'),
(130, 13, 'title_name', 'Önceki Ünvanı', 'UZMAN', NULL, NULL, '2026-02-05 13:05:36'),
(131, 13, 'title_name1', 'Yeni Ünvanı', 'UZMAN', NULL, NULL, '2026-02-05 13:05:36'),
(132, 13, 'oncekiUcret', 'Önceki Ücret', NULL, 0.0000, NULL, '2026-02-05 13:05:36'),
(133, 13, 'number1', 'Yeni Ücreti(Net)', NULL, 0.0000, NULL, '2026-02-05 13:05:36'),
(134, 13, 'birimDegisiklikNedeni', 'Birim Değişiklik Nedeni', 'test', NULL, NULL, '2026-02-05 13:05:36'),
(135, 13, 'unvanDegisiklikNedeni', 'Ünvan Değişiklik Nedeni', 'test', NULL, NULL, '2026-02-05 13:05:36'),
(136, 13, 'ucretDegisiklikNedeni', 'Ücret Değişiklik Nedeni', 'test', NULL, NULL, '2026-02-05 13:05:36'),
(137, 13, 'gecerlilikTarihi', 'Geçerlilik Tarihi', '2026-02-05T16:10', NULL, NULL, '2026-02-05 13:05:36'),
(138, 14, 'employee_id', 'Adı Soyadı', '15430', NULL, NULL, '2026-02-05 13:37:03'),
(139, 14, 'responsibility_center_id', 'Önceki Birimi', '666', NULL, NULL, '2026-02-05 13:37:03'),
(140, 14, 'responsibility_center_id1', 'Yeni Birimi', '666', NULL, NULL, '2026-02-05 13:37:03'),
(141, 14, 'title_name', 'Önceki Ünvanı', 'UZMAN', NULL, NULL, '2026-02-05 13:37:03'),
(142, 14, 'title_name1', 'Yeni Ünvanı', 'UZMAN', NULL, NULL, '2026-02-05 13:37:03'),
(143, 14, 'oncekiUcret', 'Önceki Ücret', NULL, 0.0000, NULL, '2026-02-05 13:37:03'),
(144, 14, 'number1', 'Yeni Ücreti(Net)', NULL, 0.0000, NULL, '2026-02-05 13:37:03'),
(145, 14, 'birimDegisiklikNedeni', 'Birim Değişiklik Nedeni', 'test', NULL, NULL, '2026-02-05 13:37:03'),
(146, 14, 'unvanDegisiklikNedeni', 'Ünvan Değişiklik Nedeni', 'test', NULL, NULL, '2026-02-05 13:37:03'),
(147, 14, 'ucretDegisiklikNedeni', 'Ücret Değişiklik Nedeni', 'test', NULL, NULL, '2026-02-05 13:37:03'),
(148, 14, 'gecerlilikTarihi', 'Geçerlilik Tarihi', '2026-02-05T16:38', NULL, NULL, '2026-02-05 13:37:03'),
(149, 15, 'employee_id', 'Adı Soyadı', '15430', NULL, NULL, '2026-02-05 14:06:49'),
(150, 15, 'responsibility_center_id', 'Önceki Birimi', '666', NULL, NULL, '2026-02-05 14:06:49'),
(151, 15, 'responsibility_center_id1', 'Yeni Birimi', '666', NULL, NULL, '2026-02-05 14:06:49'),
(152, 15, 'title_name', 'Önceki Ünvanı', 'UZMAN', NULL, NULL, '2026-02-05 14:06:49'),
(153, 15, 'title_name1', 'Yeni Ünvanı', 'UZMAN', NULL, NULL, '2026-02-05 14:06:49'),
(154, 15, 'oncekiUcret', 'Önceki Ücret', NULL, 0.0000, NULL, '2026-02-05 14:06:49'),
(155, 15, 'number1', 'Yeni Ücreti(Net)', NULL, 0.0000, NULL, '2026-02-05 14:06:49'),
(156, 15, 'birimDegisiklikNedeni', 'Birim Değişiklik Nedeni', 'a', NULL, NULL, '2026-02-05 14:06:49'),
(157, 15, 'unvanDegisiklikNedeni', 'Ünvan Değişiklik Nedeni', 'a', NULL, NULL, '2026-02-05 14:06:49'),
(158, 15, 'ucretDegisiklikNedeni', 'Ücret Değişiklik Nedeni', 'a', NULL, NULL, '2026-02-05 14:06:49'),
(159, 15, 'gecerlilikTarihi', 'Geçerlilik Tarihi', '2026-02-05T17:10', NULL, NULL, '2026-02-05 14:06:49'),
(160, 16, 'employee_id', 'Adı Soyadı', '15430', NULL, NULL, '2026-02-05 14:14:11'),
(161, 16, 'responsibility_center_id', 'Önceki Birimi', '666', NULL, NULL, '2026-02-05 14:14:11'),
(162, 16, 'responsibility_center_id1', 'Yeni Birimi', '666', NULL, NULL, '2026-02-05 14:14:11'),
(163, 16, 'title_name', 'Önceki Ünvanı', 'UZMAN', NULL, NULL, '2026-02-05 14:14:11'),
(164, 16, 'title_name1', 'Yeni Ünvanı', 'UZMAN', NULL, NULL, '2026-02-05 14:14:11'),
(165, 16, 'oncekiUcret', 'Önceki Ücret', NULL, 0.0000, NULL, '2026-02-05 14:14:11'),
(166, 16, 'number1', 'Yeni Ücreti(Net)', NULL, 0.0000, NULL, '2026-02-05 14:14:11'),
(167, 16, 'birimDegisiklikNedeni', 'Birim Değişiklik Nedeni', 'test', NULL, NULL, '2026-02-05 14:14:11'),
(168, 16, 'unvanDegisiklikNedeni', 'Ünvan Değişiklik Nedeni', 'test', NULL, NULL, '2026-02-05 14:14:11'),
(169, 16, 'ucretDegisiklikNedeni', 'Ücret Değişiklik Nedeni', 'tre', NULL, NULL, '2026-02-05 14:14:11'),
(170, 16, 'gecerlilikTarihi', 'Geçerlilik Tarihi', '2026-02-05T17:18', NULL, NULL, '2026-02-05 14:14:11'),
(171, 17, 'employee_id', 'Adı Soyadı', '15430', NULL, NULL, '2026-02-06 05:27:25'),
(172, 17, 'responsibility_center_id', 'Önceki Birimi', '666', NULL, NULL, '2026-02-06 05:27:25'),
(173, 17, 'responsibility_center_id1', 'Yeni Birimi', '666', NULL, NULL, '2026-02-06 05:27:25'),
(174, 17, 'title_name', 'Önceki Ünvanı', 'UZMAN', NULL, NULL, '2026-02-06 05:27:25'),
(175, 17, 'title_name1', 'Yeni Ünvanı', 'UZMAN', NULL, NULL, '2026-02-06 05:27:25'),
(176, 17, 'oncekiUcret', 'Önceki Ücret', NULL, 0.0000, NULL, '2026-02-06 05:27:25'),
(177, 17, 'number1', 'Yeni Ücreti(Net)', NULL, 0.0000, NULL, '2026-02-06 05:27:25'),
(178, 17, 'birimDegisiklikNedeni', 'Birim Değişiklik Nedeni', 'test', NULL, NULL, '2026-02-06 05:27:25'),
(179, 17, 'unvanDegisiklikNedeni', 'Ünvan Değişiklik Nedeni', 'test', NULL, NULL, '2026-02-06 05:27:25'),
(180, 17, 'ucretDegisiklikNedeni', 'Ücret Değişiklik Nedeni', 'test', NULL, NULL, '2026-02-06 05:27:25'),
(181, 17, 'gecerlilikTarihi', 'Geçerlilik Tarihi', '2026-02-06T08:30', NULL, NULL, '2026-02-06 05:27:25'),
(182, 18, 'employee_id', 'Adı Soyadı', '15430', NULL, NULL, '2026-02-06 07:34:34'),
(183, 18, 'responsibility_center_id', 'Önceki Birimi', '666', NULL, NULL, '2026-02-06 07:34:34'),
(184, 18, 'responsibility_center_id1', 'Yeni Birimi', '666', NULL, NULL, '2026-02-06 07:34:34'),
(185, 18, 'title_name', 'Önceki Ünvanı', 'UZMAN', NULL, NULL, '2026-02-06 07:34:34'),
(186, 18, 'title_name1', 'Yeni Ünvanı', 'UZMAN', NULL, NULL, '2026-02-06 07:34:34'),
(187, 18, 'oncekiUcret', 'Önceki Ücret', NULL, 0.0000, NULL, '2026-02-06 07:34:34'),
(188, 18, 'number1', 'Yeni Ücreti(Net)', NULL, 0.0000, NULL, '2026-02-06 07:34:34'),
(189, 18, 'birimDegisiklikNedeni', 'Birim Değişiklik Nedeni', 'test', NULL, NULL, '2026-02-06 07:34:34'),
(190, 18, 'unvanDegisiklikNedeni', 'Ünvan Değişiklik Nedeni', 'test', NULL, NULL, '2026-02-06 07:34:34'),
(191, 18, 'ucretDegisiklikNedeni', 'Ücret Değişiklik Nedeni', 'test', NULL, NULL, '2026-02-06 07:34:34'),
(192, 18, 'gecerlilikTarihi', 'Geçerlilik Tarihi', '2026-02-06T10:40', NULL, NULL, '2026-02-06 07:34:34'),
(193, 19, 'employee_id', 'Adı Soyadı', '15430', NULL, NULL, '2026-02-06 12:40:55'),
(194, 19, 'responsibility_center_id', 'Önceki Birimi', '666', NULL, NULL, '2026-02-06 12:40:55'),
(195, 19, 'responsibility_center_id1', 'Yeni Birimi', '666', NULL, NULL, '2026-02-06 12:40:55'),
(196, 19, 'title_name', 'Önceki Ünvanı', 'UZMAN', NULL, NULL, '2026-02-06 12:40:55'),
(197, 19, 'title_name1', 'Yeni Ünvanı', 'UZMAN', NULL, NULL, '2026-02-06 12:40:55'),
(198, 19, 'oncekiUcret', 'Önceki Ücret', NULL, 0.0000, NULL, '2026-02-06 12:40:55'),
(199, 19, 'number1', 'Yeni Ücreti(Net)', NULL, 0.0000, NULL, '2026-02-06 12:40:55'),
(200, 19, 'birimDegisiklikNedeni', 'Birim Değişiklik Nedeni', 'test', NULL, NULL, '2026-02-06 12:40:55'),
(201, 19, 'unvanDegisiklikNedeni', 'Ünvan Değişiklik Nedeni', 'test', NULL, NULL, '2026-02-06 12:40:55'),
(202, 19, 'ucretDegisiklikNedeni', 'Ücret Değişiklik Nedeni', 'test', NULL, NULL, '2026-02-06 12:40:55'),
(203, 19, 'gecerlilikTarihi', 'Geçerlilik Tarihi', '2026-02-06T15:45', NULL, NULL, '2026-02-06 12:40:55'),
(204, 20, 'employee_id', 'Adı Soyadı', '15430', NULL, NULL, '2026-02-06 12:46:24'),
(205, 20, 'responsibility_center_id', 'Önceki Birimi', '666', NULL, NULL, '2026-02-06 12:46:24'),
(206, 20, 'responsibility_center_id1', 'Yeni Birimi', '666', NULL, NULL, '2026-02-06 12:46:24'),
(207, 20, 'title_name', 'Önceki Ünvanı', 'UZMAN', NULL, NULL, '2026-02-06 12:46:24'),
(208, 20, 'title_name1', 'Yeni Ünvanı', 'UZMAN', NULL, NULL, '2026-02-06 12:46:24'),
(209, 20, 'oncekiUcret', 'Önceki Ücret', NULL, 0.0000, NULL, '2026-02-06 12:46:24'),
(210, 20, 'number1', 'Yeni Ücreti(Net)', NULL, 0.0000, NULL, '2026-02-06 12:46:24'),
(211, 20, 'birimDegisiklikNedeni', 'Birim Değişiklik Nedeni', 'test', NULL, NULL, '2026-02-06 12:46:24'),
(212, 20, 'unvanDegisiklikNedeni', 'Ünvan Değişiklik Nedeni', 'test', NULL, NULL, '2026-02-06 12:46:24'),
(213, 20, 'ucretDegisiklikNedeni', 'Ücret Değişiklik Nedeni', 'test', NULL, NULL, '2026-02-06 12:46:24'),
(214, 20, 'gecerlilikTarihi', 'Geçerlilik Tarihi', '2026-02-06T15:50', NULL, NULL, '2026-02-06 12:46:24'),
(215, 21, 'employee_id', 'Adı Soyadı', '15430', NULL, NULL, '2026-02-11 11:49:13'),
(216, 21, 'responsibility_center_id', 'Önceki Birimi', '666', NULL, NULL, '2026-02-11 11:49:13'),
(217, 21, 'responsibility_center_id1', 'Yeni Birimi', '666', NULL, NULL, '2026-02-11 11:49:13'),
(218, 21, 'title_name', 'Önceki Ünvanı', 'UZMAN', NULL, NULL, '2026-02-11 11:49:13'),
(219, 21, 'title_name1', 'Yeni Ünvanı', 'UZMAN', NULL, NULL, '2026-02-11 11:49:13'),
(220, 21, 'oncekiUcret', 'Önceki Ücret', NULL, 0.0000, NULL, '2026-02-11 11:49:13'),
(221, 21, 'number1', 'Yeni Ücreti(Net)', NULL, 0.0000, NULL, '2026-02-11 11:49:13'),
(222, 21, 'birimDegisiklikNedeni', 'Birim Değişiklik Nedeni', 'test', NULL, NULL, '2026-02-11 11:49:13'),
(223, 21, 'unvanDegisiklikNedeni', 'Ünvan Değişiklik Nedeni', 'test', NULL, NULL, '2026-02-11 11:49:13'),
(224, 21, 'ucretDegisiklikNedeni', 'Ücret Değişiklik Nedeni', 'test', NULL, NULL, '2026-02-11 11:49:13'),
(225, 21, 'gecerlilikTarihi', 'Geçerlilik Tarihi', NULL, NULL, '2026-02-11', '2026-02-11 11:49:13'),
(226, 22, 'employee_id', 'Adı Soyadı', '15430', NULL, NULL, '2026-02-11 13:07:23'),
(227, 22, 'responsibility_center_id', 'Önceki Birimi', '666', NULL, NULL, '2026-02-11 13:07:23'),
(228, 22, 'responsibility_center_id1', 'Yeni Birimi', '666', NULL, NULL, '2026-02-11 13:07:23'),
(229, 22, 'title_name', 'Önceki Ünvanı', 'UZMAN', NULL, NULL, '2026-02-11 13:07:23'),
(230, 22, 'title_name1', 'Yeni Ünvanı', 'UZMAN', NULL, NULL, '2026-02-11 13:07:23'),
(231, 22, 'oncekiUcret', 'Önceki Ücret', NULL, 0.0000, NULL, '2026-02-11 13:07:23'),
(232, 22, 'number1', 'Yeni Ücreti(Net)', NULL, 0.0000, NULL, '2026-02-11 13:07:23'),
(233, 22, 'birimDegisiklikNedeni', 'Birim Değişiklik Nedeni', 'test', NULL, NULL, '2026-02-11 13:07:23'),
(234, 22, 'unvanDegisiklikNedeni', 'Ünvan Değişiklik Nedeni', 'test', NULL, NULL, '2026-02-11 13:07:23'),
(235, 22, 'ucretDegisiklikNedeni', 'Ücret Değişiklik Nedeni', 'test', NULL, NULL, '2026-02-11 13:07:23'),
(236, 22, 'gecerlilikTarihi', 'Geçerlilik Tarihi', NULL, NULL, '2026-02-11', '2026-02-11 13:07:23'),
(237, 23, 'employee_id', 'Adı Soyadı', '15430', NULL, NULL, '2026-02-11 13:22:56'),
(238, 23, 'responsibility_center_id', 'Önceki Birimi', '666', NULL, NULL, '2026-02-11 13:22:56'),
(239, 23, 'responsibility_center_id1', 'Yeni Birimi', '666', NULL, NULL, '2026-02-11 13:22:56'),
(240, 23, 'title_name', 'Önceki Ünvanı', 'UZMAN', NULL, NULL, '2026-02-11 13:22:56'),
(241, 23, 'title_name1', 'Yeni Ünvanı', 'UZMAN', NULL, NULL, '2026-02-11 13:22:56'),
(242, 23, 'oncekiUcret', 'Önceki Ücret', NULL, 0.0000, NULL, '2026-02-11 13:22:56'),
(243, 23, 'number1', 'Yeni Ücreti(Net)', NULL, 0.0000, NULL, '2026-02-11 13:22:56'),
(244, 23, 'birimDegisiklikNedeni', 'Birim Değişiklik Nedeni', 'test', NULL, NULL, '2026-02-11 13:22:56'),
(245, 23, 'unvanDegisiklikNedeni', 'Ünvan Değişiklik Nedeni', 'test', NULL, NULL, '2026-02-11 13:22:56'),
(246, 23, 'ucretDegisiklikNedeni', 'Ücret Değişiklik Nedeni', 'test', NULL, NULL, '2026-02-11 13:22:56'),
(247, 23, 'gecerlilikTarihi', 'Geçerlilik Tarihi', NULL, NULL, '2026-02-11', '2026-02-11 13:22:56'),
(248, 24, 'employee_id', 'Adı Soyadı', '15430', NULL, NULL, '2026-02-11 13:30:46'),
(249, 24, 'responsibility_center_id', 'Önceki Birimi', '666', NULL, NULL, '2026-02-11 13:30:46'),
(250, 24, 'responsibility_center_id1', 'Yeni Birimi', '666', NULL, NULL, '2026-02-11 13:30:46'),
(251, 24, 'title_name', 'Önceki Ünvanı', 'UZMAN', NULL, NULL, '2026-02-11 13:30:46'),
(252, 24, 'title_name1', 'Yeni Ünvanı', 'UZMAN', NULL, NULL, '2026-02-11 13:30:46'),
(253, 24, 'oncekiUcret', 'Önceki Ücret', NULL, 1.0000, NULL, '2026-02-11 13:30:46'),
(254, 24, 'number1', 'Yeni Ücreti(Net)', NULL, 2.0000, NULL, '2026-02-11 13:30:46'),
(255, 24, 'birimDegisiklikNedeni', 'Birim Değişiklik Nedeni', 'test', NULL, NULL, '2026-02-11 13:30:46'),
(256, 24, 'unvanDegisiklikNedeni', 'Ünvan Değişiklik Nedeni', 'test', NULL, NULL, '2026-02-11 13:30:46'),
(257, 24, 'ucretDegisiklikNedeni', 'Ücret Değişiklik Nedeni', 'test', NULL, NULL, '2026-02-11 13:30:46'),
(258, 24, 'gecerlilikTarihi', 'Geçerlilik Tarihi', NULL, NULL, '2026-02-11', '2026-02-11 13:30:46'),
(259, 25, 'employee_id', 'Adı Soyadı', '15430', NULL, NULL, '2026-02-11 14:05:11'),
(260, 25, 'responsibility_center_id', 'Önceki Birimi', '666', NULL, NULL, '2026-02-11 14:05:11'),
(261, 25, 'responsibility_center_id1', 'Yeni Birimi', '666', NULL, NULL, '2026-02-11 14:05:11'),
(262, 25, 'title_name', 'Önceki Ünvanı', 'UZMAN', NULL, NULL, '2026-02-11 14:05:11'),
(263, 25, 'title_name1', 'Yeni Ünvanı', 'UZMAN', NULL, NULL, '2026-02-11 14:05:11'),
(264, 25, 'oncekiUcret', 'Önceki Ücret', NULL, 1.0000, NULL, '2026-02-11 14:05:11'),
(265, 25, 'number1', 'Yeni Ücreti(Net)', NULL, 2.0000, NULL, '2026-02-11 14:05:11'),
(266, 25, 'birimDegisiklikNedeni', 'Birim Değişiklik Nedeni', 'test', NULL, NULL, '2026-02-11 14:05:11'),
(267, 25, 'unvanDegisiklikNedeni', 'Ünvan Değişiklik Nedeni', 'test', NULL, NULL, '2026-02-11 14:05:11'),
(268, 25, 'ucretDegisiklikNedeni', 'Ücret Değişiklik Nedeni', 'test', NULL, NULL, '2026-02-11 14:05:11'),
(269, 25, 'gecerlilikTarihi', 'Geçerlilik Tarihi', NULL, NULL, '2026-02-11', '2026-02-11 14:05:11'),
(270, 26, 'employee_id', 'Adı Soyadı', '15430', NULL, NULL, '2026-02-11 14:30:03'),
(271, 26, 'responsibility_center_id', 'Önceki Birimi', '666', NULL, NULL, '2026-02-11 14:30:03'),
(272, 26, 'responsibility_center_id1', 'Yeni Birimi', '666', NULL, NULL, '2026-02-11 14:30:03'),
(273, 26, 'title_name', 'Önceki Ünvanı', 'UZMAN', NULL, NULL, '2026-02-11 14:30:03'),
(274, 26, 'title_name1', 'Yeni Ünvanı', 'UZMAN', NULL, NULL, '2026-02-11 14:30:03'),
(275, 26, 'oncekiUcret', 'Önceki Ücret', NULL, 1.0000, NULL, '2026-02-11 14:30:03'),
(276, 26, 'number1', 'Yeni Ücreti(Net)', NULL, 2.0000, NULL, '2026-02-11 14:30:03'),
(277, 26, 'birimDegisiklikNedeni', 'Birim Değişiklik Nedeni', 'test', NULL, NULL, '2026-02-11 14:30:03'),
(278, 26, 'unvanDegisiklikNedeni', 'Ünvan Değişiklik Nedeni', 'test', NULL, NULL, '2026-02-11 14:30:03'),
(279, 26, 'ucretDegisiklikNedeni', 'Ücret Değişiklik Nedeni', 'test', NULL, NULL, '2026-02-11 14:30:03'),
(280, 26, 'gecerlilikTarihi', 'Geçerlilik Tarihi', NULL, NULL, '2026-02-11', '2026-02-11 14:30:03'),
(281, 27, 'employee_id', 'Adı Soyadı', '15430', NULL, NULL, '2026-02-11 14:33:47'),
(282, 27, 'responsibility_center_id', 'Önceki Birimi', '666', NULL, NULL, '2026-02-11 14:33:47'),
(283, 27, 'responsibility_center_id1', 'Yeni Birimi', '666', NULL, NULL, '2026-02-11 14:33:47'),
(284, 27, 'title_name', 'Önceki Ünvanı', 'UZMAN', NULL, NULL, '2026-02-11 14:33:47'),
(285, 27, 'title_name1', 'Yeni Ünvanı', 'UZMAN', NULL, NULL, '2026-02-11 14:33:47'),
(286, 27, 'oncekiUcret', 'Önceki Ücret', NULL, 1.0000, NULL, '2026-02-11 14:33:47'),
(287, 27, 'number1', 'Yeni Ücreti(Net)', NULL, 2.0000, NULL, '2026-02-11 14:33:47'),
(288, 27, 'birimDegisiklikNedeni', 'Birim Değişiklik Nedeni', 'test', NULL, NULL, '2026-02-11 14:33:47'),
(289, 27, 'unvanDegisiklikNedeni', 'Ünvan Değişiklik Nedeni', 'test', NULL, NULL, '2026-02-11 14:33:47'),
(290, 27, 'ucretDegisiklikNedeni', 'Ücret Değişiklik Nedeni', 'test', NULL, NULL, '2026-02-11 14:33:47'),
(291, 27, 'gecerlilikTarihi', 'Geçerlilik Tarihi', NULL, NULL, '2026-02-11', '2026-02-11 14:33:47'),
(292, 28, 'employee_id', 'Adı Soyadı', '15430', NULL, NULL, '2026-02-11 14:37:10'),
(293, 28, 'responsibility_center_id', 'Önceki Birimi', '666', NULL, NULL, '2026-02-11 14:37:10'),
(294, 28, 'responsibility_center_id1', 'Yeni Birimi', '666', NULL, NULL, '2026-02-11 14:37:10'),
(295, 28, 'title_name', 'Önceki Ünvanı', 'UZMAN', NULL, NULL, '2026-02-11 14:37:10'),
(296, 28, 'title_name1', 'Yeni Ünvanı', 'UZMAN', NULL, NULL, '2026-02-11 14:37:10'),
(297, 28, 'oncekiUcret', 'Önceki Ücret', NULL, 1.0000, NULL, '2026-02-11 14:37:10'),
(298, 28, 'number1', 'Yeni Ücreti(Net)', NULL, 2.0000, NULL, '2026-02-11 14:37:10'),
(299, 28, 'birimDegisiklikNedeni', 'Birim Değişiklik Nedeni', 'test', NULL, NULL, '2026-02-11 14:37:10'),
(300, 28, 'unvanDegisiklikNedeni', 'Ünvan Değişiklik Nedeni', 'test', NULL, NULL, '2026-02-11 14:37:10'),
(301, 28, 'ucretDegisiklikNedeni', 'Ücret Değişiklik Nedeni', 'test', NULL, NULL, '2026-02-11 14:37:10'),
(302, 28, 'gecerlilikTarihi', 'Geçerlilik Tarihi', NULL, NULL, '2026-02-11', '2026-02-11 14:37:10'),
(303, 29, 'employee_id', 'Adı Soyadı', '15430', NULL, NULL, '2026-02-11 14:42:30'),
(304, 29, 'responsibility_center_id', 'Önceki Birimi', '666', NULL, NULL, '2026-02-11 14:42:30'),
(305, 29, 'responsibility_center_id1', 'Yeni Birimi', '666', NULL, NULL, '2026-02-11 14:42:30'),
(306, 29, 'title_name', 'Önceki Ünvanı', 'UZMAN', NULL, NULL, '2026-02-11 14:42:30'),
(307, 29, 'title_name1', 'Yeni Ünvanı', 'UZMAN', NULL, NULL, '2026-02-11 14:42:30'),
(308, 29, 'oncekiUcret', 'Önceki Ücret', NULL, 1.0000, NULL, '2026-02-11 14:42:30'),
(309, 29, 'number1', 'Yeni Ücreti(Net)', NULL, 2.0000, NULL, '2026-02-11 14:42:30'),
(310, 29, 'birimDegisiklikNedeni', 'Birim Değişiklik Nedeni', 'test', NULL, NULL, '2026-02-11 14:42:30'),
(311, 29, 'unvanDegisiklikNedeni', 'Ünvan Değişiklik Nedeni', 'teste', NULL, NULL, '2026-02-11 14:42:30'),
(312, 29, 'ucretDegisiklikNedeni', 'Ücret Değişiklik Nedeni', 'test', NULL, NULL, '2026-02-11 14:42:30'),
(313, 29, 'gecerlilikTarihi', 'Geçerlilik Tarihi', NULL, NULL, '2026-02-11', '2026-02-11 14:42:30'),
(314, 30, 'employee_id', 'Adı Soyadı', '15430', NULL, NULL, '2026-02-11 14:47:02'),
(315, 30, 'responsibility_center_id', 'Önceki Birimi', '666', NULL, NULL, '2026-02-11 14:47:02'),
(316, 30, 'responsibility_center_id1', 'Yeni Birimi', '666', NULL, NULL, '2026-02-11 14:47:02'),
(317, 30, 'title_name', 'Önceki Ünvanı', 'UZMAN', NULL, NULL, '2026-02-11 14:47:02'),
(318, 30, 'title_name1', 'Yeni Ünvanı', 'UZMAN', NULL, NULL, '2026-02-11 14:47:02'),
(319, 30, 'oncekiUcret', 'Önceki Ücret', NULL, 1.0000, NULL, '2026-02-11 14:47:02'),
(320, 30, 'number1', 'Yeni Ücreti(Net)', NULL, 2.0000, NULL, '2026-02-11 14:47:02'),
(321, 30, 'birimDegisiklikNedeni', 'Birim Değişiklik Nedeni', 'test', NULL, NULL, '2026-02-11 14:47:02'),
(322, 30, 'unvanDegisiklikNedeni', 'Ünvan Değişiklik Nedeni', 'test', NULL, NULL, '2026-02-11 14:47:02'),
(323, 30, 'ucretDegisiklikNedeni', 'Ücret Değişiklik Nedeni', 'test', NULL, NULL, '2026-02-11 14:47:02'),
(324, 30, 'gecerlilikTarihi', 'Geçerlilik Tarihi', NULL, NULL, '2026-02-11', '2026-02-11 14:47:02'),
(325, 31, 'employee_id', 'Adı Soyadı', '15430', NULL, NULL, '2026-02-11 14:48:23'),
(326, 31, 'responsibility_center_id', 'Önceki Birimi', '666', NULL, NULL, '2026-02-11 14:48:23'),
(327, 31, 'responsibility_center_id1', 'Yeni Birimi', '666', NULL, NULL, '2026-02-11 14:48:23'),
(328, 31, 'title_name', 'Önceki Ünvanı', 'UZMAN', NULL, NULL, '2026-02-11 14:48:23'),
(329, 31, 'title_name1', 'Yeni Ünvanı', 'UZMAN', NULL, NULL, '2026-02-11 14:48:23'),
(330, 31, 'oncekiUcret', 'Önceki Ücret', NULL, 1.0000, NULL, '2026-02-11 14:48:23'),
(331, 31, 'number1', 'Yeni Ücreti(Net)', NULL, 2.0000, NULL, '2026-02-11 14:48:23'),
(332, 31, 'birimDegisiklikNedeni', 'Birim Değişiklik Nedeni', 'test', NULL, NULL, '2026-02-11 14:48:23'),
(333, 31, 'unvanDegisiklikNedeni', 'Ünvan Değişiklik Nedeni', 'test', NULL, NULL, '2026-02-11 14:48:23'),
(334, 31, 'ucretDegisiklikNedeni', 'Ücret Değişiklik Nedeni', 'test', NULL, NULL, '2026-02-11 14:48:23'),
(335, 31, 'gecerlilikTarihi', 'Geçerlilik Tarihi', NULL, NULL, '2026-02-11', '2026-02-11 14:48:23'),
(336, 32, 'employee_id', 'Adı Soyadı', '15430', NULL, NULL, '2026-02-11 14:53:04'),
(337, 32, 'responsibility_center_id', 'Önceki Birimi', '666', NULL, NULL, '2026-02-11 14:53:04'),
(338, 32, 'responsibility_center_id1', 'Yeni Birimi', '666', NULL, NULL, '2026-02-11 14:53:04'),
(339, 32, 'title_name', 'Önceki Ünvanı', 'UZMAN', NULL, NULL, '2026-02-11 14:53:04'),
(340, 32, 'title_name1', 'Yeni Ünvanı', 'UZMAN', NULL, NULL, '2026-02-11 14:53:04'),
(341, 32, 'oncekiUcret', 'Önceki Ücret', NULL, 1.0000, NULL, '2026-02-11 14:53:04'),
(342, 32, 'number1', 'Yeni Ücreti(Net)', NULL, 2.0000, NULL, '2026-02-11 14:53:04'),
(343, 32, 'birimDegisiklikNedeni', 'Birim Değişiklik Nedeni', 'test', NULL, NULL, '2026-02-11 14:53:04'),
(344, 32, 'unvanDegisiklikNedeni', 'Ünvan Değişiklik Nedeni', 'test', NULL, NULL, '2026-02-11 14:53:04'),
(345, 32, 'ucretDegisiklikNedeni', 'Ücret Değişiklik Nedeni', 'test', NULL, NULL, '2026-02-11 14:53:04'),
(346, 32, 'gecerlilikTarihi', 'Geçerlilik Tarihi', NULL, NULL, '2026-02-11', '2026-02-11 14:53:04'),
(347, 33, 'employee_id', 'Adı Soyadı', '15430', NULL, NULL, '2026-02-11 14:59:54'),
(348, 33, 'responsibility_center_id', 'Önceki Birimi', '666', NULL, NULL, '2026-02-11 14:59:54'),
(349, 33, 'responsibility_center_id1', 'Yeni Birimi', '666', NULL, NULL, '2026-02-11 14:59:54'),
(350, 33, 'title_name', 'Önceki Ünvanı', 'UZMAN', NULL, NULL, '2026-02-11 14:59:54'),
(351, 33, 'title_name1', 'Yeni Ünvanı', 'UZMAN', NULL, NULL, '2026-02-11 14:59:54'),
(352, 33, 'oncekiUcret', 'Önceki Ücret', NULL, 1.0000, NULL, '2026-02-11 14:59:54'),
(353, 33, 'number1', 'Yeni Ücreti(Net)', NULL, 2.0000, NULL, '2026-02-11 14:59:54'),
(354, 33, 'birimDegisiklikNedeni', 'Birim Değişiklik Nedeni', 'test', NULL, NULL, '2026-02-11 14:59:54'),
(355, 33, 'unvanDegisiklikNedeni', 'Ünvan Değişiklik Nedeni', 'test', NULL, NULL, '2026-02-11 14:59:54'),
(356, 33, 'ucretDegisiklikNedeni', 'Ücret Değişiklik Nedeni', 'test', NULL, NULL, '2026-02-11 14:59:54'),
(357, 33, 'gecerlilikTarihi', 'Geçerlilik Tarihi', NULL, NULL, '2026-02-11', '2026-02-11 14:59:54'),
(358, 34, 'employee_id', 'Adı Soyadı', '15430', NULL, NULL, '2026-02-11 15:04:01'),
(359, 34, 'responsibility_center_id', 'Önceki Birimi', '666', NULL, NULL, '2026-02-11 15:04:01'),
(360, 34, 'responsibility_center_id1', 'Yeni Birimi', '666', NULL, NULL, '2026-02-11 15:04:01'),
(361, 34, 'title_name', 'Önceki Ünvanı', 'UZMAN', NULL, NULL, '2026-02-11 15:04:01'),
(362, 34, 'title_name1', 'Yeni Ünvanı', 'UZMAN', NULL, NULL, '2026-02-11 15:04:01'),
(363, 34, 'oncekiUcret', 'Önceki Ücret', NULL, 1.0000, NULL, '2026-02-11 15:04:01'),
(364, 34, 'number1', 'Yeni Ücreti(Net)', NULL, 2.0000, NULL, '2026-02-11 15:04:01'),
(365, 34, 'birimDegisiklikNedeni', 'Birim Değişiklik Nedeni', 'test', NULL, NULL, '2026-02-11 15:04:01'),
(366, 34, 'unvanDegisiklikNedeni', 'Ünvan Değişiklik Nedeni', 'test', NULL, NULL, '2026-02-11 15:04:01'),
(367, 34, 'ucretDegisiklikNedeni', 'Ücret Değişiklik Nedeni', 'test', NULL, NULL, '2026-02-11 15:04:01'),
(368, 34, 'gecerlilikTarihi', 'Geçerlilik Tarihi', NULL, NULL, '2026-02-11', '2026-02-11 15:04:01'),
(369, 35, 'employee_id', 'Adı Soyadı', '15430', NULL, NULL, '2026-02-11 15:12:05'),
(370, 35, 'responsibility_center_id', 'Önceki Birimi', '666', NULL, NULL, '2026-02-11 15:12:05'),
(371, 35, 'responsibility_center_id1', 'Yeni Birimi', '666', NULL, NULL, '2026-02-11 15:12:05'),
(372, 35, 'title_name', 'Önceki Ünvanı', 'UZMAN', NULL, NULL, '2026-02-11 15:12:05'),
(373, 35, 'title_name1', 'Yeni Ünvanı', 'UZMAN', NULL, NULL, '2026-02-11 15:12:05'),
(374, 35, 'oncekiUcret', 'Önceki Ücret', NULL, 1.0000, NULL, '2026-02-11 15:12:05'),
(375, 35, 'number1', 'Yeni Ücreti(Net)', NULL, 2.0000, NULL, '2026-02-11 15:12:05'),
(376, 35, 'birimDegisiklikNedeni', 'Birim Değişiklik Nedeni', 'test', NULL, NULL, '2026-02-11 15:12:05'),
(377, 35, 'unvanDegisiklikNedeni', 'Ünvan Değişiklik Nedeni', 'test', NULL, NULL, '2026-02-11 15:12:05'),
(378, 35, 'ucretDegisiklikNedeni', 'Ücret Değişiklik Nedeni', 'test', NULL, NULL, '2026-02-11 15:12:05'),
(379, 35, 'gecerlilikTarihi', 'Geçerlilik Tarihi', NULL, NULL, '2026-02-11', '2026-02-11 15:12:05'),
(380, 36, 'employee_id', 'Adı Soyadı', '15430', NULL, NULL, '2026-02-11 15:16:46'),
(381, 36, 'responsibility_center_id', 'Önceki Birimi', '666', NULL, NULL, '2026-02-11 15:16:46'),
(382, 36, 'responsibility_center_id1', 'Yeni Birimi', '666', NULL, NULL, '2026-02-11 15:16:46'),
(383, 36, 'title_name', 'Önceki Ünvanı', 'UZMAN', NULL, NULL, '2026-02-11 15:16:46'),
(384, 36, 'title_name1', 'Yeni Ünvanı', 'UZMAN', NULL, NULL, '2026-02-11 15:16:46'),
(385, 36, 'oncekiUcret', 'Önceki Ücret', NULL, 1.0000, NULL, '2026-02-11 15:16:46'),
(386, 36, 'number1', 'Yeni Ücreti(Net)', NULL, 2.0000, NULL, '2026-02-11 15:16:46'),
(387, 36, 'birimDegisiklikNedeni', 'Birim Değişiklik Nedeni', 'test', NULL, NULL, '2026-02-11 15:16:46'),
(388, 36, 'unvanDegisiklikNedeni', 'Ünvan Değişiklik Nedeni', 'test', NULL, NULL, '2026-02-11 15:16:46'),
(389, 36, 'ucretDegisiklikNedeni', 'Ücret Değişiklik Nedeni', 'test', NULL, NULL, '2026-02-11 15:16:46'),
(390, 36, 'gecerlilikTarihi', 'Geçerlilik Tarihi', NULL, NULL, '2026-02-11', '2026-02-11 15:16:46'),
(391, 37, 'employee_id', 'Adı Soyadı', '15430', NULL, NULL, '2026-02-11 15:18:07'),
(392, 37, 'responsibility_center_id', 'Önceki Birimi', '666', NULL, NULL, '2026-02-11 15:18:07'),
(393, 37, 'responsibility_center_id1', 'Yeni Birimi', '666', NULL, NULL, '2026-02-11 15:18:07'),
(394, 37, 'title_name', 'Önceki Ünvanı', 'UZMAN', NULL, NULL, '2026-02-11 15:18:07'),
(395, 37, 'title_name1', 'Yeni Ünvanı', 'UZMAN', NULL, NULL, '2026-02-11 15:18:07'),
(396, 37, 'oncekiUcret', 'Önceki Ücret', NULL, 1.0000, NULL, '2026-02-11 15:18:07'),
(397, 37, 'number1', 'Yeni Ücreti(Net)', NULL, 2.0000, NULL, '2026-02-11 15:18:07'),
(398, 37, 'birimDegisiklikNedeni', 'Birim Değişiklik Nedeni', 'test', NULL, NULL, '2026-02-11 15:18:07'),
(399, 37, 'unvanDegisiklikNedeni', 'Ünvan Değişiklik Nedeni', 'test', NULL, NULL, '2026-02-11 15:18:07'),
(400, 37, 'ucretDegisiklikNedeni', 'Ücret Değişiklik Nedeni', 'test', NULL, NULL, '2026-02-11 15:18:07'),
(401, 37, 'gecerlilikTarihi', 'Geçerlilik Tarihi', NULL, NULL, '2026-02-11', '2026-02-11 15:18:07'),
(402, 38, 'employee_id', 'Adı Soyadı', '15159', NULL, NULL, '2026-02-12 05:12:03'),
(403, 38, 'responsibility_center_id', 'Önceki Birimi', '667', NULL, NULL, '2026-02-12 05:12:03'),
(404, 38, 'responsibility_center_id1', 'Yeni Birimi', '666', NULL, NULL, '2026-02-12 05:12:03'),
(405, 38, 'title_name', 'Önceki Ünvanı', 'KIDEMLI UZMAN', NULL, NULL, '2026-02-12 05:12:03'),
(406, 38, 'title_name1', 'Yeni Ünvanı', 'MUDUR', NULL, NULL, '2026-02-12 05:12:03'),
(407, 38, 'oncekiUcret', 'Önceki Ücret', NULL, 20.0000, NULL, '2026-02-12 05:12:03'),
(408, 38, 'number1', 'Yeni Ücreti(Net)', NULL, 30.0000, NULL, '2026-02-12 05:12:03'),
(409, 38, 'birimDegisiklikNedeni', 'Birim Değişiklik Nedeni', 'ŞUBEDEN MERKEZE', NULL, NULL, '2026-02-12 05:12:03'),
(410, 38, 'unvanDegisiklikNedeni', 'Ünvan Değişiklik Nedeni', 'MERKEZE GEÇİŞ UNVANI', NULL, NULL, '2026-02-12 05:12:03'),
(411, 38, 'ucretDegisiklikNedeni', 'Ücret Değişiklik Nedeni', 'KIDEM DEĞİŞİKLİĞİ', NULL, NULL, '2026-02-12 05:12:03'),
(412, 38, 'gecerlilikTarihi', 'Geçerlilik Tarihi', NULL, NULL, '2026-02-27', '2026-02-12 05:12:03'),
(413, 39, 'employee_id', 'Adı Soyadı', '15430', NULL, NULL, '2026-02-12 08:14:42'),
(414, 39, 'responsibility_center_id', 'Önceki Birimi', '666', NULL, NULL, '2026-02-12 08:14:42'),
(415, 39, 'responsibility_center_id1', 'Yeni Birimi', '666', NULL, NULL, '2026-02-12 08:14:42'),
(416, 39, 'title_name', 'Önceki Ünvanı', 'UZMAN', NULL, NULL, '2026-02-12 08:14:42'),
(417, 39, 'title_name1', 'Yeni Ünvanı', 'UZMAN', NULL, NULL, '2026-02-12 08:14:42'),
(418, 39, 'oncekiUcret', 'Önceki Ücret', NULL, 1.0000, NULL, '2026-02-12 08:14:42'),
(419, 39, 'number1', 'Yeni Ücreti(Net)', NULL, 2.0000, NULL, '2026-02-12 08:14:42'),
(420, 39, 'birimDegisiklikNedeni', 'Birim Değişiklik Nedeni', '2test', NULL, NULL, '2026-02-12 08:14:42'),
(421, 39, 'unvanDegisiklikNedeni', 'Ünvan Değişiklik Nedeni', 'test', NULL, NULL, '2026-02-12 08:14:42'),
(422, 39, 'ucretDegisiklikNedeni', 'Ücret Değişiklik Nedeni', 'test', NULL, NULL, '2026-02-12 08:14:42'),
(423, 39, 'gecerlilikTarihi', 'Geçerlilik Tarihi', NULL, NULL, '2026-02-12', '2026-02-12 08:14:42'),
(424, 40, 'employee_id', 'Adı Soyadı', '15430', NULL, NULL, '2026-02-12 10:23:01'),
(425, 40, 'responsibility_center_id', 'Önceki Birimi', '666', NULL, NULL, '2026-02-12 10:23:01'),
(426, 40, 'responsibility_center_id1', 'Yeni Birimi', '666', NULL, NULL, '2026-02-12 10:23:01'),
(427, 40, 'title_name', 'Önceki Ünvanı', 'UZMAN', NULL, NULL, '2026-02-12 10:23:01'),
(428, 40, 'title_name1', 'Yeni Ünvanı', 'UZMAN', NULL, NULL, '2026-02-12 10:23:01'),
(429, 40, 'oncekiUcret', 'Önceki Ücret', NULL, 1.0000, NULL, '2026-02-12 10:23:01'),
(430, 40, 'number1', 'Yeni Ücreti(Net)', NULL, 2.0000, NULL, '2026-02-12 10:23:01'),
(431, 40, 'birimDegisiklikNedeni', 'Birim Değişiklik Nedeni', 'test', NULL, NULL, '2026-02-12 10:23:01'),
(432, 40, 'unvanDegisiklikNedeni', 'Ünvan Değişiklik Nedeni', 'test', NULL, NULL, '2026-02-12 10:23:01'),
(433, 40, 'ucretDegisiklikNedeni', 'Ücret Değişiklik Nedeni', 'test', NULL, NULL, '2026-02-12 10:23:01'),
(434, 40, 'gecerlilikTarihi', 'Geçerlilik Tarihi', NULL, NULL, '2026-02-12', '2026-02-12 10:23:01'),
(435, 41, 'employee_id', 'Adı Soyadı', '15430', NULL, NULL, '2026-02-12 10:31:45'),
(436, 41, 'responsibility_center_id', 'Önceki Birimi', '666', NULL, NULL, '2026-02-12 10:31:45'),
(437, 41, 'responsibility_center_id1', 'Yeni Birimi', '666', NULL, NULL, '2026-02-12 10:31:45'),
(438, 41, 'title_name', 'Önceki Ünvanı', 'UZMAN', NULL, NULL, '2026-02-12 10:31:45'),
(439, 41, 'title_name1', 'Yeni Ünvanı', 'UZMAN', NULL, NULL, '2026-02-12 10:31:45'),
(440, 41, 'oncekiUcret', 'Önceki Ücret', NULL, 1.0000, NULL, '2026-02-12 10:31:45'),
(441, 41, 'number1', 'Yeni Ücreti(Net)', NULL, 2.0000, NULL, '2026-02-12 10:31:45'),
(442, 41, 'birimDegisiklikNedeni', 'Birim Değişiklik Nedeni', 'test', NULL, NULL, '2026-02-12 10:31:45'),
(443, 41, 'unvanDegisiklikNedeni', 'Ünvan Değişiklik Nedeni', 'test', NULL, NULL, '2026-02-12 10:31:45'),
(444, 41, 'ucretDegisiklikNedeni', 'Ücret Değişiklik Nedeni', 'test', NULL, NULL, '2026-02-12 10:31:45'),
(445, 41, 'gecerlilikTarihi', 'Geçerlilik Tarihi', NULL, NULL, '2026-02-12', '2026-02-12 10:31:45'),
(446, 42, 'employee_id', 'Adı Soyadı', '15430', NULL, NULL, '2026-02-12 10:39:26'),
(447, 42, 'responsibility_center_id', 'Önceki Birimi', '666', NULL, NULL, '2026-02-12 10:39:26'),
(448, 42, 'responsibility_center_id1', 'Yeni Birimi', '666', NULL, NULL, '2026-02-12 10:39:26'),
(449, 42, 'title_name', 'Önceki Ünvanı', 'UZMAN', NULL, NULL, '2026-02-12 10:39:26'),
(450, 42, 'title_name1', 'Yeni Ünvanı', 'UZMAN', NULL, NULL, '2026-02-12 10:39:26'),
(451, 42, 'oncekiUcret', 'Önceki Ücret', NULL, 1.0000, NULL, '2026-02-12 10:39:26'),
(452, 42, 'number1', 'Yeni Ücreti(Net)', NULL, 2.0000, NULL, '2026-02-12 10:39:26'),
(453, 42, 'birimDegisiklikNedeni', 'Birim Değişiklik Nedeni', 'test', NULL, NULL, '2026-02-12 10:39:26'),
(454, 42, 'unvanDegisiklikNedeni', 'Ünvan Değişiklik Nedeni', 'test', NULL, NULL, '2026-02-12 10:39:26'),
(455, 42, 'ucretDegisiklikNedeni', 'Ücret Değişiklik Nedeni', 'test', NULL, NULL, '2026-02-12 10:39:26'),
(456, 42, 'gecerlilikTarihi', 'Geçerlilik Tarihi', NULL, NULL, '2026-02-12', '2026-02-12 10:39:26'),
(457, 43, 'employee_id', 'Adı Soyadı', '15430', NULL, NULL, '2026-02-12 11:33:20'),
(458, 43, 'responsibility_center_id', 'Önceki Birimi', '666', NULL, NULL, '2026-02-12 11:33:20'),
(459, 43, 'responsibility_center_id1', 'Yeni Birimi', '666', NULL, NULL, '2026-02-12 11:33:20'),
(460, 43, 'title_name', 'Önceki Ünvanı', 'UZMAN', NULL, NULL, '2026-02-12 11:33:20'),
(461, 43, 'title_name1', 'Yeni Ünvanı', 'UZMAN', NULL, NULL, '2026-02-12 11:33:20'),
(462, 43, 'oncekiUcret', 'Önceki Ücret', NULL, 1.0000, NULL, '2026-02-12 11:33:20'),
(463, 43, 'number1', 'Yeni Ücreti(Net)', NULL, 2.0000, NULL, '2026-02-12 11:33:20'),
(464, 43, 'birimDegisiklikNedeni', 'Birim Değişiklik Nedeni', 'test', NULL, NULL, '2026-02-12 11:33:20'),
(465, 43, 'unvanDegisiklikNedeni', 'Ünvan Değişiklik Nedeni', 't', NULL, NULL, '2026-02-12 11:33:20'),
(466, 43, 'ucretDegisiklikNedeni', 'Ücret Değişiklik Nedeni', 't', NULL, NULL, '2026-02-12 11:33:20'),
(467, 43, 'gecerlilikTarihi', 'Geçerlilik Tarihi', NULL, NULL, '2026-02-12', '2026-02-12 11:33:20'),
(468, 44, 'employee_id', 'Adı Soyadı', '14319', NULL, NULL, '2026-02-12 11:41:57'),
(469, 44, 'responsibility_center_id', 'Önceki Birimi', '669', NULL, NULL, '2026-02-12 11:41:57'),
(470, 44, 'responsibility_center_id1', 'Yeni Birimi', '669', NULL, NULL, '2026-02-12 11:41:57'),
(471, 44, 'title_name', 'Önceki Ünvanı', 'KIDEMLI UZMAN', NULL, NULL, '2026-02-12 11:41:57'),
(472, 44, 'title_name1', 'Yeni Ünvanı', 'DIREKTOR YARDIMCISI', NULL, NULL, '2026-02-12 11:41:57'),
(473, 44, 'oncekiUcret', 'Önceki Ücret', NULL, 1.0000, NULL, '2026-02-12 11:41:57'),
(474, 44, 'number1', 'Yeni Ücreti(Net)', NULL, 1.0000, NULL, '2026-02-12 11:41:57'),
(475, 44, 'birimDegisiklikNedeni', 'Birim Değişiklik Nedeni', 't', NULL, NULL, '2026-02-12 11:41:57'),
(476, 44, 'unvanDegisiklikNedeni', 'Ünvan Değişiklik Nedeni', 't', NULL, NULL, '2026-02-12 11:41:57'),
(477, 44, 'ucretDegisiklikNedeni', 'Ücret Değişiklik Nedeni', 't', NULL, NULL, '2026-02-12 11:41:57'),
(478, 44, 'gecerlilikTarihi', 'Geçerlilik Tarihi', NULL, NULL, '2026-02-12', '2026-02-12 11:41:57'),
(479, 45, 'employee_id', 'Adı Soyadı', '15430', NULL, NULL, '2026-02-12 12:33:18'),
(480, 45, 'responsibility_center_id', 'Önceki Birimi', '666', NULL, NULL, '2026-02-12 12:33:18'),
(481, 45, 'responsibility_center_id1', 'Yeni Birimi', '668', NULL, NULL, '2026-02-12 12:33:18'),
(482, 45, 'title_name', 'Önceki Ünvanı', 'MUDUR', NULL, NULL, '2026-02-12 12:33:18'),
(483, 45, 'title_name1', 'Yeni Ünvanı', 'PERSONEL', NULL, NULL, '2026-02-12 12:33:18'),
(484, 45, 'oncekiUcret', 'Önceki Ücret', NULL, 1.0000, NULL, '2026-02-12 12:33:18'),
(485, 45, 'number1', 'Yeni Ücreti(Net)', NULL, 2.0000, NULL, '2026-02-12 12:33:18'),
(486, 45, 'birimDegisiklikNedeni', 'Birim Değişiklik Nedeni', 'test', NULL, NULL, '2026-02-12 12:33:18'),
(487, 45, 'unvanDegisiklikNedeni', 'Ünvan Değişiklik Nedeni', 'test', NULL, NULL, '2026-02-12 12:33:18'),
(488, 45, 'ucretDegisiklikNedeni', 'Ücret Değişiklik Nedeni', 'test', NULL, NULL, '2026-02-12 12:33:18'),
(489, 45, 'gecerlilikTarihi', 'Geçerlilik Tarihi', NULL, NULL, '2026-02-12', '2026-02-12 12:33:18'),
(490, 46, 'employee_id', 'Adı Soyadı', '15430', NULL, NULL, '2026-02-12 13:10:32'),
(491, 46, 'responsibility_center_id', 'Önceki Birimi', '666', NULL, NULL, '2026-02-12 13:10:32'),
(492, 46, 'responsibility_center_id1', 'Yeni Birimi', '666', NULL, NULL, '2026-02-12 13:10:32'),
(493, 46, 'title_name', 'Önceki Ünvanı', 'UZMAN', NULL, NULL, '2026-02-12 13:10:32'),
(494, 46, 'title_name1', 'Yeni Ünvanı', 'UZMAN', NULL, NULL, '2026-02-12 13:10:32'),
(495, 46, 'oncekiUcret', 'Önceki Ücret', NULL, 1.0000, NULL, '2026-02-12 13:10:32'),
(496, 46, 'number1', 'Yeni Ücreti(Net)', NULL, 2.0000, NULL, '2026-02-12 13:10:32'),
(497, 46, 'birimDegisiklikNedeni', 'Birim Değişiklik Nedeni', 'test', NULL, NULL, '2026-02-12 13:10:32'),
(498, 46, 'unvanDegisiklikNedeni', 'Ünvan Değişiklik Nedeni', 'test', NULL, NULL, '2026-02-12 13:10:32'),
(499, 46, 'ucretDegisiklikNedeni', 'Ücret Değişiklik Nedeni', 'test', NULL, NULL, '2026-02-12 13:10:32'),
(500, 46, 'gecerlilikTarihi', 'Geçerlilik Tarihi', NULL, NULL, '2026-02-12', '2026-02-12 13:10:32'),
(501, 47, 'employee_id', 'Adı Soyadı', '15430', NULL, NULL, '2026-02-13 05:17:51'),
(502, 47, 'responsibility_center_id', 'Önceki Birimi', '666', NULL, NULL, '2026-02-13 05:17:51'),
(503, 47, 'responsibility_center_id1', 'Yeni Birimi', '666', NULL, NULL, '2026-02-13 05:17:51'),
(504, 47, 'title_name', 'Önceki Ünvanı', 'UZMAN', NULL, NULL, '2026-02-13 05:17:51'),
(505, 47, 'title_name1', 'Yeni Ünvanı', 'UZMAN', NULL, NULL, '2026-02-13 05:17:51'),
(506, 47, 'oncekiUcret', 'Önceki Ücret', NULL, 1.0000, NULL, '2026-02-13 05:17:51'),
(507, 47, 'number1', 'Yeni Ücreti(Net)', NULL, 2.0000, NULL, '2026-02-13 05:17:51'),
(508, 47, 'birimDegisiklikNedeni', 'Birim Değişiklik Nedeni', 'test', NULL, NULL, '2026-02-13 05:17:51'),
(509, 47, 'unvanDegisiklikNedeni', 'Ünvan Değişiklik Nedeni', 'test', NULL, NULL, '2026-02-13 05:17:51'),
(510, 47, 'ucretDegisiklikNedeni', 'Ücret Değişiklik Nedeni', 'test', NULL, NULL, '2026-02-13 05:17:51'),
(511, 47, 'gecerlilikTarihi', 'Geçerlilik Tarihi', NULL, NULL, '2026-02-13', '2026-02-13 05:17:51'),
(512, 48, 'employee_id', 'Adı Soyadı', '15430', NULL, NULL, '2026-02-13 05:26:03'),
(513, 48, 'responsibility_center_id', 'Önceki Birimi', '666', NULL, NULL, '2026-02-13 05:26:03'),
(514, 48, 'responsibility_center_id1', 'Yeni Birimi', '666', NULL, NULL, '2026-02-13 05:26:03'),
(515, 48, 'title_name', 'Önceki Ünvanı', 'UZMAN', NULL, NULL, '2026-02-13 05:26:03'),
(516, 48, 'title_name1', 'Yeni Ünvanı', 'UZMAN', NULL, NULL, '2026-02-13 05:26:03'),
(517, 48, 'oncekiUcret', 'Önceki Ücret', NULL, 1.0000, NULL, '2026-02-13 05:26:03'),
(518, 48, 'number1', 'Yeni Ücreti(Net)', NULL, 2.0000, NULL, '2026-02-13 05:26:03'),
(519, 48, 'birimDegisiklikNedeni', 'Birim Değişiklik Nedeni', 'test', NULL, NULL, '2026-02-13 05:26:03'),
(520, 48, 'unvanDegisiklikNedeni', 'Ünvan Değişiklik Nedeni', 'test', NULL, NULL, '2026-02-13 05:26:03'),
(521, 48, 'ucretDegisiklikNedeni', 'Ücret Değişiklik Nedeni', 'test', NULL, NULL, '2026-02-13 05:26:03'),
(522, 48, 'gecerlilikTarihi', 'Geçerlilik Tarihi', NULL, NULL, '2026-02-13', '2026-02-13 05:26:03'),
(523, 49, 'textField', 'Text Field', 'test', NULL, NULL, '2026-02-13 06:37:23'),
(524, 50, 'textField', 'Text Field', 'test', NULL, NULL, '2026-02-13 06:43:36'),
(525, 51, 'textField', 'Text Field', NULL, NULL, NULL, '2026-02-13 07:21:56'),
(526, 52, 'textField', 'Text Field', 'test-paralel', NULL, NULL, '2026-02-13 07:36:03'),
(527, 53, 'textField', 'Text Field', 'test -cift', NULL, NULL, '2026-02-13 07:36:08'),
(528, 54, 'textField', 'Text Field', 'test', NULL, NULL, '2026-02-13 07:40:56'),
(529, 55, 'textField', 'Text Field', 'test', NULL, NULL, '2026-02-13 07:50:31'),
(530, 56, 'textField', 'Text Field', 'test', NULL, NULL, '2026-02-13 07:50:38'),
(531, 57, 'textField', 'Text Field', 'test', NULL, NULL, '2026-02-13 07:59:40'),
(532, 58, 'textField', 'Text Field', 'test', NULL, NULL, '2026-02-13 07:59:44'),
(533, 59, 'textField', 'Text Field', 'test', NULL, NULL, '2026-02-13 08:01:32'),
(534, 60, 'textField', 'Text Field', 'test', NULL, NULL, '2026-02-13 08:03:24'),
(535, 61, 'textField', 'Text Field', 'test', NULL, NULL, '2026-02-13 08:16:16'),
(536, 62, 'textField', 'Text Field', 'test', NULL, NULL, '2026-02-13 08:16:58'),
(537, 63, 'textField', 'Text Field', 'paralel1', NULL, NULL, '2026-02-13 08:33:08'),
(538, 64, 'textField', 'Text Field', 'paralel2', NULL, NULL, '2026-02-13 08:33:12'),
(539, 65, 'textField', 'Text Field', 'paralel3', NULL, NULL, '2026-02-13 08:33:16'),
(540, 66, 'textField', 'Text Field', 'cift1', NULL, NULL, '2026-02-13 08:33:22');
INSERT INTO `form_response_fields` (`id`, `form_response_id`, `field_key`, `field_label`, `value_text`, `value_number`, `value_date`, `created_at`) VALUES
(541, 67, 'textField', 'Text Field', 'cift2', NULL, NULL, '2026-02-13 08:33:26'),
(542, 68, 'textField', 'Text Field', 'test', NULL, NULL, '2026-02-13 10:44:25'),
(543, 69, 'textField', 'Text Field', 'test', NULL, NULL, '2026-02-13 10:49:00'),
(544, 70, 'textField', 'Text Field', NULL, NULL, NULL, '2026-02-13 11:31:43'),
(545, 71, 'textField', 'Text Field', 'test', NULL, NULL, '2026-02-13 11:32:40'),
(546, 72, 'employee_id', 'Adı Soyadı', '15430', NULL, NULL, '2026-03-12 13:08:03'),
(547, 72, 'responsibility_center_id', 'Önceki Birimi', '666', NULL, NULL, '2026-03-12 13:08:03'),
(548, 72, 'responsibility_center_id1', 'Yeni Birimi', '666', NULL, NULL, '2026-03-12 13:08:03'),
(549, 72, 'title_name', 'Önceki Ünvanı', 'UZMAN', NULL, NULL, '2026-03-12 13:08:03'),
(550, 72, 'title_name1', 'Yeni Ünvanı', 'UZMAN', NULL, NULL, '2026-03-12 13:08:03'),
(551, 72, 'oncekiUcret', 'Önceki Ücret', NULL, 0.0000, NULL, '2026-03-12 13:08:03'),
(552, 72, 'number1', 'Yeni Ücreti(Net)', NULL, 1.0000, NULL, '2026-03-12 13:08:03'),
(553, 72, 'birimDegisiklikNedeni', 'Birim Değişiklik Nedeni', 'test', NULL, NULL, '2026-03-12 13:08:03'),
(554, 72, 'unvanDegisiklikNedeni', 'Ünvan Değişiklik Nedeni', 'test', NULL, NULL, '2026-03-12 13:08:03'),
(555, 72, 'ucretDegisiklikNedeni', 'Ücret Değişiklik Nedeni', 'tes', NULL, NULL, '2026-03-12 13:08:03'),
(556, 72, 'gecerlilikTarihi', 'Geçerlilik Tarihi', NULL, NULL, '2026-03-12', '2026-03-12 13:08:03'),
(557, 73, 'employee_id', 'Adı Soyadı', '15430', NULL, NULL, '2026-03-12 13:18:59'),
(558, 73, 'responsibility_center_id', 'Önceki Birimi', '666', NULL, NULL, '2026-03-12 13:18:59'),
(559, 73, 'responsibility_center_id1', 'Yeni Birimi', '666', NULL, NULL, '2026-03-12 13:18:59'),
(560, 73, 'title_name', 'Önceki Ünvanı', 'UZMAN', NULL, NULL, '2026-03-12 13:18:59'),
(561, 73, 'title_name1', 'Yeni Ünvanı', 'UZMAN', NULL, NULL, '2026-03-12 13:18:59'),
(562, 73, 'oncekiUcret', 'Önceki Ücret', NULL, 0.0000, NULL, '2026-03-12 13:18:59'),
(563, 73, 'number1', 'Yeni Ücreti(Net)', NULL, 1.0000, NULL, '2026-03-12 13:18:59'),
(564, 73, 'birimDegisiklikNedeni', 'Birim Değişiklik Nedeni', 'test', NULL, NULL, '2026-03-12 13:18:59'),
(565, 73, 'unvanDegisiklikNedeni', 'Ünvan Değişiklik Nedeni', 'test', NULL, NULL, '2026-03-12 13:18:59'),
(566, 73, 'ucretDegisiklikNedeni', 'Ücret Değişiklik Nedeni', 'test', NULL, NULL, '2026-03-12 13:18:59'),
(567, 73, 'gecerlilikTarihi', 'Geçerlilik Tarihi', NULL, NULL, '2026-03-12', '2026-03-12 13:18:59');

-- --------------------------------------------------------

--
-- Tablo için tablo yapısı `form_templates`
--

CREATE TABLE `form_templates` (
  `id` bigint(20) UNSIGNED NOT NULL,
  `name` varchar(255) NOT NULL,
  `module_key` varchar(255) NOT NULL,
  `entity_type` varchar(255) DEFAULT NULL,
  `is_task_assignable` tinyint(1) NOT NULL DEFAULT 1,
  `paper_size` varchar(10) NOT NULL DEFAULT 'A4',
  `camunda_process_key` varchar(100) DEFAULT NULL,
  `camunda_approver_role` varchar(255) DEFAULT NULL,
  `camunda_approver_user_id` bigint(20) UNSIGNED DEFAULT NULL,
  `workflow_config` longtext CHARACTER SET utf8mb4 COLLATE utf8mb4_bin DEFAULT NULL CHECK (json_valid(`workflow_config`)),
  `camunda_enabled` tinyint(1) NOT NULL DEFAULT 0,
  `version` int(10) UNSIGNED NOT NULL DEFAULT 1,
  `status` varchar(255) NOT NULL DEFAULT 'draft',
  `schema_json` longtext NOT NULL,
  `created_by` bigint(20) UNSIGNED DEFAULT NULL,
  `created_at` timestamp NULL DEFAULT NULL,
  `updated_at` timestamp NULL DEFAULT NULL
) ENGINE=InnoDB DEFAULT CHARSET=utf8mb4 COLLATE=utf8mb4_unicode_ci;

--
-- Tablo döküm verisi `form_templates`
--

INSERT INTO `form_templates` (`id`, `name`, `module_key`, `entity_type`, `is_task_assignable`, `paper_size`, `camunda_process_key`, `camunda_approver_role`, `camunda_approver_user_id`, `workflow_config`, `camunda_enabled`, `version`, `status`, `schema_json`, `created_by`, `created_at`, `updated_at`) VALUES
(1, 'GÖREV VE ÜCRET DEĞİŞİKLİK FORMU', 'performance', 'performance', 0, 'A4', 'hr_gorev_ucret', NULL, NULL, '{\"satismuduru_approval\":{\"role\":\"satismuduru\",\"user_id\":\"726\"},\"hr_approval\":{\"role\":\"ik\",\"user_id\":\"801\"}}', 1, 58, 'active', '{\"components\":[{\"label\":\"Columns\",\"columns\":[{\"components\":[{\"html\":\"<figure class=\\\"image image-style-align-left image_resized\\\" style=\\\"width:28.29%;\\\"><img src=\\\"data:image/jpeg;base64,[BLOB]\\\"></figure>\",\"label\":\"Logo\",\"refreshOnChange\":false,\"key\":\"logo_block\",\"type\":\"content\",\"input\":false,\"tableView\":false}],\"width\":6,\"offset\":0,\"push\":0,\"pull\":0,\"size\":\"md\",\"currentWidth\":6},{\"components\":[{\"html\":\"<h4 style=\\\"text-align:center;\\\"><span class=\\\"text-huge\\\"><strong>GÖREV VE ÜCRET DEĞİŞİKLİK TALEP FORMU</strong></span></h4>\",\"label\":\"Label\",\"refreshOnChange\":true,\"key\":\"label_block2\",\"type\":\"content\",\"input\":false,\"tableView\":false}],\"width\":50,\"offset\":0,\"push\":0,\"pull\":0,\"size\":\"md\",\"currentWidth\":50}],\"key\":\"columns\",\"type\":\"columns\",\"input\":false,\"tableView\":false},{\"html\":\"<p style=\\\"text-align:center;\\\"><span class=\\\"text-big\\\"><strong>PERSONELİN</strong></span></p>\",\"label\":\"Label\",\"refreshOnChange\":false,\"key\":\"label_block\",\"type\":\"content\",\"input\":false,\"tableView\":false},{\"label\":\"Adı Soyadı\",\"labelPosition\":\"left-left\",\"widget\":\"choicesjs\",\"placeholder\":\"Personel Seçiniz\",\"tableView\":false,\"dataSrc\":\"url\",\"data\":{\"url\":\"http://192.168.1.200/admin/assignments/employees\",\"headers\":[{\"key\":\"\",\"value\":\"\"}]},\"valueProperty\":\"id\",\"template\":\"{{ item.name }} ({{ item.dept_name || \\\"-\\\" }})\",\"validate\":{\"required\":true},\"validateWhenHidden\":false,\"key\":\"employee_id\",\"type\":\"select\",\"labelWidth\":10,\"labelMargin\":1,\"selectValues\":\"data\",\"disableLimit\":false,\"noRefreshOnScroll\":false,\"input\":true},{\"html\":\"<p style=\\\"text-align:center;\\\"><span class=\\\"text-big\\\"><strong>GÖREV ve ÜCRET BİLGİLERİ</strong></span></p>\",\"label\":\"Label\",\"refreshOnChange\":true,\"key\":\"label_block1\",\"type\":\"content\",\"input\":false,\"tableView\":false},{\"label\":\"Table\",\"cellAlignment\":\"left\",\"striped\":true,\"bordered\":true,\"condensed\":true,\"key\":\"table\",\"conditional\":{\"show\":true},\"cellSizes\":[{\"row\":1,\"col\":2,\"width\":300,\"height\":60},{\"row\":2,\"col\":1,\"width\":300,\"height\":60},{\"row\":2,\"col\":2,\"width\":300,\"height\":60},{\"row\":3,\"col\":1,\"width\":300,\"height\":60},{\"row\":3,\"col\":2,\"width\":300,\"height\":60},{\"row\":1,\"col\":1,\"width\":300,\"height\":60}],\"type\":\"table\",\"numCols\":2,\"input\":false,\"tableView\":false,\"rows\":[[{\"components\":[{\"label\":\"Önceki Birimi\",\"labelPosition\":\"left-left\",\"widget\":\"choicesjs\",\"customClass\":\".rc-wide {   width: 600px !important; }\",\"tableView\":true,\"dataSrc\":\"url\",\"data\":{\"url\":\"http://192.168.1.200/admin/assignments/responsibility-centers\",\"headers\":[[]]},\"valueProperty\":\"value\",\"template\":\"{{ item.label }}\",\"validate\":{\"required\":true},\"validateWhenHidden\":false,\"key\":\"responsibility_center_id\",\"type\":\"select\",\"labelWidth\":14,\"labelMargin\":1,\"lazyLoad\":false,\"selectValues\":\"data\",\"disableLimit\":false,\"noRefreshOnScroll\":false,\"input\":true}]},{\"components\":[{\"label\":\"Yeni Birimi\",\"labelPosition\":\"left-left\",\"widget\":\"choicesjs\",\"tableView\":true,\"dataSrc\":\"url\",\"data\":{\"url\":\"http://192.168.1.200/admin/assignments/responsibility-centers\",\"headers\":[[]]},\"valueProperty\":\"value\",\"template\":\"{{ item.label }}\",\"validate\":{\"required\":true},\"validateWhenHidden\":false,\"key\":\"responsibility_center_id1\",\"type\":\"select\",\"selectValues\":\"data\",\"disableLimit\":false,\"noRefreshOnScroll\":false,\"input\":true,\"labelWidth\":14,\"labelMargin\":1}]}],[{\"components\":[{\"label\":\"Önceki Ünvanı\",\"labelPosition\":\"left-left\",\"widget\":\"choicesjs\",\"tableView\":true,\"dataSrc\":\"url\",\"data\":{\"url\":\"http://192.168.1.200/admin/assignments/employee-titles\",\"headers\":[[]]},\"valueProperty\":\"value\",\"template\":\"{{ item.label }}\",\"validate\":{\"required\":true},\"validateWhenHidden\":false,\"key\":\"title_name\",\"type\":\"select\",\"selectValues\":\"data\",\"disableLimit\":false,\"noRefreshOnScroll\":false,\"input\":true,\"labelWidth\":14,\"labelMargin\":1}]},{\"components\":[{\"label\":\"Yeni Ünvanı\",\"labelPosition\":\"left-left\",\"widget\":\"choicesjs\",\"tableView\":true,\"dataSrc\":\"url\",\"data\":{\"url\":\"http://192.168.1.200/admin/assignments/employee-titles\",\"headers\":[[]]},\"valueProperty\":\"value\",\"template\":\"{{ item.label }}\",\"validate\":{\"required\":true},\"validateWhenHidden\":false,\"key\":\"title_name1\",\"type\":\"select\",\"selectValues\":\"data\",\"disableLimit\":false,\"noRefreshOnScroll\":false,\"input\":true,\"labelWidth\":10,\"labelMargin\":1}]}],[{\"components\":[{\"label\":\"Önceki Ücret\",\"labelPosition\":\"left-left\",\"suffix\":\"TL\",\"applyMaskOn\":\"change\",\"mask\":false,\"tableView\":false,\"delimiter\":false,\"requireDecimal\":false,\"inputFormat\":\"plain\",\"truncateMultipleSpaces\":false,\"validate\":{\"required\":true},\"validateWhenHidden\":false,\"key\":\"oncekiUcret\",\"type\":\"number\",\"input\":true,\"labelWidth\":14,\"labelMargin\":1}]},{\"components\":[{\"label\":\"Yeni Ücreti(Net)\",\"labelPosition\":\"left-left\",\"suffix\":\"TL\",\"displayMask\":\"Yeni Ücret Yazınız.\",\"applyMaskOn\":\"change\",\"mask\":false,\"tableView\":false,\"delimiter\":false,\"requireDecimal\":false,\"inputFormat\":\"plain\",\"truncateMultipleSpaces\":false,\"validate\":{\"required\":true},\"validateWhenHidden\":false,\"key\":\"number1\",\"type\":\"number\",\"input\":true,\"labelWidth\":14,\"labelMargin\":1}]}]]},{\"label\":\"Columns\",\"columns\":[{\"components\":[{\"label\":\"Birim Değişiklik Nedeni\",\"labelPosition\":\"left-left\",\"applyMaskOn\":\"change\",\"tableView\":true,\"validate\":{\"required\":true},\"validateWhenHidden\":false,\"key\":\"birimDegisiklikNedeni\",\"type\":\"textfield\",\"labelWidth\":20,\"labelMargin\":1,\"input\":true}],\"width\":50,\"offset\":0,\"push\":0,\"pull\":0,\"size\":\"md\",\"currentWidth\":50},{\"components\":[{\"label\":\"Ünvan Değişiklik Nedeni\",\"labelPosition\":\"left-left\",\"applyMaskOn\":\"change\",\"tableView\":true,\"validate\":{\"required\":true},\"validateWhenHidden\":false,\"key\":\"unvanDegisiklikNedeni\",\"type\":\"textfield\",\"labelWidth\":20,\"labelMargin\":1,\"input\":true}],\"width\":50,\"offset\":0,\"push\":0,\"pull\":0,\"size\":\"md\",\"currentWidth\":50},{\"components\":[{\"label\":\"Ücret Değişiklik Nedeni\",\"labelPosition\":\"left-left\",\"applyMaskOn\":\"change\",\"tableView\":true,\"validate\":{\"required\":true},\"validateWhenHidden\":false,\"key\":\"ucretDegisiklikNedeni\",\"type\":\"textfield\",\"labelWidth\":19,\"labelMargin\":1,\"input\":true}],\"size\":\"md\",\"width\":50,\"currentWidth\":50},{\"components\":[{\"label\":\"Geçerlilik Tarihi\",\"labelPosition\":\"left-left\",\"format\":\"dd-MM-yyyy hh:mm a\",\"tableView\":false,\"datePicker\":{\"disableWeekends\":false,\"disableWeekdays\":false},\"validate\":{\"required\":true},\"enableMinDateInput\":false,\"enableMaxDateInput\":false,\"validateWhenHidden\":false,\"key\":\"gecerlilikTarihi\",\"type\":\"datetime\",\"labelWidth\":20,\"labelMargin\":1,\"input\":true,\"widget\":{\"type\":\"calendar\",\"displayInTimezone\":\"viewer\",\"locale\":\"en\",\"useLocaleSettings\":false,\"allowInput\":true,\"mode\":\"single\",\"enableTime\":true,\"noCalendar\":false,\"format\":\"dd-MM-yyyy hh:mm a\",\"hourIncrement\":1,\"minuteIncrement\":1,\"time_24hr\":false,\"minDate\":null,\"disableWeekends\":false,\"disableWeekdays\":false,\"maxDate\":null}}],\"size\":\"md\",\"width\":50,\"currentWidth\":50}],\"key\":\"columns1\",\"type\":\"columns\",\"input\":false,\"tableView\":false}]}', 464, '2026-01-19 13:32:51', '2026-02-12 11:44:55');
INSERT INTO `form_templates` (`id`, `name`, `module_key`, `entity_type`, `is_task_assignable`, `paper_size`, `camunda_process_key`, `camunda_approver_role`, `camunda_approver_user_id`, `workflow_config`, `camunda_enabled`, `version`, `status`, `schema_json`, `created_by`, `created_at`, `updated_at`) VALUES
(2, 'TEST - FORM', 'forms', NULL, 0, 'A4', 'timer_approval_test', NULL, NULL, '{\"timer_approval_task\":{\"role\":\"ik\",\"user_id\":\"\"},\"Boundary_Timer_1\":{\"type\":\"timer\",\"timer_definition_type\":\"timeDuration\",\"timer_variable\":\"timer_approval_timeout\",\"timer_value\":\"PT10M\"}}', 1, 7, 'archived', '{\"components\":[{\"label\":\"Text Field\",\"placeholder\":\"test\",\"applyMaskOn\":\"change\",\"tableView\":true,\"validateWhenHidden\":false,\"key\":\"textField\",\"type\":\"textfield\",\"input\":true},{\"type\":\"button\",\"label\":\"Submit\",\"key\":\"submit\",\"disableOnInvalid\":true,\"input\":true,\"tableView\":false}]}', 464, '2026-02-13 06:32:59', '2026-02-25 09:00:26'),
(4, 'TEST - PARALEL', 'forms', NULL, 0, 'A4', 'parallel_approval', NULL, NULL, '{\"parallel_task_a\":{\"role\":\"admin\",\"user_id\":\"\"},\"parallel_task_b\":{\"role\":\"ik\",\"user_id\":\"\"}}', 1, 2, 'archived', '{\"components\":[{\"label\":\"Text Field\",\"placeholder\":\"test\",\"applyMaskOn\":\"change\",\"tableView\":true,\"validateWhenHidden\":false,\"key\":\"textField\",\"type\":\"textfield\",\"input\":true},{\"type\":\"button\",\"label\":\"Submit\",\"key\":\"submit\",\"disableOnInvalid\":true,\"input\":true,\"tableView\":false}]}', 464, '2026-02-13 07:34:44', '2026-02-25 09:00:25'),
(5, 'TEST - CİFT', 'forms', NULL, 0, 'A4', 'two_role_mandatory_approval', NULL, NULL, '{\"role_a_approval\":{\"role\":\"ik\",\"user_id\":\"\"},\"role_b_approval\":{\"role\":\"satismuduru\",\"user_id\":\"\"}}', 1, 2, 'archived', '{\"components\":[{\"label\":\"Text Field\",\"placeholder\":\"test\",\"applyMaskOn\":\"change\",\"tableView\":true,\"validateWhenHidden\":false,\"key\":\"textField\",\"type\":\"textfield\",\"input\":true},{\"type\":\"button\",\"label\":\"Submit\",\"key\":\"submit\",\"disableOnInvalid\":true,\"input\":true,\"tableView\":false}]}', 464, '2026-02-13 07:35:43', '2026-02-25 09:00:21');

-- --------------------------------------------------------

--
-- Tablo için tablo yapısı `form_template_versions`
--

